{"id":18839,"date":"2025-08-30T13:36:27","date_gmt":"2025-08-30T11:36:27","guid":{"rendered":"https:\/\/hexagodis.com\/?post_type=product&#038;p=18839"},"modified":"2025-08-30T13:36:32","modified_gmt":"2025-08-30T11:36:32","slug":"acer-swift-x-16-sfx16-51g-58gv","status":"publish","type":"product","link":"https:\/\/hexagodis.com\/index.php\/produit\/acer-swift-x-16-sfx16-51g-58gv\/","title":{"rendered":"Acer Swift X 16 SFX16-51G-58GV"},"content":{"rendered":"<p class=\"mb-4 d-none d-md-block text-justify\">Le PC Portable Acer Swift X 16 SFX16-51G-58GV est id\u00e9al pour tous les professionnels en qu\u00eate d&rsquo;une machine performante ne faisant aucune concession sur le confort et la robustesse. Gr\u00e2ce \u00e0 son ch\u00e2ssis fin tout en m\u00e9tal, \u00e0 ses composants performants et son autonomie longue dur\u00e9e, le Swift X 16 SFX16 vous offre toute la puissance dont vous avez besoin, parfaitement adapt\u00e9 pour le travail, le divertissement multim\u00e9dia et m\u00eame le jeu occasionnel !<\/p>\n<div class=\"row align-items-center justify-content-center justify-content-lg-start my-3\">\n<div class=\"col-auto\">\n<div class=\"d-flex align-items-end\"><\/div>\n<\/div>\n<\/div>\n","protected":false},"excerpt":{"rendered":"<div class=\"col-12 col-md-9\">\n<h2 class=\"c-product__specs\">Multim\u00e9dia, 16&Prime;, IPS, Full HD, Core i5-11320H, RTX 3050, RAM 16 Go, SSD 512 Go, Windows 11 Famille, 1,90 kg<\/h2>\n<\/div>\n<div class=\"d-none d-md-block col-md-3\"><\/div>\n","protected":false},"featured_media":18863,"comment_status":"closed","ping_status":"closed","template":"","meta":[],"product_brand":[],"product_cat":[279,280],"product_tag":[],"class_list":{"0":"post-18839","1":"product","2":"type-product","3":"status-publish","4":"has-post-thumbnail","6":"product_cat-informatique","7":"product_cat-ordinateur-portable","9":"first","10":"instock","11":"taxable","12":"shipping-taxable","13":"purchasable","14":"product-type-simple"},"yoast_head":"<!-- This site is optimized with the Yoast SEO plugin v24.8.1 - https:\/\/yoast.com\/wordpress\/plugins\/seo\/ -->\n<title>Acer Swift X 16 SFX16-51G-58GV - Hexagodis<\/title>\n<meta name=\"robots\" content=\"index, follow, max-snippet:-1, max-image-preview:large, max-video-preview:-1\" \/>\n<link rel=\"canonical\" href=\"https:\/\/hexagodis.com\/index.php\/produit\/acer-swift-x-16-sfx16-51g-58gv\/\" \/>\n<meta property=\"og:locale\" content=\"fr_FR\" \/>\n<meta property=\"og:type\" content=\"article\" \/>\n<meta property=\"og:title\" content=\"Acer Swift X 16 SFX16-51G-58GV - Hexagodis\" \/>\n<meta property=\"og:description\" content=\"Multim\u00e9dia, 16&quot;, IPS, Full HD, Core i5-11320H, RTX 3050, RAM 16 Go, SSD 512 Go, Windows 11 Famille, 1,90 kg\" \/>\n<meta property=\"og:url\" content=\"https:\/\/hexagodis.com\/index.php\/produit\/acer-swift-x-16-sfx16-51g-58gv\/\" \/>\n<meta property=\"og:site_name\" content=\"Hexagodis\" \/>\n<meta property=\"article:modified_time\" content=\"2025-08-30T11:36:32+00:00\" \/>\n<meta name=\"twitter:card\" content=\"summary_large_image\" \/>\n<script type=\"application\/ld+json\" class=\"yoast-schema-graph\">{\"@context\":\"https:\/\/schema.org\",\"@graph\":[{\"@type\":\"WebPage\",\"@id\":\"https:\/\/hexagodis.com\/index.php\/produit\/acer-swift-x-16-sfx16-51g-58gv\/\",\"url\":\"https:\/\/hexagodis.com\/index.php\/produit\/acer-swift-x-16-sfx16-51g-58gv\/\",\"name\":\"Acer Swift X 16 SFX16-51G-58GV - Hexagodis\",\"isPartOf\":{\"@id\":\"https:\/\/hexagodis.com\/#website\"},\"primaryImageOfPage\":{\"@id\":\"https:\/\/hexagodis.com\/index.php\/produit\/acer-swift-x-16-sfx16-51g-58gv\/#primaryimage\"},\"image\":{\"@id\":\"https:\/\/hexagodis.com\/index.php\/produit\/acer-swift-x-16-sfx16-51g-58gv\/#primaryimage\"},\"thumbnailUrl\":\"https:\/\/hexagodis.com\/wp-content\/uploads\/2025\/08\/MN0006054515.jpg\",\"datePublished\":\"2025-08-30T11:36:27+00:00\",\"dateModified\":\"2025-08-30T11:36:32+00:00\",\"breadcrumb\":{\"@id\":\"https:\/\/hexagodis.com\/index.php\/produit\/acer-swift-x-16-sfx16-51g-58gv\/#breadcrumb\"},\"inLanguage\":\"fr-FR\",\"potentialAction\":[{\"@type\":\"ReadAction\",\"target\":[\"https:\/\/hexagodis.com\/index.php\/produit\/acer-swift-x-16-sfx16-51g-58gv\/\"]}]},{\"@type\":\"ImageObject\",\"inLanguage\":\"fr-FR\",\"@id\":\"https:\/\/hexagodis.com\/index.php\/produit\/acer-swift-x-16-sfx16-51g-58gv\/#primaryimage\",\"url\":\"https:\/\/hexagodis.com\/wp-content\/uploads\/2025\/08\/MN0006054515.jpg\",\"contentUrl\":\"https:\/\/hexagodis.com\/wp-content\/uploads\/2025\/08\/MN0006054515.jpg\",\"width\":550,\"height\":550},{\"@type\":\"BreadcrumbList\",\"@id\":\"https:\/\/hexagodis.com\/index.php\/produit\/acer-swift-x-16-sfx16-51g-58gv\/#breadcrumb\",\"itemListElement\":[{\"@type\":\"ListItem\",\"position\":1,\"name\":\"Accueil\",\"item\":\"https:\/\/hexagodis.com\/\"},{\"@type\":\"ListItem\",\"position\":2,\"name\":\"Boutique\",\"item\":\"https:\/\/hexagodis.com\/index.php\/boutique\/\"},{\"@type\":\"ListItem\",\"position\":3,\"name\":\"Acer Swift X 16 SFX16-51G-58GV\"}]},{\"@type\":\"WebSite\",\"@id\":\"https:\/\/hexagodis.com\/#website\",\"url\":\"https:\/\/hexagodis.com\/\",\"name\":\"Hexagodis\",\"description\":\"Mat\u00e9riel de sport &amp; \u00e9quipement sportif\",\"potentialAction\":[{\"@type\":\"SearchAction\",\"target\":{\"@type\":\"EntryPoint\",\"urlTemplate\":\"https:\/\/hexagodis.com\/?s={search_term_string}\"},\"query-input\":{\"@type\":\"PropertyValueSpecification\",\"valueRequired\":true,\"valueName\":\"search_term_string\"}}],\"inLanguage\":\"fr-FR\"}]}<\/script>\n<!-- \/ Yoast SEO plugin. -->","yoast_head_json":{"title":"Acer Swift X 16 SFX16-51G-58GV - Hexagodis","robots":{"index":"index","follow":"follow","max-snippet":"max-snippet:-1","max-image-preview":"max-image-preview:large","max-video-preview":"max-video-preview:-1"},"canonical":"https:\/\/hexagodis.com\/index.php\/produit\/acer-swift-x-16-sfx16-51g-58gv\/","og_locale":"fr_FR","og_type":"article","og_title":"Acer Swift X 16 SFX16-51G-58GV - Hexagodis","og_description":"Multim\u00e9dia, 16\", IPS, Full HD, Core i5-11320H, RTX 3050, RAM 16 Go, SSD 512 Go, Windows 11 Famille, 1,90 kg","og_url":"https:\/\/hexagodis.com\/index.php\/produit\/acer-swift-x-16-sfx16-51g-58gv\/","og_site_name":"Hexagodis","article_modified_time":"2025-08-30T11:36:32+00:00","twitter_card":"summary_large_image","schema":{"@context":"https:\/\/schema.org","@graph":[{"@type":"WebPage","@id":"https:\/\/hexagodis.com\/index.php\/produit\/acer-swift-x-16-sfx16-51g-58gv\/","url":"https:\/\/hexagodis.com\/index.php\/produit\/acer-swift-x-16-sfx16-51g-58gv\/","name":"Acer Swift X 16 SFX16-51G-58GV - Hexagodis","isPartOf":{"@id":"https:\/\/hexagodis.com\/#website"},"primaryImageOfPage":{"@id":"https:\/\/hexagodis.com\/index.php\/produit\/acer-swift-x-16-sfx16-51g-58gv\/#primaryimage"},"image":{"@id":"https:\/\/hexagodis.com\/index.php\/produit\/acer-swift-x-16-sfx16-51g-58gv\/#primaryimage"},"thumbnailUrl":"https:\/\/hexagodis.com\/wp-content\/uploads\/2025\/08\/MN0006054515.jpg","datePublished":"2025-08-30T11:36:27+00:00","dateModified":"2025-08-30T11:36:32+00:00","breadcrumb":{"@id":"https:\/\/hexagodis.com\/index.php\/produit\/acer-swift-x-16-sfx16-51g-58gv\/#breadcrumb"},"inLanguage":"fr-FR","potentialAction":[{"@type":"ReadAction","target":["https:\/\/hexagodis.com\/index.php\/produit\/acer-swift-x-16-sfx16-51g-58gv\/"]}]},{"@type":"ImageObject","inLanguage":"fr-FR","@id":"https:\/\/hexagodis.com\/index.php\/produit\/acer-swift-x-16-sfx16-51g-58gv\/#primaryimage","url":"https:\/\/hexagodis.com\/wp-content\/uploads\/2025\/08\/MN0006054515.jpg","contentUrl":"https:\/\/hexagodis.com\/wp-content\/uploads\/2025\/08\/MN0006054515.jpg","width":550,"height":550},{"@type":"BreadcrumbList","@id":"https:\/\/hexagodis.com\/index.php\/produit\/acer-swift-x-16-sfx16-51g-58gv\/#breadcrumb","itemListElement":[{"@type":"ListItem","position":1,"name":"Accueil","item":"https:\/\/hexagodis.com\/"},{"@type":"ListItem","position":2,"name":"Boutique","item":"https:\/\/hexagodis.com\/index.php\/boutique\/"},{"@type":"ListItem","position":3,"name":"Acer Swift X 16 SFX16-51G-58GV"}]},{"@type":"WebSite","@id":"https:\/\/hexagodis.com\/#website","url":"https:\/\/hexagodis.com\/","name":"Hexagodis","description":"Mat\u00e9riel de sport &amp; \u00e9quipement sportif","potentialAction":[{"@type":"SearchAction","target":{"@type":"EntryPoint","urlTemplate":"https:\/\/hexagodis.com\/?s={search_term_string}"},"query-input":{"@type":"PropertyValueSpecification","valueRequired":true,"valueName":"search_term_string"}}],"inLanguage":"fr-FR"}]}},"_links":{"self":[{"href":"https:\/\/hexagodis.com\/index.php\/wp-json\/wp\/v2\/product\/18839","targetHints":{"allow":["GET"]}}],"collection":[{"href":"https:\/\/hexagodis.com\/index.php\/wp-json\/wp\/v2\/product"}],"about":[{"href":"https:\/\/hexagodis.com\/index.php\/wp-json\/wp\/v2\/types\/product"}],"replies":[{"embeddable":true,"href":"https:\/\/hexagodis.com\/index.php\/wp-json\/wp\/v2\/comments?post=18839"}],"version-history":[{"count":1,"href":"https:\/\/hexagodis.com\/index.php\/wp-json\/wp\/v2\/product\/18839\/revisions"}],"predecessor-version":[{"id":18864,"href":"https:\/\/hexagodis.com\/index.php\/wp-json\/wp\/v2\/product\/18839\/revisions\/18864"}],"wp:featuredmedia":[{"embeddable":true,"href":"https:\/\/hexagodis.com\/index.php\/wp-json\/wp\/v2\/media\/18863"}],"wp:attachment":[{"href":"https:\/\/hexagodis.com\/index.php\/wp-json\/wp\/v2\/media?parent=18839"}],"wp:term":[{"taxonomy":"product_brand","embeddable":true,"href":"https:\/\/hexagodis.com\/index.php\/wp-json\/wp\/v2\/product_brand?post=18839"},{"taxonomy":"product_cat","embeddable":true,"href":"https:\/\/hexagodis.com\/index.php\/wp-json\/wp\/v2\/product_cat?post=18839"},{"taxonomy":"product_tag","embeddable":true,"href":"https:\/\/hexagodis.com\/index.php\/wp-json\/wp\/v2\/product_tag?post=18839"}],"curies":[{"name":"wp","href":"https:\/\/api.w.org\/{rel}","templated":true}]}}