{"id":18365,"date":"2025-08-30T13:00:28","date_gmt":"2025-08-30T11:00:28","guid":{"rendered":"https:\/\/hexagodis.com\/?post_type=product&#038;p=18365"},"modified":"2025-08-30T13:00:45","modified_gmt":"2025-08-30T11:00:45","slug":"htc-vive-cosmos-cosmos-blue","status":"publish","type":"product","link":"https:\/\/hexagodis.com\/index.php\/produit\/htc-vive-cosmos-cosmos-blue\/","title":{"rendered":"HTC VIVE Cosmos (Cosmos, Blue)"},"content":{"rendered":"<p>Marque HTC<\/p>\n<p>Couleur Blue<\/p>\n<p>Caract\u00e9ristique sp\u00e9ciale USB<\/p>\n<p>Technologie de connectivit\u00e9 USB<\/p>\n<p>Composants inclus Sangle de t\u00eate<\/p>\n<p>Appareils compatibles Ordinateur personnel<\/p>\n<p>Usages sp\u00e9cifiques pour le produit Jeux vid\u00e9o<\/p>\n<p>Dimensions de l&rsquo;article L x l x H 16 x 21 x 8.8 centim\u00e8tres<\/p>\n<p>Syst\u00e8me d&rsquo;exploitation Windows<\/p>\n<p>Champ de vision 110<\/p>\n<p>Casque|r\u00e9alit\u00e9 virtuelle|haute r\u00e9solution<\/p>\n<p>HTC Vive Cosmos est un casque de VR avec six cam\u00e9ras \u00e0 capteurs qui apporte un tra\u00e7age int\u00e9rieur et ext\u00e9rieur pr\u00e9cis. L&rsquo;appareil estf acile \u00e0 installer gr\u00e2ce \u00e0 une portabilit\u00e9 plug-and-play.<\/p>\n<p>Origine: Taiwan<\/p>\n<p>Marque \u200eHTC<\/p>\n<p>Couleur \u200eBlue<\/p>\n<p>Type de produit \u200eFlip<\/p>\n<p>Syst\u00e8me d&rsquo;exploitation \u200eWindows<\/p>\n<p>Ecran \u200e3.4 Pouces<\/p>\n<p>Connexions \u200eUSB<\/p>\n<p>Distance focale \u200eUsb 3.0<\/p>\n<p>Caract\u00e9ristiques sp\u00e9ciales \u200eUSB<\/p>\n","protected":false},"excerpt":{"rendered":"<p>Marque HTC Couleur Blue Caract\u00e9ristique sp\u00e9ciale USB Technologie de connectivit\u00e9 USB Composants inclus Sangle de t\u00eate Appareils compatibles Ordinateur personnel<\/p>\n","protected":false},"featured_media":18396,"comment_status":"closed","ping_status":"closed","template":"","meta":[],"product_brand":[],"product_cat":[259,262],"product_tag":[],"class_list":{"0":"post-18365","1":"product","2":"type-product","3":"status-publish","4":"has-post-thumbnail","6":"product_cat-consoles-jeux-videos","7":"product_cat-gaming","9":"first","10":"instock","11":"taxable","12":"shipping-taxable","13":"purchasable","14":"product-type-simple"},"yoast_head":"<!-- This site is optimized with the Yoast SEO plugin v24.8.1 - https:\/\/yoast.com\/wordpress\/plugins\/seo\/ -->\n<title>HTC VIVE Cosmos (Cosmos, Blue) - Hexagodis<\/title>\n<meta name=\"robots\" content=\"index, follow, max-snippet:-1, max-image-preview:large, max-video-preview:-1\" \/>\n<link rel=\"canonical\" href=\"https:\/\/hexagodis.com\/index.php\/produit\/htc-vive-cosmos-cosmos-blue\/\" \/>\n<meta property=\"og:locale\" content=\"fr_FR\" \/>\n<meta property=\"og:type\" content=\"article\" \/>\n<meta property=\"og:title\" content=\"HTC VIVE Cosmos (Cosmos, Blue) - Hexagodis\" \/>\n<meta property=\"og:description\" content=\"Marque HTC Couleur Blue Caract\u00e9ristique sp\u00e9ciale USB Technologie de connectivit\u00e9 USB Composants inclus Sangle de t\u00eate Appareils compatibles Ordinateur personnel\" \/>\n<meta property=\"og:url\" content=\"https:\/\/hexagodis.com\/index.php\/produit\/htc-vive-cosmos-cosmos-blue\/\" \/>\n<meta property=\"og:site_name\" content=\"Hexagodis\" \/>\n<meta property=\"article:modified_time\" content=\"2025-08-30T11:00:45+00:00\" \/>\n<meta name=\"twitter:card\" content=\"summary_large_image\" \/>\n<meta name=\"twitter:label1\" content=\"Dur\u00e9e de lecture estim\u00e9e\" \/>\n\t<meta name=\"twitter:data1\" content=\"1 minute\" \/>\n<script type=\"application\/ld+json\" class=\"yoast-schema-graph\">{\"@context\":\"https:\/\/schema.org\",\"@graph\":[{\"@type\":\"WebPage\",\"@id\":\"https:\/\/hexagodis.com\/index.php\/produit\/htc-vive-cosmos-cosmos-blue\/\",\"url\":\"https:\/\/hexagodis.com\/index.php\/produit\/htc-vive-cosmos-cosmos-blue\/\",\"name\":\"HTC VIVE Cosmos (Cosmos, Blue) - Hexagodis\",\"isPartOf\":{\"@id\":\"https:\/\/hexagodis.com\/#website\"},\"primaryImageOfPage\":{\"@id\":\"https:\/\/hexagodis.com\/index.php\/produit\/htc-vive-cosmos-cosmos-blue\/#primaryimage\"},\"image\":{\"@id\":\"https:\/\/hexagodis.com\/index.php\/produit\/htc-vive-cosmos-cosmos-blue\/#primaryimage\"},\"thumbnailUrl\":\"https:\/\/hexagodis.com\/wp-content\/uploads\/2025\/08\/401-large_default.jpg\",\"datePublished\":\"2025-08-30T11:00:28+00:00\",\"dateModified\":\"2025-08-30T11:00:45+00:00\",\"breadcrumb\":{\"@id\":\"https:\/\/hexagodis.com\/index.php\/produit\/htc-vive-cosmos-cosmos-blue\/#breadcrumb\"},\"inLanguage\":\"fr-FR\",\"potentialAction\":[{\"@type\":\"ReadAction\",\"target\":[\"https:\/\/hexagodis.com\/index.php\/produit\/htc-vive-cosmos-cosmos-blue\/\"]}]},{\"@type\":\"ImageObject\",\"inLanguage\":\"fr-FR\",\"@id\":\"https:\/\/hexagodis.com\/index.php\/produit\/htc-vive-cosmos-cosmos-blue\/#primaryimage\",\"url\":\"https:\/\/hexagodis.com\/wp-content\/uploads\/2025\/08\/401-large_default.jpg\",\"contentUrl\":\"https:\/\/hexagodis.com\/wp-content\/uploads\/2025\/08\/401-large_default.jpg\",\"width\":800,\"height\":800},{\"@type\":\"BreadcrumbList\",\"@id\":\"https:\/\/hexagodis.com\/index.php\/produit\/htc-vive-cosmos-cosmos-blue\/#breadcrumb\",\"itemListElement\":[{\"@type\":\"ListItem\",\"position\":1,\"name\":\"Accueil\",\"item\":\"https:\/\/hexagodis.com\/\"},{\"@type\":\"ListItem\",\"position\":2,\"name\":\"Boutique\",\"item\":\"https:\/\/hexagodis.com\/index.php\/boutique\/\"},{\"@type\":\"ListItem\",\"position\":3,\"name\":\"HTC VIVE Cosmos (Cosmos, Blue)\"}]},{\"@type\":\"WebSite\",\"@id\":\"https:\/\/hexagodis.com\/#website\",\"url\":\"https:\/\/hexagodis.com\/\",\"name\":\"Hexagodis\",\"description\":\"Mat\u00e9riel de sport &amp; \u00e9quipement sportif\",\"potentialAction\":[{\"@type\":\"SearchAction\",\"target\":{\"@type\":\"EntryPoint\",\"urlTemplate\":\"https:\/\/hexagodis.com\/?s={search_term_string}\"},\"query-input\":{\"@type\":\"PropertyValueSpecification\",\"valueRequired\":true,\"valueName\":\"search_term_string\"}}],\"inLanguage\":\"fr-FR\"}]}<\/script>\n<!-- \/ Yoast SEO plugin. -->","yoast_head_json":{"title":"HTC VIVE Cosmos (Cosmos, Blue) - Hexagodis","robots":{"index":"index","follow":"follow","max-snippet":"max-snippet:-1","max-image-preview":"max-image-preview:large","max-video-preview":"max-video-preview:-1"},"canonical":"https:\/\/hexagodis.com\/index.php\/produit\/htc-vive-cosmos-cosmos-blue\/","og_locale":"fr_FR","og_type":"article","og_title":"HTC VIVE Cosmos (Cosmos, Blue) - Hexagodis","og_description":"Marque HTC Couleur Blue Caract\u00e9ristique sp\u00e9ciale USB Technologie de connectivit\u00e9 USB Composants inclus Sangle de t\u00eate Appareils compatibles Ordinateur personnel","og_url":"https:\/\/hexagodis.com\/index.php\/produit\/htc-vive-cosmos-cosmos-blue\/","og_site_name":"Hexagodis","article_modified_time":"2025-08-30T11:00:45+00:00","twitter_card":"summary_large_image","twitter_misc":{"Dur\u00e9e de lecture estim\u00e9e":"1 minute"},"schema":{"@context":"https:\/\/schema.org","@graph":[{"@type":"WebPage","@id":"https:\/\/hexagodis.com\/index.php\/produit\/htc-vive-cosmos-cosmos-blue\/","url":"https:\/\/hexagodis.com\/index.php\/produit\/htc-vive-cosmos-cosmos-blue\/","name":"HTC VIVE Cosmos (Cosmos, Blue) - Hexagodis","isPartOf":{"@id":"https:\/\/hexagodis.com\/#website"},"primaryImageOfPage":{"@id":"https:\/\/hexagodis.com\/index.php\/produit\/htc-vive-cosmos-cosmos-blue\/#primaryimage"},"image":{"@id":"https:\/\/hexagodis.com\/index.php\/produit\/htc-vive-cosmos-cosmos-blue\/#primaryimage"},"thumbnailUrl":"https:\/\/hexagodis.com\/wp-content\/uploads\/2025\/08\/401-large_default.jpg","datePublished":"2025-08-30T11:00:28+00:00","dateModified":"2025-08-30T11:00:45+00:00","breadcrumb":{"@id":"https:\/\/hexagodis.com\/index.php\/produit\/htc-vive-cosmos-cosmos-blue\/#breadcrumb"},"inLanguage":"fr-FR","potentialAction":[{"@type":"ReadAction","target":["https:\/\/hexagodis.com\/index.php\/produit\/htc-vive-cosmos-cosmos-blue\/"]}]},{"@type":"ImageObject","inLanguage":"fr-FR","@id":"https:\/\/hexagodis.com\/index.php\/produit\/htc-vive-cosmos-cosmos-blue\/#primaryimage","url":"https:\/\/hexagodis.com\/wp-content\/uploads\/2025\/08\/401-large_default.jpg","contentUrl":"https:\/\/hexagodis.com\/wp-content\/uploads\/2025\/08\/401-large_default.jpg","width":800,"height":800},{"@type":"BreadcrumbList","@id":"https:\/\/hexagodis.com\/index.php\/produit\/htc-vive-cosmos-cosmos-blue\/#breadcrumb","itemListElement":[{"@type":"ListItem","position":1,"name":"Accueil","item":"https:\/\/hexagodis.com\/"},{"@type":"ListItem","position":2,"name":"Boutique","item":"https:\/\/hexagodis.com\/index.php\/boutique\/"},{"@type":"ListItem","position":3,"name":"HTC VIVE Cosmos (Cosmos, Blue)"}]},{"@type":"WebSite","@id":"https:\/\/hexagodis.com\/#website","url":"https:\/\/hexagodis.com\/","name":"Hexagodis","description":"Mat\u00e9riel de sport &amp; \u00e9quipement sportif","potentialAction":[{"@type":"SearchAction","target":{"@type":"EntryPoint","urlTemplate":"https:\/\/hexagodis.com\/?s={search_term_string}"},"query-input":{"@type":"PropertyValueSpecification","valueRequired":true,"valueName":"search_term_string"}}],"inLanguage":"fr-FR"}]}},"_links":{"self":[{"href":"https:\/\/hexagodis.com\/index.php\/wp-json\/wp\/v2\/product\/18365","targetHints":{"allow":["GET"]}}],"collection":[{"href":"https:\/\/hexagodis.com\/index.php\/wp-json\/wp\/v2\/product"}],"about":[{"href":"https:\/\/hexagodis.com\/index.php\/wp-json\/wp\/v2\/types\/product"}],"replies":[{"embeddable":true,"href":"https:\/\/hexagodis.com\/index.php\/wp-json\/wp\/v2\/comments?post=18365"}],"version-history":[{"count":1,"href":"https:\/\/hexagodis.com\/index.php\/wp-json\/wp\/v2\/product\/18365\/revisions"}],"predecessor-version":[{"id":18397,"href":"https:\/\/hexagodis.com\/index.php\/wp-json\/wp\/v2\/product\/18365\/revisions\/18397"}],"wp:featuredmedia":[{"embeddable":true,"href":"https:\/\/hexagodis.com\/index.php\/wp-json\/wp\/v2\/media\/18396"}],"wp:attachment":[{"href":"https:\/\/hexagodis.com\/index.php\/wp-json\/wp\/v2\/media?parent=18365"}],"wp:term":[{"taxonomy":"product_brand","embeddable":true,"href":"https:\/\/hexagodis.com\/index.php\/wp-json\/wp\/v2\/product_brand?post=18365"},{"taxonomy":"product_cat","embeddable":true,"href":"https:\/\/hexagodis.com\/index.php\/wp-json\/wp\/v2\/product_cat?post=18365"},{"taxonomy":"product_tag","embeddable":true,"href":"https:\/\/hexagodis.com\/index.php\/wp-json\/wp\/v2\/product_tag?post=18365"}],"curies":[{"name":"wp","href":"https:\/\/api.w.org\/{rel}","templated":true}]}}