{"id":18345,"date":"2025-08-26T14:45:13","date_gmt":"2025-08-26T12:45:13","guid":{"rendered":"https:\/\/hexagodis.com\/?post_type=product&#038;p=18345"},"modified":"2025-08-26T14:45:13","modified_gmt":"2025-08-26T12:45:13","slug":"trottinette-electrique-urbanglide-ecross-pro-lite-2-500-w-noir","status":"publish","type":"product","link":"https:\/\/hexagodis.com\/index.php\/produit\/trottinette-electrique-urbanglide-ecross-pro-lite-2-500-w-noir\/","title":{"rendered":"Trottinette \u00e9lectrique Urbanglide eCross Pro Lite 2 500 W Noir"},"content":{"rendered":"<header class=\"f-productLayer__header\">\n<div class=\"f-productLayer__container\">\n<p>Vitesse maximale de 25 km\/h.<\/p>\n<p>Poids maximum support\u00e9 120 kg.<\/p>\n<p>Batterie 48V10,4Ah.<\/p>\n<p>Autonomique jusqu&rsquo;\u00e0 40 km &#8211; Norme d&rsquo;\u00e9tancheit\u00e9 IPX5.<\/p>\n<h2 data-automation-id=\"title-characteristics-layer-label\"><\/h2>\n<h2 class=\"f-productLayer__title\" data-automation-id=\"title-characteristics-layer-label\">Caract\u00e9ristiques<\/h2>\n<\/div>\n<\/header>\n<div class=\"f-productLayer__body f-productProperties\">\n<div class=\"f-productLayer__container f-productProperties__container\" data-automation-id=\"simple-characteristics-content-block\">\n<div class=\"js-Expander expander expander--hasIcon collapsed\" data-automation-button=\"expand-characteristics-content-button\" data-automation-content=\"expand-characteristics-content\">\n<div class=\"expander__content\" data-automation-id=\"expand-characteristics-content\" aria-expanded=\"true\">\n<div class=\"f-productProperties__columns\">\n<div class=\"f-productProperties__col\">\n<dl class=\"f-productProperties__item\">\n<dt class=\"f-productProperties__term\">Puissance moteur nominale<\/dt>\n<dd class=\"f-productProperties__definition\" aria-label=\"Liste des Puissance moteur nominale\">500 Watts<\/dd>\n<\/dl>\n<dl class=\"f-productProperties__item\">\n<dt class=\"f-productProperties__term\">Autonomie maximale<\/dt>\n<dd class=\"f-productProperties__definition\" aria-label=\"Liste des Autonomie maximale\">40 Km<\/dd>\n<\/dl>\n<dl class=\"f-productProperties__item\">\n<dt class=\"f-productProperties__term\">Pliable<\/dt>\n<dd class=\"f-productProperties__definition\" aria-label=\"Liste des Pliable\">Oui<\/dd>\n<\/dl>\n<dl class=\"f-productProperties__item\">\n<dt class=\"f-productProperties__term\">Vitesse maximale brid\u00e9e<\/dt>\n<dd class=\"f-productProperties__definition\" aria-label=\"Liste des Vitesse maximale brid\u00e9e\">25 Km\/h<\/dd>\n<\/dl>\n<dl class=\"f-productProperties__item\">\n<dt class=\"f-productProperties__term\">Position du moteur<\/dt>\n<dd class=\"f-productProperties__definition\" aria-label=\"Liste des Position du moteur\">Arri\u00e8re<\/dd>\n<\/dl>\n<dl class=\"f-productProperties__item\">\n<dt class=\"f-productProperties__term\">Diam\u00e8tre maximal de roue<\/dt>\n<dd class=\"f-productProperties__definition\" aria-label=\"Liste des Diam\u00e8tre maximal de roue\">10 \u00ab\u00a0<\/dd>\n<\/dl>\n<dl class=\"f-productProperties__item\">\n<dt class=\"f-productProperties__term\">Coloris<\/dt>\n<dd class=\"f-productProperties__definition\" aria-label=\"Liste des Coloris\">Noir<\/dd>\n<\/dl>\n<dl class=\"f-productProperties__item\">\n<dt class=\"f-productProperties__term\">Etanch\u00e9it\u00e9<\/dt>\n<dd class=\"f-productProperties__definition\" aria-label=\"Liste des Etanch\u00e9it\u00e9\">IPx5 (protection contre les jets d&rsquo;eau \u00e0 lance)<\/dd>\n<\/dl>\n<dl class=\"f-productProperties__item\">\n<dt class=\"f-productProperties__term\">Puissance moteur maximale<\/dt>\n<dd class=\"f-productProperties__definition\" aria-label=\"Liste des Puissance moteur maximale\">800 Watts<\/dd>\n<\/dl>\n<dl class=\"f-productProperties__item\">\n<dt class=\"f-productProperties__term\">Batterie<\/dt>\n<dd class=\"f-productProperties__definition\" aria-label=\"Liste des Batterie\">48V10,4Ah<\/dd>\n<\/dl>\n<dl class=\"f-productProperties__item\">\n<dt class=\"f-productProperties__term\">Type de pneu<\/dt>\n<dd class=\"f-productProperties__definition\" aria-label=\"Liste des Type de pneu\">Tubeless<\/dd>\n<\/dl>\n<dl class=\"f-productProperties__item\">\n<dt class=\"f-productProperties__term\">Pente maximale<\/dt>\n<dd class=\"f-productProperties__definition\" aria-label=\"Liste des Pente maximale\">20 \u00b0<\/dd>\n<\/dl>\n<dl class=\"f-productProperties__item\">\n<dt class=\"f-productProperties__term\">Temps de charge de la batterie<\/dt>\n<dd class=\"f-productProperties__definition\" aria-label=\"Liste des Temps de charge de la batterie\">7 Heures<\/dd>\n<\/dl>\n<dl class=\"f-productProperties__item\">\n<dt class=\"f-productProperties__term\">Syst\u00e8me de Freinage<\/dt>\n<dd class=\"f-productProperties__definition\" aria-label=\"Liste des Syst\u00e8me de Freinage\">A disque (Freins \u00e0 disque x 2)<\/dd>\n<\/dl>\n<dl class=\"f-productProperties__item\">\n<dt class=\"f-productProperties__term\">Couleur<\/dt>\n<dd class=\"f-productProperties__definition\" aria-label=\"Liste des Couleur\">Noir<\/dd>\n<\/dl>\n<\/div>\n<div class=\"f-productProperties__col\">\n<dl class=\"f-productProperties__item\">\n<dt class=\"f-productProperties__term\">Fonctionnalit\u00e9s du v\u00e9hicule<\/dt>\n<dd class=\"f-productProperties__definition\" aria-label=\"Liste des Fonctionnalit\u00e9s du v\u00e9hicule\">Regulateur de vitesse (Suspensions avant et arri\u00e8re)<\/dd>\n<\/dl>\n<dl class=\"f-productProperties__item\">\n<dt class=\"f-productProperties__term\">Poids<\/dt>\n<dd class=\"f-productProperties__definition\" aria-label=\"Liste des Poids\">23 kg<\/dd>\n<\/dl>\n<dl class=\"f-productProperties__item\">\n<dt class=\"f-productProperties__term\">Type de public<\/dt>\n<dd class=\"f-productProperties__definition\" aria-label=\"Liste des Type de public\">Adulte<\/dd>\n<\/dl>\n<dl class=\"f-productProperties__item\">\n<dt class=\"f-productProperties__term\">Equipement inclus<\/dt>\n<dd class=\"f-productProperties__definition\" aria-label=\"Liste des Equipement inclus\">Eclairage avant (Eclairage arri\u00e8re et c\u00f4t\u00e9; Clignotant; Guidon t\u00e9lescopique; poign\u00e9es rabattables)<\/dd>\n<\/dl>\n<dl class=\"f-productProperties__item\">\n<dt class=\"f-productProperties__term\">Dimensions<\/dt>\n<dd class=\"f-productProperties__definition\" aria-label=\"Liste des Dimensions\">94 x 60 x 120 cm<\/dd>\n<\/dl>\n<dl class=\"f-productProperties__item\">\n<dt class=\"f-productProperties__term\">Charge maximale support\u00e9e<\/dt>\n<dd class=\"f-productProperties__definition\" aria-label=\"Liste des Charge maximale support\u00e9e\">120 Kg<\/dd>\n<\/dl>\n<dl class=\"f-productProperties__item\">\n<dt class=\"f-productProperties__term\">Origine de fabrication<\/dt>\n<dd class=\"f-productProperties__definition\" aria-label=\"Liste des Origine de fabrication\">Fabriqu\u00e9 hors Europe<\/dd>\n<\/dl>\n<dl class=\"f-productProperties__item\">\n<dt class=\"f-productProperties__term\">Disponibilit\u00e9 des pi\u00e8ces d\u00e9tach\u00e9es<\/dt>\n<dd class=\"f-productProperties__definition\" aria-label=\"Liste des Disponibilit\u00e9 des pi\u00e8ces d\u00e9tach\u00e9es\">5 ANS<\/dd>\n<\/dl>\n<dl class=\"f-productProperties__item\">\n<dt class=\"f-productProperties__term\">Conseils d&rsquo;utilisation<\/dt>\n<dd class=\"f-productProperties__definition\" aria-label=\"Liste des Conseils d'utilisation\">Ne convient pas pour l\u2019acrobatie et les sauts.<\/dd>\n<\/dl>\n<dl class=\"f-productProperties__item\">\n<dt class=\"f-productProperties__term\">Longueur du produit<\/dt>\n<dd class=\"f-productProperties__definition\" aria-label=\"Liste des Longueur du produit\">120 cm<\/dd>\n<\/dl>\n<dl class=\"f-productProperties__item\">\n<dt class=\"f-productProperties__term\">Largeur du produit<\/dt>\n<dd class=\"f-productProperties__definition\" aria-label=\"Liste des Largeur du produit\">60 cm<\/dd>\n<\/dl>\n<dl class=\"f-productProperties__item\">\n<dt class=\"f-productProperties__term\">Hauteur du produit<\/dt>\n<dd class=\"f-productProperties__definition\" aria-label=\"Liste des Hauteur du produit\">94 cm<\/dd>\n<\/dl>\n<dl class=\"f-productProperties__item\">\n<dt class=\"f-productProperties__term\">Poids du produit<\/dt>\n<dd class=\"f-productProperties__definition\" aria-label=\"Liste des Poids du produit\">23000 g<\/dd>\n<\/dl>\n<\/div>\n<\/div>\n<\/div>\n<\/div>\n<\/div>\n<\/div>\n","protected":false},"excerpt":{"rendered":"<p>Vitesse maximale de 25 km\/h. Poids maximum support\u00e9 120 kg. Batterie 48V10,4Ah. Autonomique jusqu&rsquo;\u00e0 40 km &#8211; Norme d&rsquo;\u00e9tancheit\u00e9 IPX5.<\/p>\n","protected":false},"featured_media":18346,"comment_status":"open","ping_status":"closed","template":"","meta":[],"product_brand":[],"product_cat":[223],"product_tag":[],"class_list":{"0":"post-18345","1":"product","2":"type-product","3":"status-publish","4":"has-post-thumbnail","6":"product_cat-trottinette","8":"first","9":"instock","10":"sale","11":"taxable","12":"shipping-taxable","13":"purchasable","14":"product-type-simple"},"yoast_head":"<!-- This site is optimized with the Yoast SEO plugin v24.8.1 - https:\/\/yoast.com\/wordpress\/plugins\/seo\/ -->\n<title>Trottinette \u00e9lectrique Urbanglide eCross Pro Lite 2 500 W Noir - Hexagodis<\/title>\n<meta name=\"robots\" content=\"index, follow, max-snippet:-1, max-image-preview:large, max-video-preview:-1\" \/>\n<link rel=\"canonical\" href=\"https:\/\/hexagodis.com\/index.php\/produit\/trottinette-electrique-urbanglide-ecross-pro-lite-2-500-w-noir\/\" \/>\n<meta property=\"og:locale\" content=\"fr_FR\" \/>\n<meta property=\"og:type\" content=\"article\" \/>\n<meta property=\"og:title\" content=\"Trottinette \u00e9lectrique Urbanglide eCross Pro Lite 2 500 W Noir - Hexagodis\" \/>\n<meta property=\"og:description\" content=\"Vitesse maximale de 25 km\/h. Poids maximum support\u00e9 120 kg. Batterie 48V10,4Ah. Autonomique jusqu&rsquo;\u00e0 40 km &#8211; Norme d&rsquo;\u00e9tancheit\u00e9 IPX5.\" \/>\n<meta property=\"og:url\" content=\"https:\/\/hexagodis.com\/index.php\/produit\/trottinette-electrique-urbanglide-ecross-pro-lite-2-500-w-noir\/\" \/>\n<meta property=\"og:site_name\" content=\"Hexagodis\" \/>\n<meta property=\"og:image\" content=\"https:\/\/hexagodis.com\/wp-content\/uploads\/2025\/08\/Trottinette-electrique-Urbanglide-eCro-Pro-Lite-2-500-W-Noir-3.jpg\" \/>\n\t<meta property=\"og:image:width\" content=\"500\" \/>\n\t<meta property=\"og:image:height\" content=\"500\" \/>\n\t<meta property=\"og:image:type\" content=\"image\/jpeg\" \/>\n<meta name=\"twitter:card\" content=\"summary_large_image\" \/>\n<meta name=\"twitter:label1\" content=\"Dur\u00e9e de lecture estim\u00e9e\" \/>\n\t<meta name=\"twitter:data1\" content=\"2 minutes\" \/>\n<script type=\"application\/ld+json\" class=\"yoast-schema-graph\">{\"@context\":\"https:\/\/schema.org\",\"@graph\":[{\"@type\":\"WebPage\",\"@id\":\"https:\/\/hexagodis.com\/index.php\/produit\/trottinette-electrique-urbanglide-ecross-pro-lite-2-500-w-noir\/\",\"url\":\"https:\/\/hexagodis.com\/index.php\/produit\/trottinette-electrique-urbanglide-ecross-pro-lite-2-500-w-noir\/\",\"name\":\"Trottinette \u00e9lectrique Urbanglide eCross Pro Lite 2 500 W Noir - Hexagodis\",\"isPartOf\":{\"@id\":\"https:\/\/hexagodis.com\/#website\"},\"primaryImageOfPage\":{\"@id\":\"https:\/\/hexagodis.com\/index.php\/produit\/trottinette-electrique-urbanglide-ecross-pro-lite-2-500-w-noir\/#primaryimage\"},\"image\":{\"@id\":\"https:\/\/hexagodis.com\/index.php\/produit\/trottinette-electrique-urbanglide-ecross-pro-lite-2-500-w-noir\/#primaryimage\"},\"thumbnailUrl\":\"https:\/\/hexagodis.com\/wp-content\/uploads\/2025\/08\/Trottinette-electrique-Urbanglide-eCro-Pro-Lite-2-500-W-Noir-3.jpg\",\"datePublished\":\"2025-08-26T12:45:13+00:00\",\"breadcrumb\":{\"@id\":\"https:\/\/hexagodis.com\/index.php\/produit\/trottinette-electrique-urbanglide-ecross-pro-lite-2-500-w-noir\/#breadcrumb\"},\"inLanguage\":\"fr-FR\",\"potentialAction\":[{\"@type\":\"ReadAction\",\"target\":[\"https:\/\/hexagodis.com\/index.php\/produit\/trottinette-electrique-urbanglide-ecross-pro-lite-2-500-w-noir\/\"]}]},{\"@type\":\"ImageObject\",\"inLanguage\":\"fr-FR\",\"@id\":\"https:\/\/hexagodis.com\/index.php\/produit\/trottinette-electrique-urbanglide-ecross-pro-lite-2-500-w-noir\/#primaryimage\",\"url\":\"https:\/\/hexagodis.com\/wp-content\/uploads\/2025\/08\/Trottinette-electrique-Urbanglide-eCro-Pro-Lite-2-500-W-Noir-3.jpg\",\"contentUrl\":\"https:\/\/hexagodis.com\/wp-content\/uploads\/2025\/08\/Trottinette-electrique-Urbanglide-eCro-Pro-Lite-2-500-W-Noir-3.jpg\",\"width\":500,\"height\":500},{\"@type\":\"BreadcrumbList\",\"@id\":\"https:\/\/hexagodis.com\/index.php\/produit\/trottinette-electrique-urbanglide-ecross-pro-lite-2-500-w-noir\/#breadcrumb\",\"itemListElement\":[{\"@type\":\"ListItem\",\"position\":1,\"name\":\"Accueil\",\"item\":\"https:\/\/hexagodis.com\/\"},{\"@type\":\"ListItem\",\"position\":2,\"name\":\"Boutique\",\"item\":\"https:\/\/hexagodis.com\/index.php\/boutique\/\"},{\"@type\":\"ListItem\",\"position\":3,\"name\":\"Trottinette \u00e9lectrique Urbanglide eCross Pro Lite 2 500 W Noir\"}]},{\"@type\":\"WebSite\",\"@id\":\"https:\/\/hexagodis.com\/#website\",\"url\":\"https:\/\/hexagodis.com\/\",\"name\":\"Hexagodis\",\"description\":\"Mat\u00e9riel de sport &amp; \u00e9quipement sportif\",\"potentialAction\":[{\"@type\":\"SearchAction\",\"target\":{\"@type\":\"EntryPoint\",\"urlTemplate\":\"https:\/\/hexagodis.com\/?s={search_term_string}\"},\"query-input\":{\"@type\":\"PropertyValueSpecification\",\"valueRequired\":true,\"valueName\":\"search_term_string\"}}],\"inLanguage\":\"fr-FR\"}]}<\/script>\n<!-- \/ Yoast SEO plugin. -->","yoast_head_json":{"title":"Trottinette \u00e9lectrique Urbanglide eCross Pro Lite 2 500 W Noir - Hexagodis","robots":{"index":"index","follow":"follow","max-snippet":"max-snippet:-1","max-image-preview":"max-image-preview:large","max-video-preview":"max-video-preview:-1"},"canonical":"https:\/\/hexagodis.com\/index.php\/produit\/trottinette-electrique-urbanglide-ecross-pro-lite-2-500-w-noir\/","og_locale":"fr_FR","og_type":"article","og_title":"Trottinette \u00e9lectrique Urbanglide eCross Pro Lite 2 500 W Noir - Hexagodis","og_description":"Vitesse maximale de 25 km\/h. Poids maximum support\u00e9 120 kg. Batterie 48V10,4Ah. Autonomique jusqu&rsquo;\u00e0 40 km &#8211; Norme d&rsquo;\u00e9tancheit\u00e9 IPX5.","og_url":"https:\/\/hexagodis.com\/index.php\/produit\/trottinette-electrique-urbanglide-ecross-pro-lite-2-500-w-noir\/","og_site_name":"Hexagodis","og_image":[{"width":500,"height":500,"url":"https:\/\/hexagodis.com\/wp-content\/uploads\/2025\/08\/Trottinette-electrique-Urbanglide-eCro-Pro-Lite-2-500-W-Noir-3.jpg","type":"image\/jpeg"}],"twitter_card":"summary_large_image","twitter_misc":{"Dur\u00e9e de lecture estim\u00e9e":"2 minutes"},"schema":{"@context":"https:\/\/schema.org","@graph":[{"@type":"WebPage","@id":"https:\/\/hexagodis.com\/index.php\/produit\/trottinette-electrique-urbanglide-ecross-pro-lite-2-500-w-noir\/","url":"https:\/\/hexagodis.com\/index.php\/produit\/trottinette-electrique-urbanglide-ecross-pro-lite-2-500-w-noir\/","name":"Trottinette \u00e9lectrique Urbanglide eCross Pro Lite 2 500 W Noir - Hexagodis","isPartOf":{"@id":"https:\/\/hexagodis.com\/#website"},"primaryImageOfPage":{"@id":"https:\/\/hexagodis.com\/index.php\/produit\/trottinette-electrique-urbanglide-ecross-pro-lite-2-500-w-noir\/#primaryimage"},"image":{"@id":"https:\/\/hexagodis.com\/index.php\/produit\/trottinette-electrique-urbanglide-ecross-pro-lite-2-500-w-noir\/#primaryimage"},"thumbnailUrl":"https:\/\/hexagodis.com\/wp-content\/uploads\/2025\/08\/Trottinette-electrique-Urbanglide-eCro-Pro-Lite-2-500-W-Noir-3.jpg","datePublished":"2025-08-26T12:45:13+00:00","breadcrumb":{"@id":"https:\/\/hexagodis.com\/index.php\/produit\/trottinette-electrique-urbanglide-ecross-pro-lite-2-500-w-noir\/#breadcrumb"},"inLanguage":"fr-FR","potentialAction":[{"@type":"ReadAction","target":["https:\/\/hexagodis.com\/index.php\/produit\/trottinette-electrique-urbanglide-ecross-pro-lite-2-500-w-noir\/"]}]},{"@type":"ImageObject","inLanguage":"fr-FR","@id":"https:\/\/hexagodis.com\/index.php\/produit\/trottinette-electrique-urbanglide-ecross-pro-lite-2-500-w-noir\/#primaryimage","url":"https:\/\/hexagodis.com\/wp-content\/uploads\/2025\/08\/Trottinette-electrique-Urbanglide-eCro-Pro-Lite-2-500-W-Noir-3.jpg","contentUrl":"https:\/\/hexagodis.com\/wp-content\/uploads\/2025\/08\/Trottinette-electrique-Urbanglide-eCro-Pro-Lite-2-500-W-Noir-3.jpg","width":500,"height":500},{"@type":"BreadcrumbList","@id":"https:\/\/hexagodis.com\/index.php\/produit\/trottinette-electrique-urbanglide-ecross-pro-lite-2-500-w-noir\/#breadcrumb","itemListElement":[{"@type":"ListItem","position":1,"name":"Accueil","item":"https:\/\/hexagodis.com\/"},{"@type":"ListItem","position":2,"name":"Boutique","item":"https:\/\/hexagodis.com\/index.php\/boutique\/"},{"@type":"ListItem","position":3,"name":"Trottinette \u00e9lectrique Urbanglide eCross Pro Lite 2 500 W Noir"}]},{"@type":"WebSite","@id":"https:\/\/hexagodis.com\/#website","url":"https:\/\/hexagodis.com\/","name":"Hexagodis","description":"Mat\u00e9riel de sport &amp; \u00e9quipement sportif","potentialAction":[{"@type":"SearchAction","target":{"@type":"EntryPoint","urlTemplate":"https:\/\/hexagodis.com\/?s={search_term_string}"},"query-input":{"@type":"PropertyValueSpecification","valueRequired":true,"valueName":"search_term_string"}}],"inLanguage":"fr-FR"}]}},"_links":{"self":[{"href":"https:\/\/hexagodis.com\/index.php\/wp-json\/wp\/v2\/product\/18345","targetHints":{"allow":["GET"]}}],"collection":[{"href":"https:\/\/hexagodis.com\/index.php\/wp-json\/wp\/v2\/product"}],"about":[{"href":"https:\/\/hexagodis.com\/index.php\/wp-json\/wp\/v2\/types\/product"}],"replies":[{"embeddable":true,"href":"https:\/\/hexagodis.com\/index.php\/wp-json\/wp\/v2\/comments?post=18345"}],"version-history":[{"count":1,"href":"https:\/\/hexagodis.com\/index.php\/wp-json\/wp\/v2\/product\/18345\/revisions"}],"predecessor-version":[{"id":18350,"href":"https:\/\/hexagodis.com\/index.php\/wp-json\/wp\/v2\/product\/18345\/revisions\/18350"}],"wp:featuredmedia":[{"embeddable":true,"href":"https:\/\/hexagodis.com\/index.php\/wp-json\/wp\/v2\/media\/18346"}],"wp:attachment":[{"href":"https:\/\/hexagodis.com\/index.php\/wp-json\/wp\/v2\/media?parent=18345"}],"wp:term":[{"taxonomy":"product_brand","embeddable":true,"href":"https:\/\/hexagodis.com\/index.php\/wp-json\/wp\/v2\/product_brand?post=18345"},{"taxonomy":"product_cat","embeddable":true,"href":"https:\/\/hexagodis.com\/index.php\/wp-json\/wp\/v2\/product_cat?post=18345"},{"taxonomy":"product_tag","embeddable":true,"href":"https:\/\/hexagodis.com\/index.php\/wp-json\/wp\/v2\/product_tag?post=18345"}],"curies":[{"name":"wp","href":"https:\/\/api.w.org\/{rel}","templated":true}]}}