{"id":18339,"date":"2025-08-26T14:26:17","date_gmt":"2025-08-26T12:26:17","guid":{"rendered":"https:\/\/hexagodis.com\/?post_type=product&#038;p=18339"},"modified":"2025-08-26T14:26:17","modified_gmt":"2025-08-26T12:26:17","slug":"fluid-rower-rameur-a-eau-apollo-plus","status":"publish","type":"product","link":"https:\/\/hexagodis.com\/index.php\/produit\/fluid-rower-rameur-a-eau-apollo-plus\/","title":{"rendered":"Fluid Rower &#8211; Rameur \u00e0 eau Apollo Plus"},"content":{"rendered":"<p>D\u00e9couvrez la qualit\u00e9 sup\u00e9rieure d&rsquo;un rameur Fluid Rower \u00e0 r\u00e9sistance r\u00e9glable. L&rsquo;Apollo Plus combine la force de l&rsquo;acier et la robustesse du bois dans un seul et m\u00eame appareil d&rsquo;entra\u00eenement \u00e0 l&rsquo;aviron. Il est pr\u00e9sent\u00e9 dans une couleur naturelle, ch\u00eane clair.<\/p>\n<p><strong>Les avantages du Fluid Rower Apollo Plus<\/strong><\/p>\n<p>&#8211; R\u00e9servoir d&rsquo;eau brevet\u00e9 avec 4 niveaux de r\u00e9sistance<\/p>\n<p>&#8211; Moniteur avec tous les param\u00e8tres d&rsquo;entra\u00eenement en un coup d&rsquo;\u0153il<\/p>\n<p>&#8211; Poign\u00e9e ergonomique pour une bonne prise en main et une posture correcte<\/p>\n<p>&#8211; Si\u00e8ge doux sur double rail pour un confort ultime et une exp\u00e9rience de rame silencieuse<\/p>\n<p>&#8211; Fabriqu\u00e9 en acier durable et en bois de fr\u00eane am\u00e9ricain.<\/p>\n<p>Syst\u00e8me de freinage : R\u00e9sistance \u00e0 eau \/ Roue Hydraulique en acier inoxydable<\/p>\n<p>R\u00e9servoir : Double r\u00e9servoir scell\u00e9 et align\u00e9 avec pr\u00e9cision<\/p>\n<p>Syst\u00e8me de propulsion : C\u00e2ble de traction \u2013 tirage central<\/p>\n<p>Rapport de transmission : &#8211;<\/p>\n<p>Echelle de r\u00e9sistance : 4 niveaux de r\u00e9sistance \/ Affichage de la puissance en<\/p>\n<p>Watts<\/p>\n<p>Ordinateur : LCD avec prise USB<\/p>\n<p>Mesure de la fr\u00e9quence cardiaque &#8211; R\u00e9cepteur cardiaque 5 kHz (int\u00e9gr\u00e9 &#8211; en option)<\/p>\n<p>Ceinture pectorale 5 kHz non cod\u00e9e (en option)<\/p>\n<p>Alimentation : Piles<\/p>\n<p>Si\u00e8ge : Double rail roulements \u00e0 bille<\/p>\n<p>Norme : DIN EN 957 &#8211; HB<\/p>\n<p>Cale-pieds : Pivotants\/sangles<\/p>\n<p>Roulettes de transport : Oui<\/p>\n<p>Position redress\u00e9e pour gain de place : Oui<\/p>\n<p>Affichage permanent : 7 fonctions<\/p>\n<p>Programmes : Non<\/p>\n<p>Dimensions : 213 x 54 x 52 cm<\/p>\n<p>Dimensions redress\u00e9 : 52 x 54 x 213 cm<\/p>\n<p>Distances cale-pieds \u2013 si\u00e8ge (min.\/max. en cm) : cm<\/p>\n<p>Dimensions d\u2019emballage :<\/p>\n<p>Colis 1 : 101 x 56 x 58,5 cm<\/p>\n<p>Colis 2 : 223 x 16,2 x 8 cm<\/p>\n<p>Poids maximal autoris\u00e9 : 150 kg<\/p>\n<p>Poids (emballage compris) :<\/p>\n<p>Colis 1 : 28,1 kg<\/p>\n<p>Colis 2 : 9,2 kg<\/p>\n<p>Dur\u00e9e d\u2019utilisation conseill\u00e9e : 15h \/ semaine<\/p>\n","protected":false},"excerpt":{"rendered":"<p>Couleur<br \/>\nNoir<\/p>\n","protected":false},"featured_media":18343,"comment_status":"open","ping_status":"closed","template":"","meta":[],"product_brand":[],"product_cat":[79],"product_tag":[],"class_list":{"0":"post-18339","1":"product","2":"type-product","3":"status-publish","4":"has-post-thumbnail","6":"product_cat-rameur","8":"first","9":"instock","10":"sale","11":"taxable","12":"shipping-taxable","13":"purchasable","14":"product-type-simple"},"yoast_head":"<!-- This site is optimized with the Yoast SEO plugin v24.8.1 - https:\/\/yoast.com\/wordpress\/plugins\/seo\/ -->\n<title>Fluid Rower - Rameur \u00e0 eau Apollo Plus - Hexagodis<\/title>\n<meta name=\"robots\" content=\"index, follow, max-snippet:-1, max-image-preview:large, max-video-preview:-1\" \/>\n<link rel=\"canonical\" href=\"https:\/\/hexagodis.com\/index.php\/produit\/fluid-rower-rameur-a-eau-apollo-plus\/\" \/>\n<meta property=\"og:locale\" content=\"fr_FR\" \/>\n<meta property=\"og:type\" content=\"article\" \/>\n<meta property=\"og:title\" content=\"Fluid Rower - Rameur \u00e0 eau Apollo Plus - Hexagodis\" \/>\n<meta property=\"og:description\" content=\"Couleur Noir\" \/>\n<meta property=\"og:url\" content=\"https:\/\/hexagodis.com\/index.php\/produit\/fluid-rower-rameur-a-eau-apollo-plus\/\" \/>\n<meta property=\"og:site_name\" content=\"Hexagodis\" \/>\n<meta property=\"og:image\" content=\"https:\/\/hexagodis.com\/wp-content\/uploads\/2025\/08\/22547921-1505-3756-1.jpg\" \/>\n\t<meta property=\"og:image:width\" content=\"2000\" \/>\n\t<meta property=\"og:image:height\" content=\"2000\" \/>\n\t<meta property=\"og:image:type\" content=\"image\/jpeg\" \/>\n<meta name=\"twitter:card\" content=\"summary_large_image\" \/>\n<meta name=\"twitter:label1\" content=\"Dur\u00e9e de lecture estim\u00e9e\" \/>\n\t<meta name=\"twitter:data1\" content=\"2 minutes\" \/>\n<script type=\"application\/ld+json\" class=\"yoast-schema-graph\">{\"@context\":\"https:\/\/schema.org\",\"@graph\":[{\"@type\":\"WebPage\",\"@id\":\"https:\/\/hexagodis.com\/index.php\/produit\/fluid-rower-rameur-a-eau-apollo-plus\/\",\"url\":\"https:\/\/hexagodis.com\/index.php\/produit\/fluid-rower-rameur-a-eau-apollo-plus\/\",\"name\":\"Fluid Rower - Rameur \u00e0 eau Apollo Plus - Hexagodis\",\"isPartOf\":{\"@id\":\"https:\/\/hexagodis.com\/#website\"},\"primaryImageOfPage\":{\"@id\":\"https:\/\/hexagodis.com\/index.php\/produit\/fluid-rower-rameur-a-eau-apollo-plus\/#primaryimage\"},\"image\":{\"@id\":\"https:\/\/hexagodis.com\/index.php\/produit\/fluid-rower-rameur-a-eau-apollo-plus\/#primaryimage\"},\"thumbnailUrl\":\"https:\/\/hexagodis.com\/wp-content\/uploads\/2025\/08\/22547921-1505-3756-1.jpg\",\"datePublished\":\"2025-08-26T12:26:17+00:00\",\"breadcrumb\":{\"@id\":\"https:\/\/hexagodis.com\/index.php\/produit\/fluid-rower-rameur-a-eau-apollo-plus\/#breadcrumb\"},\"inLanguage\":\"fr-FR\",\"potentialAction\":[{\"@type\":\"ReadAction\",\"target\":[\"https:\/\/hexagodis.com\/index.php\/produit\/fluid-rower-rameur-a-eau-apollo-plus\/\"]}]},{\"@type\":\"ImageObject\",\"inLanguage\":\"fr-FR\",\"@id\":\"https:\/\/hexagodis.com\/index.php\/produit\/fluid-rower-rameur-a-eau-apollo-plus\/#primaryimage\",\"url\":\"https:\/\/hexagodis.com\/wp-content\/uploads\/2025\/08\/22547921-1505-3756-1.jpg\",\"contentUrl\":\"https:\/\/hexagodis.com\/wp-content\/uploads\/2025\/08\/22547921-1505-3756-1.jpg\",\"width\":2000,\"height\":2000},{\"@type\":\"BreadcrumbList\",\"@id\":\"https:\/\/hexagodis.com\/index.php\/produit\/fluid-rower-rameur-a-eau-apollo-plus\/#breadcrumb\",\"itemListElement\":[{\"@type\":\"ListItem\",\"position\":1,\"name\":\"Accueil\",\"item\":\"https:\/\/hexagodis.com\/\"},{\"@type\":\"ListItem\",\"position\":2,\"name\":\"Boutique\",\"item\":\"https:\/\/hexagodis.com\/index.php\/boutique\/\"},{\"@type\":\"ListItem\",\"position\":3,\"name\":\"Fluid Rower &#8211; Rameur \u00e0 eau Apollo Plus\"}]},{\"@type\":\"WebSite\",\"@id\":\"https:\/\/hexagodis.com\/#website\",\"url\":\"https:\/\/hexagodis.com\/\",\"name\":\"Hexagodis\",\"description\":\"Mat\u00e9riel de sport &amp; \u00e9quipement sportif\",\"potentialAction\":[{\"@type\":\"SearchAction\",\"target\":{\"@type\":\"EntryPoint\",\"urlTemplate\":\"https:\/\/hexagodis.com\/?s={search_term_string}\"},\"query-input\":{\"@type\":\"PropertyValueSpecification\",\"valueRequired\":true,\"valueName\":\"search_term_string\"}}],\"inLanguage\":\"fr-FR\"}]}<\/script>\n<!-- \/ Yoast SEO plugin. -->","yoast_head_json":{"title":"Fluid Rower - Rameur \u00e0 eau Apollo Plus - Hexagodis","robots":{"index":"index","follow":"follow","max-snippet":"max-snippet:-1","max-image-preview":"max-image-preview:large","max-video-preview":"max-video-preview:-1"},"canonical":"https:\/\/hexagodis.com\/index.php\/produit\/fluid-rower-rameur-a-eau-apollo-plus\/","og_locale":"fr_FR","og_type":"article","og_title":"Fluid Rower - Rameur \u00e0 eau Apollo Plus - Hexagodis","og_description":"Couleur Noir","og_url":"https:\/\/hexagodis.com\/index.php\/produit\/fluid-rower-rameur-a-eau-apollo-plus\/","og_site_name":"Hexagodis","og_image":[{"width":2000,"height":2000,"url":"https:\/\/hexagodis.com\/wp-content\/uploads\/2025\/08\/22547921-1505-3756-1.jpg","type":"image\/jpeg"}],"twitter_card":"summary_large_image","twitter_misc":{"Dur\u00e9e de lecture estim\u00e9e":"2 minutes"},"schema":{"@context":"https:\/\/schema.org","@graph":[{"@type":"WebPage","@id":"https:\/\/hexagodis.com\/index.php\/produit\/fluid-rower-rameur-a-eau-apollo-plus\/","url":"https:\/\/hexagodis.com\/index.php\/produit\/fluid-rower-rameur-a-eau-apollo-plus\/","name":"Fluid Rower - Rameur \u00e0 eau Apollo Plus - Hexagodis","isPartOf":{"@id":"https:\/\/hexagodis.com\/#website"},"primaryImageOfPage":{"@id":"https:\/\/hexagodis.com\/index.php\/produit\/fluid-rower-rameur-a-eau-apollo-plus\/#primaryimage"},"image":{"@id":"https:\/\/hexagodis.com\/index.php\/produit\/fluid-rower-rameur-a-eau-apollo-plus\/#primaryimage"},"thumbnailUrl":"https:\/\/hexagodis.com\/wp-content\/uploads\/2025\/08\/22547921-1505-3756-1.jpg","datePublished":"2025-08-26T12:26:17+00:00","breadcrumb":{"@id":"https:\/\/hexagodis.com\/index.php\/produit\/fluid-rower-rameur-a-eau-apollo-plus\/#breadcrumb"},"inLanguage":"fr-FR","potentialAction":[{"@type":"ReadAction","target":["https:\/\/hexagodis.com\/index.php\/produit\/fluid-rower-rameur-a-eau-apollo-plus\/"]}]},{"@type":"ImageObject","inLanguage":"fr-FR","@id":"https:\/\/hexagodis.com\/index.php\/produit\/fluid-rower-rameur-a-eau-apollo-plus\/#primaryimage","url":"https:\/\/hexagodis.com\/wp-content\/uploads\/2025\/08\/22547921-1505-3756-1.jpg","contentUrl":"https:\/\/hexagodis.com\/wp-content\/uploads\/2025\/08\/22547921-1505-3756-1.jpg","width":2000,"height":2000},{"@type":"BreadcrumbList","@id":"https:\/\/hexagodis.com\/index.php\/produit\/fluid-rower-rameur-a-eau-apollo-plus\/#breadcrumb","itemListElement":[{"@type":"ListItem","position":1,"name":"Accueil","item":"https:\/\/hexagodis.com\/"},{"@type":"ListItem","position":2,"name":"Boutique","item":"https:\/\/hexagodis.com\/index.php\/boutique\/"},{"@type":"ListItem","position":3,"name":"Fluid Rower &#8211; Rameur \u00e0 eau Apollo Plus"}]},{"@type":"WebSite","@id":"https:\/\/hexagodis.com\/#website","url":"https:\/\/hexagodis.com\/","name":"Hexagodis","description":"Mat\u00e9riel de sport &amp; \u00e9quipement sportif","potentialAction":[{"@type":"SearchAction","target":{"@type":"EntryPoint","urlTemplate":"https:\/\/hexagodis.com\/?s={search_term_string}"},"query-input":{"@type":"PropertyValueSpecification","valueRequired":true,"valueName":"search_term_string"}}],"inLanguage":"fr-FR"}]}},"_links":{"self":[{"href":"https:\/\/hexagodis.com\/index.php\/wp-json\/wp\/v2\/product\/18339","targetHints":{"allow":["GET"]}}],"collection":[{"href":"https:\/\/hexagodis.com\/index.php\/wp-json\/wp\/v2\/product"}],"about":[{"href":"https:\/\/hexagodis.com\/index.php\/wp-json\/wp\/v2\/types\/product"}],"replies":[{"embeddable":true,"href":"https:\/\/hexagodis.com\/index.php\/wp-json\/wp\/v2\/comments?post=18339"}],"version-history":[{"count":1,"href":"https:\/\/hexagodis.com\/index.php\/wp-json\/wp\/v2\/product\/18339\/revisions"}],"predecessor-version":[{"id":18344,"href":"https:\/\/hexagodis.com\/index.php\/wp-json\/wp\/v2\/product\/18339\/revisions\/18344"}],"wp:featuredmedia":[{"embeddable":true,"href":"https:\/\/hexagodis.com\/index.php\/wp-json\/wp\/v2\/media\/18343"}],"wp:attachment":[{"href":"https:\/\/hexagodis.com\/index.php\/wp-json\/wp\/v2\/media?parent=18339"}],"wp:term":[{"taxonomy":"product_brand","embeddable":true,"href":"https:\/\/hexagodis.com\/index.php\/wp-json\/wp\/v2\/product_brand?post=18339"},{"taxonomy":"product_cat","embeddable":true,"href":"https:\/\/hexagodis.com\/index.php\/wp-json\/wp\/v2\/product_cat?post=18339"},{"taxonomy":"product_tag","embeddable":true,"href":"https:\/\/hexagodis.com\/index.php\/wp-json\/wp\/v2\/product_tag?post=18339"}],"curies":[{"name":"wp","href":"https:\/\/api.w.org\/{rel}","templated":true}]}}