{"id":18292,"date":"2025-08-26T13:14:46","date_gmt":"2025-08-26T11:14:46","guid":{"rendered":"https:\/\/hexagodis.com\/?post_type=product&#038;p=18292"},"modified":"2025-08-26T13:14:46","modified_gmt":"2025-08-26T11:14:46","slug":"montre-connectee-garmin-vivoactive-5-gris-avec-bracelet-noir","status":"publish","type":"product","link":"https:\/\/hexagodis.com\/index.php\/produit\/montre-connectee-garmin-vivoactive-5-gris-avec-bracelet-noir\/","title":{"rendered":"Montre connect\u00e9e Garmin Vivoactive 5 Gris avec bracelet Noir"},"content":{"rendered":"<p>D\u00e9couvrez qui vous \u00eates avec la montre connect\u00e9e v\u00edvoactive\u00ae 5. Le coach ultime toujours disponible \u00e0 votre poignet pour vous permettre d&rsquo;atteindre vos objectifs, quels qu&rsquo;ils soient. Avec son \u00e9cran ultra-lumineux et son autonomie allant jusqu&rsquo;\u00e0 11 jours, cette montre connect\u00e9e GPS est con\u00e7ue avec des fonctions essentielles sport &amp; sant\u00e9 pour vous aider \u00e0 mieux comprendre votre corps. La fonction Body Battery\u2122 vous aide \u00e0 surveiller votre niveau d&rsquo;\u00e9nergie gr\u00e2ce \u00e0 des informations personnalis\u00e9es bas\u00e9es sur le sommeil, les siestes, le stress, les entra\u00eenements et plus encore. Am\u00e9liorez la qualit\u00e9 de votre sommeil gr\u00e2ce \u00e0 un coaching personnalis\u00e9, la d\u00e9tection des siestes, ainsi que d&rsquo;autres d\u00e9tails tels que le statut VFC1 . Pendant la journ\u00e9e, variez vos activit\u00e9s avec des entra\u00eenements pr\u00e9charg\u00e9s et plus de 30 sports int\u00e9gr\u00e9s, y compris pour les personnes \u00e0 mobilit\u00e9 r\u00e9duite actives, ainsi que des fonctions d&rsquo;entra\u00eenement avanc\u00e9es pour vous aider \u00e0 rester en forme. Une fois coupl\u00e9e \u00e0 votre smartphone, v\u00edvoactive\u00ae 5 vous permet de recevoir facilement des SMS, des e-mails et d&rsquo;autres Smart Notifications directement \u00e0 votre poignet. De plus, vous profitez de fonctions connect\u00e9es telles que la musique int\u00e9gr\u00e9e, le paiement sans contact Garmin Pay\u2122 et bien plus encore.<\/p>\n<p>&nbsp;<\/p>\n<h2>Caract\u00e9ristiques<\/h2>\n<p>Couleur du bo\u00eetier<br \/>\nNoir<\/p>\n<p>Mati\u00e8re du bo\u00eetier<br \/>\nAluminium<\/p>\n<p>Taille du bracelet<br \/>\n19 cm<\/p>\n<p>Couleur du bracelet<br \/>\nNoir<\/p>\n<p>Mati\u00e8re du bracelet<br \/>\nSilicone<\/p>\n<p>Design de la montre<br \/>\nRond<\/p>\n<p>OS compatible<br \/>\nAndroid<\/p>\n<p>IOS<\/p>\n<p>Compatibilit\u00e9s<br \/>\nR\u00e9ponse aux SMS avec un clavier, Images des SMS sur la montre : Avec le t\u00e9l\u00e9phone connect\u00e9, Android uniquement.<\/p>\n<p>Usage montres et bracelet connect\u00e9<br \/>\nBien-\u00catre \/ Sant\u00e9<\/p>\n<p>Lifestyle<\/p>\n<p>Sport<\/p>\n<p>Type de sport<br \/>\nMulti-sports<\/p>\n<p>Autonomie maximale<br \/>\nJusqu\u2019\u00e0 11 jours (mode connect\u00e9)<\/p>\n<p>Type d&rsquo;alimentation<br \/>\nBatterie<\/p>\n<p>Sans fil<\/p>\n<p>Rechargeable<\/p>\n<p>Etanch\u00e9it\u00e9 de la montre<br \/>\n5ATM \/ 50 m\u00e8tres<\/p>\n<p>Caract\u00e9ristiques \u00e9tanch\u00e9it\u00e9<br \/>\nR\u00e9siste \u00e0 des pressions \u00e9quivalentes \u00e0 50 m \/ 164 ft<\/p>\n<p>Taille d&rsquo;\u00e9cran (pouces)<br \/>\n1,2 \u00a0\u00bb<\/p>\n<p>Caract\u00e9ristiques de l&rsquo;\u00e9cran<br \/>\n\u00c9cran couleur AMOLED 1.2&Prime;<\/p>\n<p>Processeur<br \/>\nNC<\/p>\n<p>Capacit\u00e9 de Stockage<br \/>\n4 Go<\/p>\n<p>Fonctionnalit\u00e9s montre et bracelet connect\u00e9<br \/>\nChronom\u00e8tre<\/p>\n<p>Notifications<br \/>\nOui<\/p>\n<p>Assistant vocal compatible<br \/>\nAutre<\/p>\n<p>Connectique<br \/>\n1 Syst\u00e8me de charge magn\u00e9tique<\/p>\n<p>Connect\u00e9<br \/>\nOui<\/p>\n<p>Contenu du pack<br \/>\nv\u00edvoactive 5, c\u00e2ble, documentation<\/p>\n<p>Mod\u00e8le du produit<br \/>\nVivoactive 5<\/p>\n<p>Poids du produit<br \/>\n36 g<\/p>\n<p>Dimensions<br \/>\n42.2 x 42.2 x 11.1 mm<\/p>\n<p>Disponibilit\u00e9 des pi\u00e8ces d\u00e9tach\u00e9es<br \/>\n2 ANS<\/p>\n<p>Longueur du produit<br \/>\n4,2 cm<\/p>\n<p>Largeur du produit<br \/>\n4,2 cm<\/p>\n<p>Hauteur du produit<br \/>\n1,1 cm<\/p>\n<p>Poids du produit<br \/>\n36 g<\/p>\n<p>Origine de fabrication<br \/>\nFabriqu\u00e9 hors Europe<\/p>\n<p>&nbsp;<\/p>\n","protected":false},"excerpt":{"rendered":"<p>D\u00e9couvrez qui vous \u00eates avec la montre connect\u00e9e v\u00edvoactive\u00ae 5. Le coach ultime toujours disponible \u00e0 votre poignet pour vous<\/p>\n","protected":false},"featured_media":18293,"comment_status":"open","ping_status":"closed","template":"","meta":[],"product_brand":[],"product_cat":[76],"product_tag":[],"class_list":{"0":"post-18292","1":"product","2":"type-product","3":"status-publish","4":"has-post-thumbnail","6":"product_cat-montre-connectee","8":"first","9":"instock","10":"sale","11":"taxable","12":"shipping-taxable","13":"purchasable","14":"product-type-simple"},"yoast_head":"<!-- This site is optimized with the Yoast SEO plugin v24.8.1 - https:\/\/yoast.com\/wordpress\/plugins\/seo\/ -->\n<title>Montre connect\u00e9e Garmin Vivoactive 5 Gris avec bracelet Noir - Hexagodis<\/title>\n<meta name=\"robots\" content=\"index, follow, max-snippet:-1, max-image-preview:large, max-video-preview:-1\" \/>\n<link rel=\"canonical\" href=\"https:\/\/hexagodis.com\/index.php\/produit\/montre-connectee-garmin-vivoactive-5-gris-avec-bracelet-noir\/\" \/>\n<meta property=\"og:locale\" content=\"fr_FR\" \/>\n<meta property=\"og:type\" content=\"article\" \/>\n<meta property=\"og:title\" content=\"Montre connect\u00e9e Garmin Vivoactive 5 Gris avec bracelet Noir - Hexagodis\" \/>\n<meta property=\"og:description\" content=\"D\u00e9couvrez qui vous \u00eates avec la montre connect\u00e9e v\u00edvoactive\u00ae 5. Le coach ultime toujours disponible \u00e0 votre poignet pour vous\" \/>\n<meta property=\"og:url\" content=\"https:\/\/hexagodis.com\/index.php\/produit\/montre-connectee-garmin-vivoactive-5-gris-avec-bracelet-noir\/\" \/>\n<meta property=\"og:site_name\" content=\"Hexagodis\" \/>\n<meta property=\"og:image\" content=\"https:\/\/hexagodis.com\/wp-content\/uploads\/2025\/08\/Montre-connectee-Garmin-Vivoactive-5-Gris-avec-bracelet-Noir-3.jpg\" \/>\n\t<meta property=\"og:image:width\" content=\"340\" \/>\n\t<meta property=\"og:image:height\" content=\"340\" \/>\n\t<meta property=\"og:image:type\" content=\"image\/jpeg\" \/>\n<meta name=\"twitter:card\" content=\"summary_large_image\" \/>\n<meta name=\"twitter:label1\" content=\"Dur\u00e9e de lecture estim\u00e9e\" \/>\n\t<meta name=\"twitter:data1\" content=\"3 minutes\" \/>\n<script type=\"application\/ld+json\" class=\"yoast-schema-graph\">{\"@context\":\"https:\/\/schema.org\",\"@graph\":[{\"@type\":\"WebPage\",\"@id\":\"https:\/\/hexagodis.com\/index.php\/produit\/montre-connectee-garmin-vivoactive-5-gris-avec-bracelet-noir\/\",\"url\":\"https:\/\/hexagodis.com\/index.php\/produit\/montre-connectee-garmin-vivoactive-5-gris-avec-bracelet-noir\/\",\"name\":\"Montre connect\u00e9e Garmin Vivoactive 5 Gris avec bracelet Noir - Hexagodis\",\"isPartOf\":{\"@id\":\"https:\/\/hexagodis.com\/#website\"},\"primaryImageOfPage\":{\"@id\":\"https:\/\/hexagodis.com\/index.php\/produit\/montre-connectee-garmin-vivoactive-5-gris-avec-bracelet-noir\/#primaryimage\"},\"image\":{\"@id\":\"https:\/\/hexagodis.com\/index.php\/produit\/montre-connectee-garmin-vivoactive-5-gris-avec-bracelet-noir\/#primaryimage\"},\"thumbnailUrl\":\"https:\/\/hexagodis.com\/wp-content\/uploads\/2025\/08\/Montre-connectee-Garmin-Vivoactive-5-Gris-avec-bracelet-Noir-3.jpg\",\"datePublished\":\"2025-08-26T11:14:46+00:00\",\"breadcrumb\":{\"@id\":\"https:\/\/hexagodis.com\/index.php\/produit\/montre-connectee-garmin-vivoactive-5-gris-avec-bracelet-noir\/#breadcrumb\"},\"inLanguage\":\"fr-FR\",\"potentialAction\":[{\"@type\":\"ReadAction\",\"target\":[\"https:\/\/hexagodis.com\/index.php\/produit\/montre-connectee-garmin-vivoactive-5-gris-avec-bracelet-noir\/\"]}]},{\"@type\":\"ImageObject\",\"inLanguage\":\"fr-FR\",\"@id\":\"https:\/\/hexagodis.com\/index.php\/produit\/montre-connectee-garmin-vivoactive-5-gris-avec-bracelet-noir\/#primaryimage\",\"url\":\"https:\/\/hexagodis.com\/wp-content\/uploads\/2025\/08\/Montre-connectee-Garmin-Vivoactive-5-Gris-avec-bracelet-Noir-3.jpg\",\"contentUrl\":\"https:\/\/hexagodis.com\/wp-content\/uploads\/2025\/08\/Montre-connectee-Garmin-Vivoactive-5-Gris-avec-bracelet-Noir-3.jpg\",\"width\":340,\"height\":340},{\"@type\":\"BreadcrumbList\",\"@id\":\"https:\/\/hexagodis.com\/index.php\/produit\/montre-connectee-garmin-vivoactive-5-gris-avec-bracelet-noir\/#breadcrumb\",\"itemListElement\":[{\"@type\":\"ListItem\",\"position\":1,\"name\":\"Accueil\",\"item\":\"https:\/\/hexagodis.com\/\"},{\"@type\":\"ListItem\",\"position\":2,\"name\":\"Boutique\",\"item\":\"https:\/\/hexagodis.com\/index.php\/boutique\/\"},{\"@type\":\"ListItem\",\"position\":3,\"name\":\"Montre connect\u00e9e Garmin Vivoactive 5 Gris avec bracelet Noir\"}]},{\"@type\":\"WebSite\",\"@id\":\"https:\/\/hexagodis.com\/#website\",\"url\":\"https:\/\/hexagodis.com\/\",\"name\":\"Hexagodis\",\"description\":\"Mat\u00e9riel de sport &amp; \u00e9quipement sportif\",\"potentialAction\":[{\"@type\":\"SearchAction\",\"target\":{\"@type\":\"EntryPoint\",\"urlTemplate\":\"https:\/\/hexagodis.com\/?s={search_term_string}\"},\"query-input\":{\"@type\":\"PropertyValueSpecification\",\"valueRequired\":true,\"valueName\":\"search_term_string\"}}],\"inLanguage\":\"fr-FR\"}]}<\/script>\n<!-- \/ Yoast SEO plugin. -->","yoast_head_json":{"title":"Montre connect\u00e9e Garmin Vivoactive 5 Gris avec bracelet Noir - Hexagodis","robots":{"index":"index","follow":"follow","max-snippet":"max-snippet:-1","max-image-preview":"max-image-preview:large","max-video-preview":"max-video-preview:-1"},"canonical":"https:\/\/hexagodis.com\/index.php\/produit\/montre-connectee-garmin-vivoactive-5-gris-avec-bracelet-noir\/","og_locale":"fr_FR","og_type":"article","og_title":"Montre connect\u00e9e Garmin Vivoactive 5 Gris avec bracelet Noir - Hexagodis","og_description":"D\u00e9couvrez qui vous \u00eates avec la montre connect\u00e9e v\u00edvoactive\u00ae 5. Le coach ultime toujours disponible \u00e0 votre poignet pour vous","og_url":"https:\/\/hexagodis.com\/index.php\/produit\/montre-connectee-garmin-vivoactive-5-gris-avec-bracelet-noir\/","og_site_name":"Hexagodis","og_image":[{"width":340,"height":340,"url":"https:\/\/hexagodis.com\/wp-content\/uploads\/2025\/08\/Montre-connectee-Garmin-Vivoactive-5-Gris-avec-bracelet-Noir-3.jpg","type":"image\/jpeg"}],"twitter_card":"summary_large_image","twitter_misc":{"Dur\u00e9e de lecture estim\u00e9e":"3 minutes"},"schema":{"@context":"https:\/\/schema.org","@graph":[{"@type":"WebPage","@id":"https:\/\/hexagodis.com\/index.php\/produit\/montre-connectee-garmin-vivoactive-5-gris-avec-bracelet-noir\/","url":"https:\/\/hexagodis.com\/index.php\/produit\/montre-connectee-garmin-vivoactive-5-gris-avec-bracelet-noir\/","name":"Montre connect\u00e9e Garmin Vivoactive 5 Gris avec bracelet Noir - Hexagodis","isPartOf":{"@id":"https:\/\/hexagodis.com\/#website"},"primaryImageOfPage":{"@id":"https:\/\/hexagodis.com\/index.php\/produit\/montre-connectee-garmin-vivoactive-5-gris-avec-bracelet-noir\/#primaryimage"},"image":{"@id":"https:\/\/hexagodis.com\/index.php\/produit\/montre-connectee-garmin-vivoactive-5-gris-avec-bracelet-noir\/#primaryimage"},"thumbnailUrl":"https:\/\/hexagodis.com\/wp-content\/uploads\/2025\/08\/Montre-connectee-Garmin-Vivoactive-5-Gris-avec-bracelet-Noir-3.jpg","datePublished":"2025-08-26T11:14:46+00:00","breadcrumb":{"@id":"https:\/\/hexagodis.com\/index.php\/produit\/montre-connectee-garmin-vivoactive-5-gris-avec-bracelet-noir\/#breadcrumb"},"inLanguage":"fr-FR","potentialAction":[{"@type":"ReadAction","target":["https:\/\/hexagodis.com\/index.php\/produit\/montre-connectee-garmin-vivoactive-5-gris-avec-bracelet-noir\/"]}]},{"@type":"ImageObject","inLanguage":"fr-FR","@id":"https:\/\/hexagodis.com\/index.php\/produit\/montre-connectee-garmin-vivoactive-5-gris-avec-bracelet-noir\/#primaryimage","url":"https:\/\/hexagodis.com\/wp-content\/uploads\/2025\/08\/Montre-connectee-Garmin-Vivoactive-5-Gris-avec-bracelet-Noir-3.jpg","contentUrl":"https:\/\/hexagodis.com\/wp-content\/uploads\/2025\/08\/Montre-connectee-Garmin-Vivoactive-5-Gris-avec-bracelet-Noir-3.jpg","width":340,"height":340},{"@type":"BreadcrumbList","@id":"https:\/\/hexagodis.com\/index.php\/produit\/montre-connectee-garmin-vivoactive-5-gris-avec-bracelet-noir\/#breadcrumb","itemListElement":[{"@type":"ListItem","position":1,"name":"Accueil","item":"https:\/\/hexagodis.com\/"},{"@type":"ListItem","position":2,"name":"Boutique","item":"https:\/\/hexagodis.com\/index.php\/boutique\/"},{"@type":"ListItem","position":3,"name":"Montre connect\u00e9e Garmin Vivoactive 5 Gris avec bracelet Noir"}]},{"@type":"WebSite","@id":"https:\/\/hexagodis.com\/#website","url":"https:\/\/hexagodis.com\/","name":"Hexagodis","description":"Mat\u00e9riel de sport &amp; \u00e9quipement sportif","potentialAction":[{"@type":"SearchAction","target":{"@type":"EntryPoint","urlTemplate":"https:\/\/hexagodis.com\/?s={search_term_string}"},"query-input":{"@type":"PropertyValueSpecification","valueRequired":true,"valueName":"search_term_string"}}],"inLanguage":"fr-FR"}]}},"_links":{"self":[{"href":"https:\/\/hexagodis.com\/index.php\/wp-json\/wp\/v2\/product\/18292","targetHints":{"allow":["GET"]}}],"collection":[{"href":"https:\/\/hexagodis.com\/index.php\/wp-json\/wp\/v2\/product"}],"about":[{"href":"https:\/\/hexagodis.com\/index.php\/wp-json\/wp\/v2\/types\/product"}],"replies":[{"embeddable":true,"href":"https:\/\/hexagodis.com\/index.php\/wp-json\/wp\/v2\/comments?post=18292"}],"version-history":[{"count":2,"href":"https:\/\/hexagodis.com\/index.php\/wp-json\/wp\/v2\/product\/18292\/revisions"}],"predecessor-version":[{"id":18298,"href":"https:\/\/hexagodis.com\/index.php\/wp-json\/wp\/v2\/product\/18292\/revisions\/18298"}],"wp:featuredmedia":[{"embeddable":true,"href":"https:\/\/hexagodis.com\/index.php\/wp-json\/wp\/v2\/media\/18293"}],"wp:attachment":[{"href":"https:\/\/hexagodis.com\/index.php\/wp-json\/wp\/v2\/media?parent=18292"}],"wp:term":[{"taxonomy":"product_brand","embeddable":true,"href":"https:\/\/hexagodis.com\/index.php\/wp-json\/wp\/v2\/product_brand?post=18292"},{"taxonomy":"product_cat","embeddable":true,"href":"https:\/\/hexagodis.com\/index.php\/wp-json\/wp\/v2\/product_cat?post=18292"},{"taxonomy":"product_tag","embeddable":true,"href":"https:\/\/hexagodis.com\/index.php\/wp-json\/wp\/v2\/product_tag?post=18292"}],"curies":[{"name":"wp","href":"https:\/\/api.w.org\/{rel}","templated":true}]}}