{"id":18284,"date":"2025-08-26T13:10:29","date_gmt":"2025-08-26T11:10:29","guid":{"rendered":"https:\/\/hexagodis.com\/?post_type=product&#038;p=18284"},"modified":"2025-08-26T13:10:29","modified_gmt":"2025-08-26T11:10:29","slug":"montre-connectee-garmin-fenix-8-47-mm-gris-avec-bracelet-noir","status":"publish","type":"product","link":"https:\/\/hexagodis.com\/index.php\/produit\/montre-connectee-garmin-fenix-8-47-mm-gris-avec-bracelet-noir\/","title":{"rendered":"Montre connect\u00e9e Garmin fenix 8 47 mm Gris avec bracelet Noir"},"content":{"rendered":"<p>Soyez sans limites. Les montres GPS multisports de la s\u00e9rie fenix 8 sont con\u00e7ues pour les athl\u00e8tes et les aventuriers qui souhaitent d\u00e9passer leurs limites. La s\u00e9rie fenix 8 est d\u00e9sormais disponible avec un \u00e9cran AMOLED lumineux ou un \u00e9cran solaire pour une autonomie longue dur\u00e9e. Avec des boutons m\u00e9talliques \u00e9tanches et l\u2019ajout d\u2019une protection des capteurs, la fenix est \u00e9tanche jusqu&rsquo;\u00e0 100 m\u00e8tres et peut \u00eatre utilis\u00e9e en plong\u00e9e jusqu&rsquo;\u00e0 40 m\u00e8tres. C&rsquo;est la fenix la plus robuste que nous ayons jamais construite jusqu\u2019\u00e0 maintenant. Les deux versions sont disponibles avec un verre en cristal de saphir hautement r\u00e9sistant aux rayures et une lunette en titane robuste. Profitez de plans d&rsquo;entra\u00eenement avanc\u00e9s et d&rsquo;entra\u00eenements cibl\u00e9s pour de nombreux types d&rsquo;activit\u00e9s afin de renforcer votre endurance et augmenter votre niveau de performance.<\/p>\n<p>Un haut-parleur et micro int\u00e9gr\u00e9s vous permettent de passer et de recevoir des appels directement depuis votre poignet lorsque votre montre est jumel\u00e9e \u00e0 votre smartphone. De plus, elle dispose d\u2019une puissante lampe de poche LED int\u00e9gr\u00e9e avec des intensit\u00e9s lumineuses variables. Une lumi\u00e8re de s\u00e9curit\u00e9 rouge vous donne une meilleure visibilit\u00e9 lorsque vous vous entra\u00eenez dans l&rsquo;obscurit\u00e9 et peut vous fournir un \u00e9clairage pratique lorsque vous en avez besoin. Profitez de longues aventures gr\u00e2ce \u00e0 une autonomie am\u00e9lior\u00e9e pour les versions fenix 8 AMOLED et fenix 8 Solar. Les fonctionnalit\u00e9s suppl\u00e9mentaires incluent le stockage de musiques, le paiement sans contact1 Garmin Pay , les Smart Notifications2 et bien plus encore.<\/p>\n<p>Passez et prenez des appels t\u00e9l\u00e9phoniques depuis votre montre lorsqu\u2019elle est coupl\u00e9e \u00e0 votre smartphone. De plus, contr\u00f4lez les fonctions de la montre \u00e0 l\u2019aide de commandes vocales (hors r\u00e9seau) ou utilisez l\u2019assistant vocal de votre smartphone pour r\u00e9pondre aux messages texte et bien plus encore.<\/p>\n<p>Am\u00e9liorez les performances de votre corps et pr\u00e9venez les blessures gr\u00e2ce \u00e0 des plans de musculation cibl\u00e9s, ainsi qu\u2019\u00e0 des entra\u00eenements sp\u00e9cifiques au sport pour de nombreux types d\u2019activit\u00e9s.<\/p>\n<p>Explorez de nouveaux panoramas avec les cartes TopoActive3 avec relief ombr\u00e9, ainsi que les cartes int\u00e9gr\u00e9es de milliers de parcours de golf et de stations de ski dans le monde entier.<\/p>\n<p>La fonction d\u2019itin\u00e9raire aller-retour dynamique vous permet d\u2019entrer la distance que vous voulez parcourir et vous propose des itin\u00e9raires qui vous guideront \u00e0 l\u2019heure m\u00eame si vous vous \u00e9cartez de votre parcours.<\/p>\n<p>Les fonctions de plong\u00e9e jusqu\u2019\u00e0 40 m\u00e8tres et les boutons m\u00e9talliques \u00e9tanches vous permettent d\u2019atteindre de nouvelles profondeurs gr\u00e2ce \u00e0 une prise en charge de l\u2019application d\u00e9di\u00e9e aux activit\u00e9s de plong\u00e9e sous-marine et d\u2019apn\u00e9e.<\/p>\n<p>Utilisez cette fonctionnalit\u00e9 pour partager facilement des emplacements, des parcours et des entra\u00eenements enregistr\u00e9s avec les appareils Garmin compatibles de vos amis.<\/p>\n<p>&nbsp;<\/p>\n<h2>Caract\u00e9ristiques<\/h2>\n<p>Taille du cadran<br \/>\n47 mm<\/p>\n<p>Couleur du bo\u00eetier<br \/>\nGris<\/p>\n<p>Mati\u00e8re du bo\u00eetier<br \/>\nAcier Polym\u00e8re renforc\u00e9 de fibres avec fond de boitier en m\u00e9tal (Titane ou Acier)<\/p>\n<p>Taille du bracelet<br \/>\n22 cm<\/p>\n<p>Couleur du bracelet<br \/>\nNoir<\/p>\n<p>Mati\u00e8re du bracelet<br \/>\nSilicone<\/p>\n<p>Design de la montre<br \/>\nRond<\/p>\n<p>OS compatible<br \/>\nAndroid<\/p>\n<p>Usage montres et bracelet connect\u00e9<br \/>\nBien-\u00catre \/ Sant\u00e9<\/p>\n<p>Sport<\/p>\n<p>Type de sport<br \/>\nMulti-sports<\/p>\n<p>Autonomie maximale<br \/>\nSmartwatch: jusqu\u2019\u00e0 16 jours (7 jours \u00e9cran allum\u00e9 en permanence) GPS : jusqu\u2019\u00e0 47 heures (37 heures \u00e9cran allum\u00e9 en permanence)<\/p>\n<p>Type d&rsquo;alimentation<br \/>\nBatterie<\/p>\n<p>Etanch\u00e9it\u00e9 de la montre<br \/>\n10 ATM \/ 100 m\u00e8tres<\/p>\n<p>Caract\u00e9ristiques \u00e9tanch\u00e9it\u00e9<br \/>\nR\u00e9siste \u00e0 des pressions \u00e9quivalentes \u00e0 une profondeur de 100 m\u00e8tres<\/p>\n<p>Taille d&rsquo;\u00e9cran (pouces)<br \/>\n1,4 \u00a0\u00bb<\/p>\n<p>Caract\u00e9ristiques de l&rsquo;\u00e9cran<br \/>\nAMOLED 454 x 454 pixels<\/p>\n<p>Capacit\u00e9 de Stockage<br \/>\n32 Go<\/p>\n<p>Communications sans fil<br \/>\nBluetooth<\/p>\n<p>Wi-Fi<\/p>\n<p>Fonctionnalit\u00e9s montre et bracelet connect\u00e9<br \/>\nAffichage des notifications<\/p>\n<p>Altim\u00e8tre<\/p>\n<p>Barom\u00e8tre<\/p>\n<p>Boussole<\/p>\n<p>Cardio fr\u00e9quencem\u00e8tre<\/p>\n<p>Chronom\u00e8tre<\/p>\n<p>Coach int\u00e9gr\u00e9<\/p>\n<p>Distance parcourue<\/p>\n<p>GPS int\u00e9gr\u00e9<\/p>\n<p>Paiement<\/p>\n<p>Suivi du sommeil<\/p>\n<p>Vo2max<\/p>\n<p>Notifications<br \/>\nNotifications intelligentes<\/p>\n<p>Assistant vocal compatible<br \/>\nAssistant Google<\/p>\n<p>Siri<\/p>\n<p>Connect\u00e9<br \/>\nOui<\/p>\n<p>Mod\u00e8le du produit<br \/>\nFenix 8<\/p>\n<p>Poids du produit<br \/>\n80 g<\/p>\n<p>Indice DAS Tronc<br \/>\n0.22<\/p>\n<p>Indice DAS membre en W\/Kg<br \/>\n0.26<\/p>\n<p>Disponibilit\u00e9 des pi\u00e8ces d\u00e9tach\u00e9es<br \/>\n2 ANS<\/p>\n<p>Longueur du produit<br \/>\n4,7 cm<\/p>\n<p>Largeur du produit<br \/>\n4,7 cm<\/p>\n<p>Hauteur du produit<br \/>\n1,4 cm<\/p>\n<p>Poids du produit<br \/>\n180 g<\/p>\n<p>Origine de fabrication<br \/>\nFabriqu\u00e9 hors Europe<\/p>\n","protected":false},"excerpt":{"rendered":"<p>Taille du cadran<br \/>\n47mm<\/p>\n<p>Couleur du bo\u00eetier<br \/>\nGris<\/p>\n<p>Mati\u00e8re du bo\u00eetier<br \/>\nAcier<\/p>\n<p>OS compatible<br \/>\nAndroid<\/p>\n","protected":false},"featured_media":18288,"comment_status":"open","ping_status":"closed","template":"","meta":[],"product_brand":[],"product_cat":[76],"product_tag":[],"class_list":{"0":"post-18284","1":"product","2":"type-product","3":"status-publish","4":"has-post-thumbnail","6":"product_cat-montre-connectee","8":"first","9":"instock","10":"sale","11":"taxable","12":"shipping-taxable","13":"purchasable","14":"product-type-simple"},"yoast_head":"<!-- This site is optimized with the Yoast SEO plugin v24.8.1 - https:\/\/yoast.com\/wordpress\/plugins\/seo\/ -->\n<title>Montre connect\u00e9e Garmin fenix 8 47 mm Gris avec bracelet Noir - Hexagodis<\/title>\n<meta name=\"robots\" content=\"index, follow, max-snippet:-1, max-image-preview:large, max-video-preview:-1\" \/>\n<link rel=\"canonical\" href=\"https:\/\/hexagodis.com\/index.php\/produit\/montre-connectee-garmin-fenix-8-47-mm-gris-avec-bracelet-noir\/\" \/>\n<meta property=\"og:locale\" content=\"fr_FR\" \/>\n<meta property=\"og:type\" content=\"article\" \/>\n<meta property=\"og:title\" content=\"Montre connect\u00e9e Garmin fenix 8 47 mm Gris avec bracelet Noir - Hexagodis\" \/>\n<meta property=\"og:description\" content=\"Taille du cadran 47mm  Couleur du bo\u00eetier Gris  Mati\u00e8re du bo\u00eetier Acier  OS compatible Android\" \/>\n<meta property=\"og:url\" content=\"https:\/\/hexagodis.com\/index.php\/produit\/montre-connectee-garmin-fenix-8-47-mm-gris-avec-bracelet-noir\/\" \/>\n<meta property=\"og:site_name\" content=\"Hexagodis\" \/>\n<meta property=\"og:image\" content=\"https:\/\/hexagodis.com\/wp-content\/uploads\/2025\/08\/Montre-connectee-Garmin-fenix-8-47-mm-Gris-avec-bracelet-Noir-2.jpg\" \/>\n\t<meta property=\"og:image:width\" content=\"500\" \/>\n\t<meta property=\"og:image:height\" content=\"500\" \/>\n\t<meta property=\"og:image:type\" content=\"image\/jpeg\" \/>\n<meta name=\"twitter:card\" content=\"summary_large_image\" \/>\n<meta name=\"twitter:label1\" content=\"Dur\u00e9e de lecture estim\u00e9e\" \/>\n\t<meta name=\"twitter:data1\" content=\"4 minutes\" \/>\n<script type=\"application\/ld+json\" class=\"yoast-schema-graph\">{\"@context\":\"https:\/\/schema.org\",\"@graph\":[{\"@type\":\"WebPage\",\"@id\":\"https:\/\/hexagodis.com\/index.php\/produit\/montre-connectee-garmin-fenix-8-47-mm-gris-avec-bracelet-noir\/\",\"url\":\"https:\/\/hexagodis.com\/index.php\/produit\/montre-connectee-garmin-fenix-8-47-mm-gris-avec-bracelet-noir\/\",\"name\":\"Montre connect\u00e9e Garmin fenix 8 47 mm Gris avec bracelet Noir - Hexagodis\",\"isPartOf\":{\"@id\":\"https:\/\/hexagodis.com\/#website\"},\"primaryImageOfPage\":{\"@id\":\"https:\/\/hexagodis.com\/index.php\/produit\/montre-connectee-garmin-fenix-8-47-mm-gris-avec-bracelet-noir\/#primaryimage\"},\"image\":{\"@id\":\"https:\/\/hexagodis.com\/index.php\/produit\/montre-connectee-garmin-fenix-8-47-mm-gris-avec-bracelet-noir\/#primaryimage\"},\"thumbnailUrl\":\"https:\/\/hexagodis.com\/wp-content\/uploads\/2025\/08\/Montre-connectee-Garmin-fenix-8-47-mm-Gris-avec-bracelet-Noir-2.jpg\",\"datePublished\":\"2025-08-26T11:10:29+00:00\",\"breadcrumb\":{\"@id\":\"https:\/\/hexagodis.com\/index.php\/produit\/montre-connectee-garmin-fenix-8-47-mm-gris-avec-bracelet-noir\/#breadcrumb\"},\"inLanguage\":\"fr-FR\",\"potentialAction\":[{\"@type\":\"ReadAction\",\"target\":[\"https:\/\/hexagodis.com\/index.php\/produit\/montre-connectee-garmin-fenix-8-47-mm-gris-avec-bracelet-noir\/\"]}]},{\"@type\":\"ImageObject\",\"inLanguage\":\"fr-FR\",\"@id\":\"https:\/\/hexagodis.com\/index.php\/produit\/montre-connectee-garmin-fenix-8-47-mm-gris-avec-bracelet-noir\/#primaryimage\",\"url\":\"https:\/\/hexagodis.com\/wp-content\/uploads\/2025\/08\/Montre-connectee-Garmin-fenix-8-47-mm-Gris-avec-bracelet-Noir-2.jpg\",\"contentUrl\":\"https:\/\/hexagodis.com\/wp-content\/uploads\/2025\/08\/Montre-connectee-Garmin-fenix-8-47-mm-Gris-avec-bracelet-Noir-2.jpg\",\"width\":500,\"height\":500},{\"@type\":\"BreadcrumbList\",\"@id\":\"https:\/\/hexagodis.com\/index.php\/produit\/montre-connectee-garmin-fenix-8-47-mm-gris-avec-bracelet-noir\/#breadcrumb\",\"itemListElement\":[{\"@type\":\"ListItem\",\"position\":1,\"name\":\"Accueil\",\"item\":\"https:\/\/hexagodis.com\/\"},{\"@type\":\"ListItem\",\"position\":2,\"name\":\"Boutique\",\"item\":\"https:\/\/hexagodis.com\/index.php\/boutique\/\"},{\"@type\":\"ListItem\",\"position\":3,\"name\":\"Montre connect\u00e9e Garmin fenix 8 47 mm Gris avec bracelet Noir\"}]},{\"@type\":\"WebSite\",\"@id\":\"https:\/\/hexagodis.com\/#website\",\"url\":\"https:\/\/hexagodis.com\/\",\"name\":\"Hexagodis\",\"description\":\"Mat\u00e9riel de sport &amp; \u00e9quipement sportif\",\"potentialAction\":[{\"@type\":\"SearchAction\",\"target\":{\"@type\":\"EntryPoint\",\"urlTemplate\":\"https:\/\/hexagodis.com\/?s={search_term_string}\"},\"query-input\":{\"@type\":\"PropertyValueSpecification\",\"valueRequired\":true,\"valueName\":\"search_term_string\"}}],\"inLanguage\":\"fr-FR\"}]}<\/script>\n<!-- \/ Yoast SEO plugin. -->","yoast_head_json":{"title":"Montre connect\u00e9e Garmin fenix 8 47 mm Gris avec bracelet Noir - Hexagodis","robots":{"index":"index","follow":"follow","max-snippet":"max-snippet:-1","max-image-preview":"max-image-preview:large","max-video-preview":"max-video-preview:-1"},"canonical":"https:\/\/hexagodis.com\/index.php\/produit\/montre-connectee-garmin-fenix-8-47-mm-gris-avec-bracelet-noir\/","og_locale":"fr_FR","og_type":"article","og_title":"Montre connect\u00e9e Garmin fenix 8 47 mm Gris avec bracelet Noir - Hexagodis","og_description":"Taille du cadran 47mm  Couleur du bo\u00eetier Gris  Mati\u00e8re du bo\u00eetier Acier  OS compatible Android","og_url":"https:\/\/hexagodis.com\/index.php\/produit\/montre-connectee-garmin-fenix-8-47-mm-gris-avec-bracelet-noir\/","og_site_name":"Hexagodis","og_image":[{"width":500,"height":500,"url":"https:\/\/hexagodis.com\/wp-content\/uploads\/2025\/08\/Montre-connectee-Garmin-fenix-8-47-mm-Gris-avec-bracelet-Noir-2.jpg","type":"image\/jpeg"}],"twitter_card":"summary_large_image","twitter_misc":{"Dur\u00e9e de lecture estim\u00e9e":"4 minutes"},"schema":{"@context":"https:\/\/schema.org","@graph":[{"@type":"WebPage","@id":"https:\/\/hexagodis.com\/index.php\/produit\/montre-connectee-garmin-fenix-8-47-mm-gris-avec-bracelet-noir\/","url":"https:\/\/hexagodis.com\/index.php\/produit\/montre-connectee-garmin-fenix-8-47-mm-gris-avec-bracelet-noir\/","name":"Montre connect\u00e9e Garmin fenix 8 47 mm Gris avec bracelet Noir - Hexagodis","isPartOf":{"@id":"https:\/\/hexagodis.com\/#website"},"primaryImageOfPage":{"@id":"https:\/\/hexagodis.com\/index.php\/produit\/montre-connectee-garmin-fenix-8-47-mm-gris-avec-bracelet-noir\/#primaryimage"},"image":{"@id":"https:\/\/hexagodis.com\/index.php\/produit\/montre-connectee-garmin-fenix-8-47-mm-gris-avec-bracelet-noir\/#primaryimage"},"thumbnailUrl":"https:\/\/hexagodis.com\/wp-content\/uploads\/2025\/08\/Montre-connectee-Garmin-fenix-8-47-mm-Gris-avec-bracelet-Noir-2.jpg","datePublished":"2025-08-26T11:10:29+00:00","breadcrumb":{"@id":"https:\/\/hexagodis.com\/index.php\/produit\/montre-connectee-garmin-fenix-8-47-mm-gris-avec-bracelet-noir\/#breadcrumb"},"inLanguage":"fr-FR","potentialAction":[{"@type":"ReadAction","target":["https:\/\/hexagodis.com\/index.php\/produit\/montre-connectee-garmin-fenix-8-47-mm-gris-avec-bracelet-noir\/"]}]},{"@type":"ImageObject","inLanguage":"fr-FR","@id":"https:\/\/hexagodis.com\/index.php\/produit\/montre-connectee-garmin-fenix-8-47-mm-gris-avec-bracelet-noir\/#primaryimage","url":"https:\/\/hexagodis.com\/wp-content\/uploads\/2025\/08\/Montre-connectee-Garmin-fenix-8-47-mm-Gris-avec-bracelet-Noir-2.jpg","contentUrl":"https:\/\/hexagodis.com\/wp-content\/uploads\/2025\/08\/Montre-connectee-Garmin-fenix-8-47-mm-Gris-avec-bracelet-Noir-2.jpg","width":500,"height":500},{"@type":"BreadcrumbList","@id":"https:\/\/hexagodis.com\/index.php\/produit\/montre-connectee-garmin-fenix-8-47-mm-gris-avec-bracelet-noir\/#breadcrumb","itemListElement":[{"@type":"ListItem","position":1,"name":"Accueil","item":"https:\/\/hexagodis.com\/"},{"@type":"ListItem","position":2,"name":"Boutique","item":"https:\/\/hexagodis.com\/index.php\/boutique\/"},{"@type":"ListItem","position":3,"name":"Montre connect\u00e9e Garmin fenix 8 47 mm Gris avec bracelet Noir"}]},{"@type":"WebSite","@id":"https:\/\/hexagodis.com\/#website","url":"https:\/\/hexagodis.com\/","name":"Hexagodis","description":"Mat\u00e9riel de sport &amp; \u00e9quipement sportif","potentialAction":[{"@type":"SearchAction","target":{"@type":"EntryPoint","urlTemplate":"https:\/\/hexagodis.com\/?s={search_term_string}"},"query-input":{"@type":"PropertyValueSpecification","valueRequired":true,"valueName":"search_term_string"}}],"inLanguage":"fr-FR"}]}},"_links":{"self":[{"href":"https:\/\/hexagodis.com\/index.php\/wp-json\/wp\/v2\/product\/18284","targetHints":{"allow":["GET"]}}],"collection":[{"href":"https:\/\/hexagodis.com\/index.php\/wp-json\/wp\/v2\/product"}],"about":[{"href":"https:\/\/hexagodis.com\/index.php\/wp-json\/wp\/v2\/types\/product"}],"replies":[{"embeddable":true,"href":"https:\/\/hexagodis.com\/index.php\/wp-json\/wp\/v2\/comments?post=18284"}],"version-history":[{"count":1,"href":"https:\/\/hexagodis.com\/index.php\/wp-json\/wp\/v2\/product\/18284\/revisions"}],"predecessor-version":[{"id":18291,"href":"https:\/\/hexagodis.com\/index.php\/wp-json\/wp\/v2\/product\/18284\/revisions\/18291"}],"wp:featuredmedia":[{"embeddable":true,"href":"https:\/\/hexagodis.com\/index.php\/wp-json\/wp\/v2\/media\/18288"}],"wp:attachment":[{"href":"https:\/\/hexagodis.com\/index.php\/wp-json\/wp\/v2\/media?parent=18284"}],"wp:term":[{"taxonomy":"product_brand","embeddable":true,"href":"https:\/\/hexagodis.com\/index.php\/wp-json\/wp\/v2\/product_brand?post=18284"},{"taxonomy":"product_cat","embeddable":true,"href":"https:\/\/hexagodis.com\/index.php\/wp-json\/wp\/v2\/product_cat?post=18284"},{"taxonomy":"product_tag","embeddable":true,"href":"https:\/\/hexagodis.com\/index.php\/wp-json\/wp\/v2\/product_tag?post=18284"}],"curies":[{"name":"wp","href":"https:\/\/api.w.org\/{rel}","templated":true}]}}