{"id":18272,"date":"2025-08-26T12:39:04","date_gmt":"2025-08-26T10:39:04","guid":{"rendered":"https:\/\/hexagodis.com\/?post_type=product&#038;p=18272"},"modified":"2025-08-26T12:39:04","modified_gmt":"2025-08-26T10:39:04","slug":"montre-connectee-samsung-galaxy-watch-8-classic-bluetooth-noir","status":"publish","type":"product","link":"https:\/\/hexagodis.com\/index.php\/produit\/montre-connectee-samsung-galaxy-watch-8-classic-bluetooth-noir\/","title":{"rendered":"Montre connect\u00e9e Samsung Galaxy Watch 8 Classic Bluetooth Noir"},"content":{"rendered":"<p>Couronne rotative iconique<\/p>\n<p>IA sur Watch, Galaxy AI<\/p>\n<p>Coach sommeil individualis\u00e9<\/p>\n<p>Coach running personnel<\/p>\n<p>Samsung Health<\/p>\n<p>&nbsp;<\/p>\n<h2>Caract\u00e9ristiques<\/h2>\n<p>Couleur du bo\u00eetier<br \/>\nArgent<\/p>\n<p>Mati\u00e8re du bo\u00eetier<br \/>\nAcier<\/p>\n<p>Couleur du bracelet<br \/>\nNoir<\/p>\n<p>Mati\u00e8re du bracelet<br \/>\nCuir \u00e9cologique hybride<\/p>\n<p>Design de la montre<br \/>\nRond<\/p>\n<p>OS compatible<br \/>\nAndroid 12.0+<\/p>\n<p>Syst\u00e8me d&rsquo;exploitation de la montre<br \/>\nWatchOS One UI 8.0<\/p>\n<p>Compatibilit\u00e9s<br \/>\nAndroid 12.0+<\/p>\n<p>Usage montres et bracelet connect\u00e9<br \/>\nBien-\u00catre \/ Sant\u00e9<\/p>\n<p>Sport<\/p>\n<p>Type de sport<br \/>\nMulti-sports<\/p>\n<p>Running<\/p>\n<p>Autonomie maximale<br \/>\n30 heures<\/p>\n<p>Type d&rsquo;alimentation<br \/>\nBatterie<\/p>\n<p>Sans fil<\/p>\n<p>Rechargeable<\/p>\n<p>Etanch\u00e9it\u00e9 de la montre<br \/>\n5ATM \/ 50 m\u00e8tres<\/p>\n<p>Caract\u00e9ristiques \u00e9tanch\u00e9it\u00e9<br \/>\n5 ATM , IP68, MID-STD-810H (certif. militaire)<\/p>\n<p>Taille d&rsquo;\u00e9cran (pouces)<br \/>\n1,34 \u00a0\u00bb<\/p>\n<p>Caract\u00e9ristiques de l&rsquo;\u00e9cran<br \/>\n1,34&Prime; (438&#215;438), 327 ppi, Super AMOLED, 3000 nits<\/p>\n<p>Processeur<br \/>\nExynos W1000 (5 core, 3nm)<\/p>\n<p>Capacit\u00e9 de Stockage<br \/>\n64 Go<\/p>\n<p>Communications sans fil<br \/>\n4G<\/p>\n<p>Bluetooth 5.3<\/p>\n<p>Wi-Fi 2.4 GHz &amp; 5 GHz<\/p>\n<p>NFC<\/p>\n<p>Fonctionnalit\u00e9s montre et bracelet connect\u00e9<br \/>\nAcc\u00e9l\u00e9rom\u00e8tre<\/p>\n<p>Affichage des notifications<\/p>\n<p>Altim\u00e8tre<\/p>\n<p>Calorie d\u00e9pens\u00e9e<\/p>\n<p>Cardio fr\u00e9quencem\u00e8tre<\/p>\n<p>Distance parcourue<\/p>\n<p>GPS int\u00e9gr\u00e9<\/p>\n<p>Paiement<\/p>\n<p>Suivi du sommeil<\/p>\n<p>Thermom\u00e8tre<\/p>\n<p>Vo2max<\/p>\n<p>Notifications<br \/>\nNotification d\u2019arythmie (IHRN), Notifications de FC \u00e9lev\u00e9e, Notification de stress \u00e9lev\u00e9, Notifications r\u00e9seaux sociaux<\/p>\n<p>Assistant vocal compatible<br \/>\nSamsung Bixby<\/p>\n<p>Connectique<br \/>\n1 USB Type C<\/p>\n<p>Connect\u00e9<br \/>\nOui<\/p>\n<p>Contenu du pack<br \/>\nGalaxy Watch8 Classic BT, Bracelet hybride premium (S\/M\/L), Chargeur sans fil USB-C, Notice d\u2019utilisation<\/p>\n<p>Mod\u00e8le du produit<br \/>\nWATCH 8 CLASSIC<\/p>\n<p>Poids du produit<br \/>\n63,5 g<\/p>\n<p>Dimensions<br \/>\n46,7 x 46 x 10,6 mm<\/p>\n<p>Disponibilit\u00e9 des pi\u00e8ces d\u00e9tach\u00e9es<br \/>\n7 ANS<\/p>\n<p>Longueur du produit<br \/>\n4,3 cm<\/p>\n<p>Largeur du produit<br \/>\n4,3 cm<\/p>\n<p>Profondeur<br \/>\n10,6 mm<\/p>\n<p>Hauteur du produit<br \/>\n1 cm<\/p>\n<p>Poids du produit<br \/>\n63 g<\/p>\n<p>Origine de fabrication<br \/>\nFabriqu\u00e9 hors Europe .<\/p>\n","protected":false},"excerpt":{"rendered":"<p>Couleur du bo\u00eetier<br \/>\nArgent<\/p>\n<p>Mati\u00e8re du bo\u00eetier<br \/>\nAcier<\/p>\n<p>OS compatible<br \/>\nAndroid<\/p>\n<p>Mod\u00e8le du produit<br \/>\nWATCH 8 CLASSIC<\/p>\n","protected":false},"featured_media":18282,"comment_status":"open","ping_status":"closed","template":"","meta":[],"product_brand":[],"product_cat":[76],"product_tag":[],"class_list":{"0":"post-18272","1":"product","2":"type-product","3":"status-publish","4":"has-post-thumbnail","6":"product_cat-montre-connectee","8":"first","9":"instock","10":"sale","11":"taxable","12":"shipping-taxable","13":"purchasable","14":"product-type-simple"},"yoast_head":"<!-- This site is optimized with the Yoast SEO plugin v24.8.1 - https:\/\/yoast.com\/wordpress\/plugins\/seo\/ -->\n<title>Montre connect\u00e9e Samsung Galaxy Watch 8 Classic Bluetooth Noir - Hexagodis<\/title>\n<meta name=\"robots\" content=\"index, follow, max-snippet:-1, max-image-preview:large, max-video-preview:-1\" \/>\n<link rel=\"canonical\" href=\"https:\/\/hexagodis.com\/index.php\/produit\/montre-connectee-samsung-galaxy-watch-8-classic-bluetooth-noir\/\" \/>\n<meta property=\"og:locale\" content=\"fr_FR\" \/>\n<meta property=\"og:type\" content=\"article\" \/>\n<meta property=\"og:title\" content=\"Montre connect\u00e9e Samsung Galaxy Watch 8 Classic Bluetooth Noir - Hexagodis\" \/>\n<meta property=\"og:description\" content=\"Couleur du bo\u00eetier Argent  Mati\u00e8re du bo\u00eetier Acier  OS compatible Android  Mod\u00e8le du produit WATCH 8 CLASSIC\" \/>\n<meta property=\"og:url\" content=\"https:\/\/hexagodis.com\/index.php\/produit\/montre-connectee-samsung-galaxy-watch-8-classic-bluetooth-noir\/\" \/>\n<meta property=\"og:site_name\" content=\"Hexagodis\" \/>\n<meta property=\"og:image\" content=\"https:\/\/hexagodis.com\/wp-content\/uploads\/2025\/08\/Montre-connectee-Samsung-Galaxy-Watch-8-Claic-Bluetooth-Noir.jpg\" \/>\n\t<meta property=\"og:image:width\" content=\"1000\" \/>\n\t<meta property=\"og:image:height\" content=\"1000\" \/>\n\t<meta property=\"og:image:type\" content=\"image\/jpeg\" \/>\n<meta name=\"twitter:card\" content=\"summary_large_image\" \/>\n<meta name=\"twitter:label1\" content=\"Dur\u00e9e de lecture estim\u00e9e\" \/>\n\t<meta name=\"twitter:data1\" content=\"2 minutes\" \/>\n<script type=\"application\/ld+json\" class=\"yoast-schema-graph\">{\"@context\":\"https:\/\/schema.org\",\"@graph\":[{\"@type\":\"WebPage\",\"@id\":\"https:\/\/hexagodis.com\/index.php\/produit\/montre-connectee-samsung-galaxy-watch-8-classic-bluetooth-noir\/\",\"url\":\"https:\/\/hexagodis.com\/index.php\/produit\/montre-connectee-samsung-galaxy-watch-8-classic-bluetooth-noir\/\",\"name\":\"Montre connect\u00e9e Samsung Galaxy Watch 8 Classic Bluetooth Noir - Hexagodis\",\"isPartOf\":{\"@id\":\"https:\/\/hexagodis.com\/#website\"},\"primaryImageOfPage\":{\"@id\":\"https:\/\/hexagodis.com\/index.php\/produit\/montre-connectee-samsung-galaxy-watch-8-classic-bluetooth-noir\/#primaryimage\"},\"image\":{\"@id\":\"https:\/\/hexagodis.com\/index.php\/produit\/montre-connectee-samsung-galaxy-watch-8-classic-bluetooth-noir\/#primaryimage\"},\"thumbnailUrl\":\"https:\/\/hexagodis.com\/wp-content\/uploads\/2025\/08\/Montre-connectee-Samsung-Galaxy-Watch-8-Claic-Bluetooth-Noir.jpg\",\"datePublished\":\"2025-08-26T10:39:04+00:00\",\"breadcrumb\":{\"@id\":\"https:\/\/hexagodis.com\/index.php\/produit\/montre-connectee-samsung-galaxy-watch-8-classic-bluetooth-noir\/#breadcrumb\"},\"inLanguage\":\"fr-FR\",\"potentialAction\":[{\"@type\":\"ReadAction\",\"target\":[\"https:\/\/hexagodis.com\/index.php\/produit\/montre-connectee-samsung-galaxy-watch-8-classic-bluetooth-noir\/\"]}]},{\"@type\":\"ImageObject\",\"inLanguage\":\"fr-FR\",\"@id\":\"https:\/\/hexagodis.com\/index.php\/produit\/montre-connectee-samsung-galaxy-watch-8-classic-bluetooth-noir\/#primaryimage\",\"url\":\"https:\/\/hexagodis.com\/wp-content\/uploads\/2025\/08\/Montre-connectee-Samsung-Galaxy-Watch-8-Claic-Bluetooth-Noir.jpg\",\"contentUrl\":\"https:\/\/hexagodis.com\/wp-content\/uploads\/2025\/08\/Montre-connectee-Samsung-Galaxy-Watch-8-Claic-Bluetooth-Noir.jpg\",\"width\":1000,\"height\":1000},{\"@type\":\"BreadcrumbList\",\"@id\":\"https:\/\/hexagodis.com\/index.php\/produit\/montre-connectee-samsung-galaxy-watch-8-classic-bluetooth-noir\/#breadcrumb\",\"itemListElement\":[{\"@type\":\"ListItem\",\"position\":1,\"name\":\"Accueil\",\"item\":\"https:\/\/hexagodis.com\/\"},{\"@type\":\"ListItem\",\"position\":2,\"name\":\"Boutique\",\"item\":\"https:\/\/hexagodis.com\/index.php\/boutique\/\"},{\"@type\":\"ListItem\",\"position\":3,\"name\":\"Montre connect\u00e9e Samsung Galaxy Watch 8 Classic Bluetooth Noir\"}]},{\"@type\":\"WebSite\",\"@id\":\"https:\/\/hexagodis.com\/#website\",\"url\":\"https:\/\/hexagodis.com\/\",\"name\":\"Hexagodis\",\"description\":\"Mat\u00e9riel de sport &amp; \u00e9quipement sportif\",\"potentialAction\":[{\"@type\":\"SearchAction\",\"target\":{\"@type\":\"EntryPoint\",\"urlTemplate\":\"https:\/\/hexagodis.com\/?s={search_term_string}\"},\"query-input\":{\"@type\":\"PropertyValueSpecification\",\"valueRequired\":true,\"valueName\":\"search_term_string\"}}],\"inLanguage\":\"fr-FR\"}]}<\/script>\n<!-- \/ Yoast SEO plugin. -->","yoast_head_json":{"title":"Montre connect\u00e9e Samsung Galaxy Watch 8 Classic Bluetooth Noir - Hexagodis","robots":{"index":"index","follow":"follow","max-snippet":"max-snippet:-1","max-image-preview":"max-image-preview:large","max-video-preview":"max-video-preview:-1"},"canonical":"https:\/\/hexagodis.com\/index.php\/produit\/montre-connectee-samsung-galaxy-watch-8-classic-bluetooth-noir\/","og_locale":"fr_FR","og_type":"article","og_title":"Montre connect\u00e9e Samsung Galaxy Watch 8 Classic Bluetooth Noir - Hexagodis","og_description":"Couleur du bo\u00eetier Argent  Mati\u00e8re du bo\u00eetier Acier  OS compatible Android  Mod\u00e8le du produit WATCH 8 CLASSIC","og_url":"https:\/\/hexagodis.com\/index.php\/produit\/montre-connectee-samsung-galaxy-watch-8-classic-bluetooth-noir\/","og_site_name":"Hexagodis","og_image":[{"width":1000,"height":1000,"url":"https:\/\/hexagodis.com\/wp-content\/uploads\/2025\/08\/Montre-connectee-Samsung-Galaxy-Watch-8-Claic-Bluetooth-Noir.jpg","type":"image\/jpeg"}],"twitter_card":"summary_large_image","twitter_misc":{"Dur\u00e9e de lecture estim\u00e9e":"2 minutes"},"schema":{"@context":"https:\/\/schema.org","@graph":[{"@type":"WebPage","@id":"https:\/\/hexagodis.com\/index.php\/produit\/montre-connectee-samsung-galaxy-watch-8-classic-bluetooth-noir\/","url":"https:\/\/hexagodis.com\/index.php\/produit\/montre-connectee-samsung-galaxy-watch-8-classic-bluetooth-noir\/","name":"Montre connect\u00e9e Samsung Galaxy Watch 8 Classic Bluetooth Noir - Hexagodis","isPartOf":{"@id":"https:\/\/hexagodis.com\/#website"},"primaryImageOfPage":{"@id":"https:\/\/hexagodis.com\/index.php\/produit\/montre-connectee-samsung-galaxy-watch-8-classic-bluetooth-noir\/#primaryimage"},"image":{"@id":"https:\/\/hexagodis.com\/index.php\/produit\/montre-connectee-samsung-galaxy-watch-8-classic-bluetooth-noir\/#primaryimage"},"thumbnailUrl":"https:\/\/hexagodis.com\/wp-content\/uploads\/2025\/08\/Montre-connectee-Samsung-Galaxy-Watch-8-Claic-Bluetooth-Noir.jpg","datePublished":"2025-08-26T10:39:04+00:00","breadcrumb":{"@id":"https:\/\/hexagodis.com\/index.php\/produit\/montre-connectee-samsung-galaxy-watch-8-classic-bluetooth-noir\/#breadcrumb"},"inLanguage":"fr-FR","potentialAction":[{"@type":"ReadAction","target":["https:\/\/hexagodis.com\/index.php\/produit\/montre-connectee-samsung-galaxy-watch-8-classic-bluetooth-noir\/"]}]},{"@type":"ImageObject","inLanguage":"fr-FR","@id":"https:\/\/hexagodis.com\/index.php\/produit\/montre-connectee-samsung-galaxy-watch-8-classic-bluetooth-noir\/#primaryimage","url":"https:\/\/hexagodis.com\/wp-content\/uploads\/2025\/08\/Montre-connectee-Samsung-Galaxy-Watch-8-Claic-Bluetooth-Noir.jpg","contentUrl":"https:\/\/hexagodis.com\/wp-content\/uploads\/2025\/08\/Montre-connectee-Samsung-Galaxy-Watch-8-Claic-Bluetooth-Noir.jpg","width":1000,"height":1000},{"@type":"BreadcrumbList","@id":"https:\/\/hexagodis.com\/index.php\/produit\/montre-connectee-samsung-galaxy-watch-8-classic-bluetooth-noir\/#breadcrumb","itemListElement":[{"@type":"ListItem","position":1,"name":"Accueil","item":"https:\/\/hexagodis.com\/"},{"@type":"ListItem","position":2,"name":"Boutique","item":"https:\/\/hexagodis.com\/index.php\/boutique\/"},{"@type":"ListItem","position":3,"name":"Montre connect\u00e9e Samsung Galaxy Watch 8 Classic Bluetooth Noir"}]},{"@type":"WebSite","@id":"https:\/\/hexagodis.com\/#website","url":"https:\/\/hexagodis.com\/","name":"Hexagodis","description":"Mat\u00e9riel de sport &amp; \u00e9quipement sportif","potentialAction":[{"@type":"SearchAction","target":{"@type":"EntryPoint","urlTemplate":"https:\/\/hexagodis.com\/?s={search_term_string}"},"query-input":{"@type":"PropertyValueSpecification","valueRequired":true,"valueName":"search_term_string"}}],"inLanguage":"fr-FR"}]}},"_links":{"self":[{"href":"https:\/\/hexagodis.com\/index.php\/wp-json\/wp\/v2\/product\/18272","targetHints":{"allow":["GET"]}}],"collection":[{"href":"https:\/\/hexagodis.com\/index.php\/wp-json\/wp\/v2\/product"}],"about":[{"href":"https:\/\/hexagodis.com\/index.php\/wp-json\/wp\/v2\/types\/product"}],"replies":[{"embeddable":true,"href":"https:\/\/hexagodis.com\/index.php\/wp-json\/wp\/v2\/comments?post=18272"}],"version-history":[{"count":1,"href":"https:\/\/hexagodis.com\/index.php\/wp-json\/wp\/v2\/product\/18272\/revisions"}],"predecessor-version":[{"id":18283,"href":"https:\/\/hexagodis.com\/index.php\/wp-json\/wp\/v2\/product\/18272\/revisions\/18283"}],"wp:featuredmedia":[{"embeddable":true,"href":"https:\/\/hexagodis.com\/index.php\/wp-json\/wp\/v2\/media\/18282"}],"wp:attachment":[{"href":"https:\/\/hexagodis.com\/index.php\/wp-json\/wp\/v2\/media?parent=18272"}],"wp:term":[{"taxonomy":"product_brand","embeddable":true,"href":"https:\/\/hexagodis.com\/index.php\/wp-json\/wp\/v2\/product_brand?post=18272"},{"taxonomy":"product_cat","embeddable":true,"href":"https:\/\/hexagodis.com\/index.php\/wp-json\/wp\/v2\/product_cat?post=18272"},{"taxonomy":"product_tag","embeddable":true,"href":"https:\/\/hexagodis.com\/index.php\/wp-json\/wp\/v2\/product_tag?post=18272"}],"curies":[{"name":"wp","href":"https:\/\/api.w.org\/{rel}","templated":true}]}}