{"id":18208,"date":"2025-08-25T16:14:19","date_gmt":"2025-08-25T14:14:19","guid":{"rendered":"https:\/\/hexagodis.com\/?post_type=product&#038;p=18208"},"modified":"2025-08-25T16:14:19","modified_gmt":"2025-08-25T14:14:19","slug":"evercross-velo-electrique-pliable-leger-20-x4-0-fat-tire-250w-electrique-pliable-dassistance-a-la-pedale-e-bike-avec-batterie-13ah-freins-a-double-disque-velo-a-assistance-pour-adolescent","status":"publish","type":"product","link":"https:\/\/hexagodis.com\/index.php\/produit\/evercross-velo-electrique-pliable-leger-20-x4-0-fat-tire-250w-electrique-pliable-dassistance-a-la-pedale-e-bike-avec-batterie-13ah-freins-a-double-disque-velo-a-assistance-pour-adolescent\/","title":{"rendered":"EVERCROSS v\u00e9lo \u00e9lectrique pliable l\u00e9ger 20 x4.0 Fat Tire, 250W \u00e9lectrique Pliable d\u2019assistance \u00e0 la p\u00e9dale, E-Bike avec Batterie 13Ah, Freins \u00e0 Double Disque, V\u00e9lo \u00e0 Assistance pour Adolescent et Adulte"},"content":{"rendered":"<header class=\"f-productLayer__header\">\n<div class=\"f-productLayer__container\">\n<p data-automation-id=\"title-characteristics-layer-label\"><strong>EVERCROSS v\u00e9lo \u00e9lectrique pliable l\u00e9ger 20 x4.0 Fat Tire, 250W \u00e9lectrique Pliable d\u2019assistance \u00e0 la p\u00e9dale, E-Bike avec Batterie 13Ah, Freins \u00e0 Double Disque, V\u00e9lo \u00e0 Assistance pour Adolescent et Adulte<\/strong><\/p>\n<h2 class=\"f-productLayer__title\" data-automation-id=\"title-characteristics-layer-label\">Caract\u00e9ristiques<\/h2>\n<\/div>\n<\/header>\n<div class=\"f-productLayer__body f-productProperties\">\n<div class=\"f-productLayer__container f-productProperties__container\" data-automation-id=\"simple-characteristics-content-block\">\n<div class=\"js-Expander expander expander--hasIcon collapsed\" data-automation-button=\"expand-characteristics-content-button\" data-automation-content=\"expand-characteristics-content\">\n<div class=\"expander__content\" data-automation-id=\"expand-characteristics-content\" aria-expanded=\"true\">\n<div class=\"f-productProperties__columns\">\n<div class=\"f-productProperties__col\">\n<dl class=\"f-productProperties__item\">\n<dt class=\"f-productProperties__term\">Pliable<\/dt>\n<dd class=\"f-productProperties__definition\" aria-label=\"Liste des Pliable\">Oui<\/dd>\n<\/dl>\n<dl class=\"f-productProperties__item\">\n<dt class=\"f-productProperties__term\">Puissance moteur nominale<\/dt>\n<dd class=\"f-productProperties__definition\" aria-label=\"Liste des Puissance moteur nominale\">250,00 Watts<\/dd>\n<\/dl>\n<dl class=\"f-productProperties__item\">\n<dt class=\"f-productProperties__term\">Puissance moteur maximale<\/dt>\n<dd class=\"f-productProperties__definition\" aria-label=\"Liste des Puissance moteur maximale\">250,00 Watts<\/dd>\n<\/dl>\n<dl class=\"f-productProperties__item\">\n<dt class=\"f-productProperties__term\">Temps de charge de la batterie<\/dt>\n<dd class=\"f-productProperties__definition\" aria-label=\"Liste des Temps de charge de la batterie\">7,00 Heures<\/dd>\n<\/dl>\n<dl class=\"f-productProperties__item\">\n<dt class=\"f-productProperties__term\">Batterie<\/dt>\n<dd class=\"f-productProperties__definition\" aria-label=\"Liste des Batterie\">Batterie au lithium-ion<\/dd>\n<\/dl>\n<dl class=\"f-productProperties__item\">\n<dt class=\"f-productProperties__term\">Fonctionnalit\u00e9s du v\u00e9hicule<\/dt>\n<dd class=\"f-productProperties__definition\" aria-label=\"Liste des Fonctionnalit\u00e9s du v\u00e9hicule\">Batterie amovible<\/dd>\n<\/dl>\n<dl class=\"f-productProperties__item\">\n<dt class=\"f-productProperties__term\">Suspension<\/dt>\n<dd class=\"f-productProperties__definition\" aria-label=\"Liste des Suspension\">Suspension fourche avant<\/dd>\n<\/dl>\n<dl class=\"f-productProperties__item\">\n<dt class=\"f-productProperties__term\">Syst\u00e8me de Freinage<\/dt>\n<dd class=\"f-productProperties__definition\" aria-label=\"Liste des Syst\u00e8me de Freinage\">A disque<\/dd>\n<\/dl>\n<dl class=\"f-productProperties__item\">\n<dt class=\"f-productProperties__term\">Nombre de vitesse(s)<\/dt>\n<dd class=\"f-productProperties__definition\" aria-label=\"Liste des Nombre de vitesse(s)\">7<\/dd>\n<\/dl>\n<dl class=\"f-productProperties__item\">\n<dt class=\"f-productProperties__term\">Type de pneu<\/dt>\n<dd class=\"f-productProperties__definition\" aria-label=\"Liste des Type de pneu\">A chambre \u00e0 air<\/dd>\n<\/dl>\n<dl class=\"f-productProperties__item\">\n<dt class=\"f-productProperties__term\">Coloris<\/dt>\n<dd class=\"f-productProperties__definition\" aria-label=\"Liste des Coloris\">Noir<\/dd>\n<\/dl>\n<dl class=\"f-productProperties__item\">\n<dt class=\"f-productProperties__term\">Couleur<\/dt>\n<dd class=\"f-productProperties__definition\" aria-label=\"Liste des Couleur\">Noir<\/dd>\n<\/dl>\n<dl class=\"f-productProperties__item\">\n<dt class=\"f-productProperties__term\">Type de public<\/dt>\n<dd class=\"f-productProperties__definition\" aria-label=\"Liste des Type de public\">Adulte<\/dd>\n<\/dl>\n<\/div>\n<div class=\"f-productProperties__col\">\n<dl class=\"f-productProperties__item  f-productProperties__item--long \">\n<dt class=\"f-productProperties__term\">Accessoires fournis<\/dt>\n<dd class=\"f-productProperties__definition\" aria-label=\"Liste des Accessoires fournis\">El\u00e9ments livr\u00e9s:1x V\u00e9lo \u00e9lectrique1x Antivol v\u00e9lo1x Gonfleur1x Chargeur\u00a01x Trousse \u00e0 outils1x Manuel d&rsquo;utilisation<\/dd>\n<\/dl>\n<dl class=\"f-productProperties__item\">\n<dt class=\"f-productProperties__term\">Disponibilit\u00e9 des pi\u00e8ces d\u00e9tach\u00e9es<\/dt>\n<dd class=\"f-productProperties__definition\" aria-label=\"Liste des Disponibilit\u00e9 des pi\u00e8ces d\u00e9tach\u00e9es\">Oui<\/dd>\n<\/dl>\n<dl class=\"f-productProperties__item\">\n<dt class=\"f-productProperties__term\">Disponibilit\u00e9 des pi\u00e8ces d\u00e9tach\u00e9es<\/dt>\n<dd class=\"f-productProperties__definition\" aria-label=\"Liste des Disponibilit\u00e9 des pi\u00e8ces d\u00e9tach\u00e9es\">NON DISPONIBLE<\/dd>\n<\/dl>\n<dl class=\"f-productProperties__item\">\n<dt class=\"f-productProperties__term\">Longueur du produit<\/dt>\n<dd class=\"f-productProperties__definition\" aria-label=\"Liste des Longueur du produit\">182,00 cm<\/dd>\n<\/dl>\n<dl class=\"f-productProperties__item\">\n<dt class=\"f-productProperties__term\">Largeur du produit<\/dt>\n<dd class=\"f-productProperties__definition\" aria-label=\"Liste des Largeur du produit\">60,00 cm<\/dd>\n<\/dl>\n<dl class=\"f-productProperties__item\">\n<dt class=\"f-productProperties__term\">Hauteur du produit<\/dt>\n<dd class=\"f-productProperties__definition\" aria-label=\"Liste des Hauteur du produit\">110,00 cm<\/dd>\n<\/dl>\n<dl class=\"f-productProperties__item\">\n<dt class=\"f-productProperties__term\">Poids du produit<\/dt>\n<dd class=\"f-productProperties__definition\" aria-label=\"Liste des Poids du produit\">33,00 Kg<\/dd>\n<\/dl>\n<dl class=\"f-productProperties__item\">\n<dt class=\"f-productProperties__term\">Point fort 1<\/dt>\n<dd class=\"f-productProperties__definition\" aria-label=\"Liste des Point fort 1\">Batterie: 48V, 13Ah<\/dd>\n<\/dl>\n<dl class=\"f-productProperties__item\">\n<dt class=\"f-productProperties__term\">Point fort 2<\/dt>\n<dd class=\"f-productProperties__definition\" aria-label=\"Liste des Point fort 2\">Dimensions (pli\u00e9): 93 * 55 * 76 cm<\/dd>\n<\/dl>\n<dl class=\"f-productProperties__item\">\n<dt class=\"f-productProperties__term\">Point fort 3<\/dt>\n<dd class=\"f-productProperties__definition\" aria-label=\"Liste des Point fort 3\">Vitesse maximale: 25 km\/h<\/dd>\n<\/dl>\n<dl class=\"f-productProperties__item\">\n<dt class=\"f-productProperties__term\">Point fort 4<\/dt>\n<dd class=\"f-productProperties__definition\" aria-label=\"Liste des Point fort 4\">Taille des pneus: 20 x 4.0<\/dd>\n<\/dl>\n<\/div>\n<\/div>\n<\/div>\n<\/div>\n<\/div>\n<\/div>\n","protected":false},"excerpt":{"rendered":"<p><strong>\u00c9l\u00e9ments livr\u00e9s:<\/strong><\/p>\n<p>V\u00e9lo \u00e9lectrique*1<br \/>\nUne Pompe \u00e0 pneumatique*1<br \/>\nUne Serrure*1<br \/>\nUne trousse \u00e0 outils*1<br \/>\nChargeur*1<br \/>\nManuel*1<\/p>\n<p>Mode simple, Voyage facile<br \/>\nJouissez de fitesse et le voyage \u00e0 v\u00e9lo<br \/>\nTous les jours, la passion du cyclisme<\/p>\n","protected":false},"featured_media":18209,"comment_status":"open","ping_status":"closed","template":"","meta":[],"product_brand":[],"product_cat":[78],"product_tag":[],"class_list":{"0":"post-18208","1":"product","2":"type-product","3":"status-publish","4":"has-post-thumbnail","6":"product_cat-velos-electriques","8":"first","9":"instock","10":"sale","11":"taxable","12":"shipping-taxable","13":"purchasable","14":"product-type-simple"},"yoast_head":"<!-- This site is optimized with the Yoast SEO plugin v24.8.1 - https:\/\/yoast.com\/wordpress\/plugins\/seo\/ -->\n<title>EVERCROSS v\u00e9lo \u00e9lectrique pliable l\u00e9ger 20 x4.0 Fat Tire, 250W \u00e9lectrique Pliable d\u2019assistance \u00e0 la p\u00e9dale, E-Bike avec Batterie 13Ah, Freins \u00e0 Double Disque, V\u00e9lo \u00e0 Assistance pour Adolescent et Adulte - Hexagodis<\/title>\n<meta name=\"robots\" content=\"index, follow, max-snippet:-1, max-image-preview:large, max-video-preview:-1\" \/>\n<link rel=\"canonical\" href=\"https:\/\/hexagodis.com\/index.php\/produit\/evercross-velo-electrique-pliable-leger-20-x4-0-fat-tire-250w-electrique-pliable-dassistance-a-la-pedale-e-bike-avec-batterie-13ah-freins-a-double-disque-velo-a-assistance-pour-adolescent\/\" \/>\n<meta property=\"og:locale\" content=\"fr_FR\" \/>\n<meta property=\"og:type\" content=\"article\" \/>\n<meta property=\"og:title\" content=\"EVERCROSS v\u00e9lo \u00e9lectrique pliable l\u00e9ger 20 x4.0 Fat Tire, 250W \u00e9lectrique Pliable d\u2019assistance \u00e0 la p\u00e9dale, E-Bike avec Batterie 13Ah, Freins \u00e0 Double Disque, V\u00e9lo \u00e0 Assistance pour Adolescent et Adulte - Hexagodis\" \/>\n<meta property=\"og:description\" content=\"\u00c9l\u00e9ments livr\u00e9s:  V\u00e9lo \u00e9lectrique*1 Une Pompe \u00e0 pneumatique*1 Une Serrure*1 Une trousse \u00e0 outils*1 Chargeur*1 Manuel*1  Mode simple, Voyage facile Jouissez de fitesse et le voyage \u00e0 v\u00e9lo Tous les jours, la passion du cyclisme\" \/>\n<meta property=\"og:url\" content=\"https:\/\/hexagodis.com\/index.php\/produit\/evercross-velo-electrique-pliable-leger-20-x4-0-fat-tire-250w-electrique-pliable-dassistance-a-la-pedale-e-bike-avec-batterie-13ah-freins-a-double-disque-velo-a-assistance-pour-adolescent\/\" \/>\n<meta property=\"og:site_name\" content=\"Hexagodis\" \/>\n<meta property=\"og:image\" content=\"https:\/\/hexagodis.com\/wp-content\/uploads\/2025\/08\/22232757-1505-3756-1.jpg\" \/>\n\t<meta property=\"og:image:width\" content=\"1600\" \/>\n\t<meta property=\"og:image:height\" content=\"1600\" \/>\n\t<meta property=\"og:image:type\" content=\"image\/jpeg\" \/>\n<meta name=\"twitter:card\" content=\"summary_large_image\" \/>\n<meta name=\"twitter:label1\" content=\"Dur\u00e9e de lecture estim\u00e9e\" \/>\n\t<meta name=\"twitter:data1\" content=\"2 minutes\" \/>\n<script type=\"application\/ld+json\" class=\"yoast-schema-graph\">{\"@context\":\"https:\/\/schema.org\",\"@graph\":[{\"@type\":\"WebPage\",\"@id\":\"https:\/\/hexagodis.com\/index.php\/produit\/evercross-velo-electrique-pliable-leger-20-x4-0-fat-tire-250w-electrique-pliable-dassistance-a-la-pedale-e-bike-avec-batterie-13ah-freins-a-double-disque-velo-a-assistance-pour-adolescent\/\",\"url\":\"https:\/\/hexagodis.com\/index.php\/produit\/evercross-velo-electrique-pliable-leger-20-x4-0-fat-tire-250w-electrique-pliable-dassistance-a-la-pedale-e-bike-avec-batterie-13ah-freins-a-double-disque-velo-a-assistance-pour-adolescent\/\",\"name\":\"EVERCROSS v\u00e9lo \u00e9lectrique pliable l\u00e9ger 20 x4.0 Fat Tire, 250W \u00e9lectrique Pliable d\u2019assistance \u00e0 la p\u00e9dale, E-Bike avec Batterie 13Ah, Freins \u00e0 Double Disque, V\u00e9lo \u00e0 Assistance pour Adolescent et Adulte - Hexagodis\",\"isPartOf\":{\"@id\":\"https:\/\/hexagodis.com\/#website\"},\"primaryImageOfPage\":{\"@id\":\"https:\/\/hexagodis.com\/index.php\/produit\/evercross-velo-electrique-pliable-leger-20-x4-0-fat-tire-250w-electrique-pliable-dassistance-a-la-pedale-e-bike-avec-batterie-13ah-freins-a-double-disque-velo-a-assistance-pour-adolescent\/#primaryimage\"},\"image\":{\"@id\":\"https:\/\/hexagodis.com\/index.php\/produit\/evercross-velo-electrique-pliable-leger-20-x4-0-fat-tire-250w-electrique-pliable-dassistance-a-la-pedale-e-bike-avec-batterie-13ah-freins-a-double-disque-velo-a-assistance-pour-adolescent\/#primaryimage\"},\"thumbnailUrl\":\"https:\/\/hexagodis.com\/wp-content\/uploads\/2025\/08\/22232757-1505-3756-1.jpg\",\"datePublished\":\"2025-08-25T14:14:19+00:00\",\"breadcrumb\":{\"@id\":\"https:\/\/hexagodis.com\/index.php\/produit\/evercross-velo-electrique-pliable-leger-20-x4-0-fat-tire-250w-electrique-pliable-dassistance-a-la-pedale-e-bike-avec-batterie-13ah-freins-a-double-disque-velo-a-assistance-pour-adolescent\/#breadcrumb\"},\"inLanguage\":\"fr-FR\",\"potentialAction\":[{\"@type\":\"ReadAction\",\"target\":[\"https:\/\/hexagodis.com\/index.php\/produit\/evercross-velo-electrique-pliable-leger-20-x4-0-fat-tire-250w-electrique-pliable-dassistance-a-la-pedale-e-bike-avec-batterie-13ah-freins-a-double-disque-velo-a-assistance-pour-adolescent\/\"]}]},{\"@type\":\"ImageObject\",\"inLanguage\":\"fr-FR\",\"@id\":\"https:\/\/hexagodis.com\/index.php\/produit\/evercross-velo-electrique-pliable-leger-20-x4-0-fat-tire-250w-electrique-pliable-dassistance-a-la-pedale-e-bike-avec-batterie-13ah-freins-a-double-disque-velo-a-assistance-pour-adolescent\/#primaryimage\",\"url\":\"https:\/\/hexagodis.com\/wp-content\/uploads\/2025\/08\/22232757-1505-3756-1.jpg\",\"contentUrl\":\"https:\/\/hexagodis.com\/wp-content\/uploads\/2025\/08\/22232757-1505-3756-1.jpg\",\"width\":1600,\"height\":1600},{\"@type\":\"BreadcrumbList\",\"@id\":\"https:\/\/hexagodis.com\/index.php\/produit\/evercross-velo-electrique-pliable-leger-20-x4-0-fat-tire-250w-electrique-pliable-dassistance-a-la-pedale-e-bike-avec-batterie-13ah-freins-a-double-disque-velo-a-assistance-pour-adolescent\/#breadcrumb\",\"itemListElement\":[{\"@type\":\"ListItem\",\"position\":1,\"name\":\"Accueil\",\"item\":\"https:\/\/hexagodis.com\/\"},{\"@type\":\"ListItem\",\"position\":2,\"name\":\"Boutique\",\"item\":\"https:\/\/hexagodis.com\/index.php\/boutique\/\"},{\"@type\":\"ListItem\",\"position\":3,\"name\":\"EVERCROSS v\u00e9lo \u00e9lectrique pliable l\u00e9ger 20 x4.0 Fat Tire, 250W \u00e9lectrique Pliable d\u2019assistance \u00e0 la p\u00e9dale, E-Bike avec Batterie 13Ah, Freins \u00e0 Double Disque, V\u00e9lo \u00e0 Assistance pour Adolescent et Adulte\"}]},{\"@type\":\"WebSite\",\"@id\":\"https:\/\/hexagodis.com\/#website\",\"url\":\"https:\/\/hexagodis.com\/\",\"name\":\"Hexagodis\",\"description\":\"Mat\u00e9riel de sport &amp; \u00e9quipement sportif\",\"potentialAction\":[{\"@type\":\"SearchAction\",\"target\":{\"@type\":\"EntryPoint\",\"urlTemplate\":\"https:\/\/hexagodis.com\/?s={search_term_string}\"},\"query-input\":{\"@type\":\"PropertyValueSpecification\",\"valueRequired\":true,\"valueName\":\"search_term_string\"}}],\"inLanguage\":\"fr-FR\"}]}<\/script>\n<!-- \/ Yoast SEO plugin. -->","yoast_head_json":{"title":"EVERCROSS v\u00e9lo \u00e9lectrique pliable l\u00e9ger 20 x4.0 Fat Tire, 250W \u00e9lectrique Pliable d\u2019assistance \u00e0 la p\u00e9dale, E-Bike avec Batterie 13Ah, Freins \u00e0 Double Disque, V\u00e9lo \u00e0 Assistance pour Adolescent et Adulte - Hexagodis","robots":{"index":"index","follow":"follow","max-snippet":"max-snippet:-1","max-image-preview":"max-image-preview:large","max-video-preview":"max-video-preview:-1"},"canonical":"https:\/\/hexagodis.com\/index.php\/produit\/evercross-velo-electrique-pliable-leger-20-x4-0-fat-tire-250w-electrique-pliable-dassistance-a-la-pedale-e-bike-avec-batterie-13ah-freins-a-double-disque-velo-a-assistance-pour-adolescent\/","og_locale":"fr_FR","og_type":"article","og_title":"EVERCROSS v\u00e9lo \u00e9lectrique pliable l\u00e9ger 20 x4.0 Fat Tire, 250W \u00e9lectrique Pliable d\u2019assistance \u00e0 la p\u00e9dale, E-Bike avec Batterie 13Ah, Freins \u00e0 Double Disque, V\u00e9lo \u00e0 Assistance pour Adolescent et Adulte - Hexagodis","og_description":"\u00c9l\u00e9ments livr\u00e9s:  V\u00e9lo \u00e9lectrique*1 Une Pompe \u00e0 pneumatique*1 Une Serrure*1 Une trousse \u00e0 outils*1 Chargeur*1 Manuel*1  Mode simple, Voyage facile Jouissez de fitesse et le voyage \u00e0 v\u00e9lo Tous les jours, la passion du cyclisme","og_url":"https:\/\/hexagodis.com\/index.php\/produit\/evercross-velo-electrique-pliable-leger-20-x4-0-fat-tire-250w-electrique-pliable-dassistance-a-la-pedale-e-bike-avec-batterie-13ah-freins-a-double-disque-velo-a-assistance-pour-adolescent\/","og_site_name":"Hexagodis","og_image":[{"width":1600,"height":1600,"url":"https:\/\/hexagodis.com\/wp-content\/uploads\/2025\/08\/22232757-1505-3756-1.jpg","type":"image\/jpeg"}],"twitter_card":"summary_large_image","twitter_misc":{"Dur\u00e9e de lecture estim\u00e9e":"2 minutes"},"schema":{"@context":"https:\/\/schema.org","@graph":[{"@type":"WebPage","@id":"https:\/\/hexagodis.com\/index.php\/produit\/evercross-velo-electrique-pliable-leger-20-x4-0-fat-tire-250w-electrique-pliable-dassistance-a-la-pedale-e-bike-avec-batterie-13ah-freins-a-double-disque-velo-a-assistance-pour-adolescent\/","url":"https:\/\/hexagodis.com\/index.php\/produit\/evercross-velo-electrique-pliable-leger-20-x4-0-fat-tire-250w-electrique-pliable-dassistance-a-la-pedale-e-bike-avec-batterie-13ah-freins-a-double-disque-velo-a-assistance-pour-adolescent\/","name":"EVERCROSS v\u00e9lo \u00e9lectrique pliable l\u00e9ger 20 x4.0 Fat Tire, 250W \u00e9lectrique Pliable d\u2019assistance \u00e0 la p\u00e9dale, E-Bike avec Batterie 13Ah, Freins \u00e0 Double Disque, V\u00e9lo \u00e0 Assistance pour Adolescent et Adulte - Hexagodis","isPartOf":{"@id":"https:\/\/hexagodis.com\/#website"},"primaryImageOfPage":{"@id":"https:\/\/hexagodis.com\/index.php\/produit\/evercross-velo-electrique-pliable-leger-20-x4-0-fat-tire-250w-electrique-pliable-dassistance-a-la-pedale-e-bike-avec-batterie-13ah-freins-a-double-disque-velo-a-assistance-pour-adolescent\/#primaryimage"},"image":{"@id":"https:\/\/hexagodis.com\/index.php\/produit\/evercross-velo-electrique-pliable-leger-20-x4-0-fat-tire-250w-electrique-pliable-dassistance-a-la-pedale-e-bike-avec-batterie-13ah-freins-a-double-disque-velo-a-assistance-pour-adolescent\/#primaryimage"},"thumbnailUrl":"https:\/\/hexagodis.com\/wp-content\/uploads\/2025\/08\/22232757-1505-3756-1.jpg","datePublished":"2025-08-25T14:14:19+00:00","breadcrumb":{"@id":"https:\/\/hexagodis.com\/index.php\/produit\/evercross-velo-electrique-pliable-leger-20-x4-0-fat-tire-250w-electrique-pliable-dassistance-a-la-pedale-e-bike-avec-batterie-13ah-freins-a-double-disque-velo-a-assistance-pour-adolescent\/#breadcrumb"},"inLanguage":"fr-FR","potentialAction":[{"@type":"ReadAction","target":["https:\/\/hexagodis.com\/index.php\/produit\/evercross-velo-electrique-pliable-leger-20-x4-0-fat-tire-250w-electrique-pliable-dassistance-a-la-pedale-e-bike-avec-batterie-13ah-freins-a-double-disque-velo-a-assistance-pour-adolescent\/"]}]},{"@type":"ImageObject","inLanguage":"fr-FR","@id":"https:\/\/hexagodis.com\/index.php\/produit\/evercross-velo-electrique-pliable-leger-20-x4-0-fat-tire-250w-electrique-pliable-dassistance-a-la-pedale-e-bike-avec-batterie-13ah-freins-a-double-disque-velo-a-assistance-pour-adolescent\/#primaryimage","url":"https:\/\/hexagodis.com\/wp-content\/uploads\/2025\/08\/22232757-1505-3756-1.jpg","contentUrl":"https:\/\/hexagodis.com\/wp-content\/uploads\/2025\/08\/22232757-1505-3756-1.jpg","width":1600,"height":1600},{"@type":"BreadcrumbList","@id":"https:\/\/hexagodis.com\/index.php\/produit\/evercross-velo-electrique-pliable-leger-20-x4-0-fat-tire-250w-electrique-pliable-dassistance-a-la-pedale-e-bike-avec-batterie-13ah-freins-a-double-disque-velo-a-assistance-pour-adolescent\/#breadcrumb","itemListElement":[{"@type":"ListItem","position":1,"name":"Accueil","item":"https:\/\/hexagodis.com\/"},{"@type":"ListItem","position":2,"name":"Boutique","item":"https:\/\/hexagodis.com\/index.php\/boutique\/"},{"@type":"ListItem","position":3,"name":"EVERCROSS v\u00e9lo \u00e9lectrique pliable l\u00e9ger 20 x4.0 Fat Tire, 250W \u00e9lectrique Pliable d\u2019assistance \u00e0 la p\u00e9dale, E-Bike avec Batterie 13Ah, Freins \u00e0 Double Disque, V\u00e9lo \u00e0 Assistance pour Adolescent et Adulte"}]},{"@type":"WebSite","@id":"https:\/\/hexagodis.com\/#website","url":"https:\/\/hexagodis.com\/","name":"Hexagodis","description":"Mat\u00e9riel de sport &amp; \u00e9quipement sportif","potentialAction":[{"@type":"SearchAction","target":{"@type":"EntryPoint","urlTemplate":"https:\/\/hexagodis.com\/?s={search_term_string}"},"query-input":{"@type":"PropertyValueSpecification","valueRequired":true,"valueName":"search_term_string"}}],"inLanguage":"fr-FR"}]}},"_links":{"self":[{"href":"https:\/\/hexagodis.com\/index.php\/wp-json\/wp\/v2\/product\/18208","targetHints":{"allow":["GET"]}}],"collection":[{"href":"https:\/\/hexagodis.com\/index.php\/wp-json\/wp\/v2\/product"}],"about":[{"href":"https:\/\/hexagodis.com\/index.php\/wp-json\/wp\/v2\/types\/product"}],"replies":[{"embeddable":true,"href":"https:\/\/hexagodis.com\/index.php\/wp-json\/wp\/v2\/comments?post=18208"}],"version-history":[{"count":2,"href":"https:\/\/hexagodis.com\/index.php\/wp-json\/wp\/v2\/product\/18208\/revisions"}],"predecessor-version":[{"id":18213,"href":"https:\/\/hexagodis.com\/index.php\/wp-json\/wp\/v2\/product\/18208\/revisions\/18213"}],"wp:featuredmedia":[{"embeddable":true,"href":"https:\/\/hexagodis.com\/index.php\/wp-json\/wp\/v2\/media\/18209"}],"wp:attachment":[{"href":"https:\/\/hexagodis.com\/index.php\/wp-json\/wp\/v2\/media?parent=18208"}],"wp:term":[{"taxonomy":"product_brand","embeddable":true,"href":"https:\/\/hexagodis.com\/index.php\/wp-json\/wp\/v2\/product_brand?post=18208"},{"taxonomy":"product_cat","embeddable":true,"href":"https:\/\/hexagodis.com\/index.php\/wp-json\/wp\/v2\/product_cat?post=18208"},{"taxonomy":"product_tag","embeddable":true,"href":"https:\/\/hexagodis.com\/index.php\/wp-json\/wp\/v2\/product_tag?post=18208"}],"curies":[{"name":"wp","href":"https:\/\/api.w.org\/{rel}","templated":true}]}}