{"id":18085,"date":"2025-08-25T13:55:28","date_gmt":"2025-08-25T11:55:28","guid":{"rendered":"https:\/\/hexagodis.com\/?post_type=product&#038;p=18085"},"modified":"2025-08-25T13:55:28","modified_gmt":"2025-08-25T11:55:28","slug":"mu-26-pouces-velo-de-route-24-vitesses-velos-double-disque-de-frein-cadre-en-acier-au-carbone-a-haute-couleur-rouge","status":"publish","type":"product","link":"https:\/\/hexagodis.com\/index.php\/produit\/mu-26-pouces-velo-de-route-24-vitesses-velos-double-disque-de-frein-cadre-en-acier-au-carbone-a-haute-couleur-rouge\/","title":{"rendered":"MU 26 Pouces V\u00e9lo de Route, 24 Vitesses V\u00e9los, Double Disque de Frein, Cadre En Acier Au Carbone \u00c0 Haute, couleur Rouge"},"content":{"rendered":"<ul class=\"a-unordered-list a-vertical a-spacing-mini\">\n<li class=\"a-spacing-mini\"><span class=\"a-list-item\">Durable: La Plupart Du Temps, Les Choses Sont Faites \u00c0 Bon March\u00e9 Et Sont Bris\u00e9s Avant Qu&rsquo;Ils Apparaissent.<\/span><\/li>\n<li class=\"a-spacing-mini\"><span class=\"a-list-item\">Selle \u00c9lastique: Selle \u00c9ponge Douce M\u00e9moire, L&rsquo;Atmosph\u00e8re de Texture En Cuir Belle, Antid\u00e9rapante, R\u00e9sistant \u00c0 L&rsquo;Usure, Respirant, Confortable, Le Cyclisme \u00c0 Long Terme Ne Sera Pas La Fatigue.<\/span><\/li>\n<li class=\"a-spacing-mini\"><span class=\"a-list-item\">Changement de Vitesse Sp\u00e9ciale: Avec La Conception de Bras Cass\u00e9, Le Processus de Changement de Vitesse Est Plus Rapide, Plus Pr\u00e9cis Et A L&rsquo;Autod\u00e9termination Plus. Huit Roues \u00c0 Tour de Positionnement Sont Constitu\u00e9s D&rsquo;Un Mat\u00e9riau En Acier Fin Et Sont Finies Par Usinage Cnc. L&rsquo;Angle D&rsquo;Inclinaison Autod\u00e9termin\u00e9e Peut Faire La Cha\u00eene Facilement Entrer Dans L&rsquo;Herbe Et Faire Le Changement de Vitesse Plus Rapide Et Plus Lisse.<\/span><\/li>\n<li class=\"a-spacing-mini\"><span class=\"a-list-item\">\u00c0 Double Frein \u00c0 Disque M\u00e9canique: Freinage Rapide. Le Syst\u00e8me de Freinage Adopte Frein \u00c0 Disque M\u00e9canique Sp\u00e9ciale Pour V\u00e9los de Montagne. Le Frein \u00c0 Disque M\u00e9canique Ne Peut Ignorer Le Mauvais Temps Et Peut Encore Facilement Frein, Vous Fournissant Une Protection Plus Puissante.<\/span><\/li>\n<li class=\"a-spacing-mini\"><span class=\"a-list-item\">24 Vitesses \u00c0 V\u00e9los de Route Du Syst\u00e8me Peut Vous Assurer de Freins Pour La S\u00e9curit\u00e9 \u00c0 Toute Vitesse Pendant Votre V\u00e9lo.<\/span><\/li>\n<\/ul>\n<p>&nbsp;<\/p>\n<h2>Informations sur le produit<\/h2>\n<div class=\"a-row\">\n<div class=\"a-column a-span12 a-span-last\">\n<div class=\"a-row a-spacing-top-base\">\n<div class=\"a-column a-span6\">\n<div class=\"a-row a-spacing-base\">\n<div class=\"a-row a-expander-container a-expander-extend-container\">\n<div class=\"a-expander-content a-expander-extend-content\" data-expanded=\"true\">\n<div class=\"a-row a-expander-container a-expander-inline-container\">\n<div class=\"a-expander-content a-expander-section-content a-section-expander-inner\" data-expanded=\"true\">\n<table id=\"productDetails_techSpec_section_1\" class=\"a-keyvalue prodDetTable\">\n<tbody>\n<tr>\n<th class=\"a-color-secondary a-size-base prodDetSectionEntry\">Fabricant<\/th>\n<td class=\"a-size-base prodDetAttrValue\">\u200eMU<\/td>\n<\/tr>\n<tr>\n<th class=\"a-color-secondary a-size-base prodDetSectionEntry\">R\u00e9f\u00e9rence<\/th>\n<td class=\"a-size-base prodDetAttrValue\">\u200e5716432323<\/td>\n<\/tr>\n<tr>\n<th class=\"a-color-secondary a-size-base prodDetSectionEntry\">Couleur<\/th>\n<td class=\"a-size-base prodDetAttrValue\">\u200eRouge<\/td>\n<\/tr>\n<tr>\n<th class=\"a-color-secondary a-size-base prodDetSectionEntry\">Style<\/th>\n<td class=\"a-size-base prodDetAttrValue\">\u200eRoute<\/td>\n<\/tr>\n<tr>\n<th class=\"a-color-secondary a-size-base prodDetSectionEntry\">Type d&rsquo;alimentation<\/th>\n<td class=\"a-size-base prodDetAttrValue\">\u200eP\u00e9dale d&rsquo;alimentation<\/td>\n<\/tr>\n<tr>\n<th class=\"a-color-secondary a-size-base prodDetSectionEntry\">Nombre de poign\u00e9es<\/th>\n<td class=\"a-size-base prodDetAttrValue\">\u200e2<\/td>\n<\/tr>\n<tr>\n<th class=\"a-color-secondary a-size-base prodDetSectionEntry\">Fonctions sp\u00e9ciales<\/th>\n<td class=\"a-size-base prodDetAttrValue\">\u200eL\u00e9g\u00e8re<\/td>\n<\/tr>\n<tr>\n<th class=\"a-color-secondary a-size-base prodDetSectionEntry\">Utilisation<\/th>\n<td class=\"a-size-base prodDetAttrValue\">\u200ePiste, Route<\/td>\n<\/tr>\n<tr>\n<th class=\"a-color-secondary a-size-base prodDetSectionEntry\">Composants inclus<\/th>\n<td class=\"a-size-base prodDetAttrValue\">\u200eManuel<\/td>\n<\/tr>\n<\/tbody>\n<\/table>\n<\/div>\n<\/div>\n<\/div>\n<\/div>\n<\/div>\n<\/div>\n<\/div>\n<\/div>\n<\/div>\n","protected":false},"excerpt":{"rendered":"<div id=\"twister_feature_div\" class=\"celwidget\" data-feature-name=\"twister\" data-csa-c-type=\"widget\" data-csa-c-content-id=\"twister\" data-csa-c-slot-id=\"twister_feature_div\" data-csa-c-asin=\"B08HN2DDXN\" data-csa-c-is-in-initial-active-row=\"false\" data-cel-widget=\"twister_feature_div\" data-csa-c-id=\"sur68s-7kn4tg-789rg4-yxieiw\">\n<div id=\"twister-plus-desktop-twister-container\" class=\"a-cardui-deck inline-twister-container-margins\" data-csa-c-content-id=\"twister-plus-inline-twister-container\" data-csa-c-slot-id=\"twister-plus-inline-twister-container\" data-csa-c-type=\"slot\" data-csa-c-id=\"rpy0ry-d5ujv0-28e3rd-vqulat\">\n<div id=\"twister-plus-inline-twister-card\" class=\"a-cardui inline-twister-card-padding\" data-a-card-type=\"basic\">\n<div class=\"a-cardui-body\">\n<div id=\"twister-plus-inline-twister\" class=\"a-section\">\n<div id=\"inline-twister-singleton-header-color_name\" class=\"a-section a-spacing-none inline-twister-singleton-header\"><span class=\"a-size-base a-color-secondary inline-twister-dim-title\">Couleur:\u00a0<\/span><span id=\"inline-twister-expanded-dimension-text-color_name\" class=\"a-size-base inline-twister-dim-title-value-truncate a-text-bold\">Rouge<\/span><\/div>\n<\/div>\n<\/div>\n<\/div>\n<\/div>\n<\/div>\n<div id=\"bundles_feature_div\" class=\"celwidget\" data-feature-name=\"bundles\" data-csa-c-type=\"widget\" data-csa-c-content-id=\"bundles\" data-csa-c-slot-id=\"bundles_feature_div\" data-csa-c-asin=\"B08HN2DDXN\" data-csa-c-is-in-initial-active-row=\"false\" data-cel-widget=\"bundles_feature_div\" data-csa-c-id=\"mxe6b0-qty9b5-q6k34o-1c8wh2\"><\/div>\n<div id=\"valueAdds_feature_div\" class=\"celwidget\" data-feature-name=\"valueAdds2\" data-csa-c-type=\"widget\" data-csa-c-content-id=\"valueAdds2\" data-csa-c-slot-id=\"valueAdds_feature_div\" data-csa-c-asin=\"B08HN2DDXN\" data-csa-c-is-in-initial-active-row=\"false\" data-cel-widget=\"valueAdds_feature_div\" data-csa-c-id=\"f9v4n1-6sy8nq-nvdrsk-lx2ark\"><\/div>\n<div id=\"clickToContact_feature_div\" class=\"celwidget\" data-feature-name=\"clickToContact\" data-csa-c-type=\"widget\" data-csa-c-content-id=\"clickToContact\" data-csa-c-slot-id=\"clickToContact_feature_div\" data-csa-c-asin=\"B08HN2DDXN\" data-csa-c-is-in-initial-active-row=\"false\" data-cel-widget=\"clickToContact_feature_div\" data-csa-c-id=\"34q71l-eq7eu9-q0hd8a-36kshm\"><\/div>\n<div id=\"amazonCertifiedBadge_feature_div\" class=\"celwidget\" data-feature-name=\"amazonCertifiedBadge\" data-csa-c-type=\"widget\" data-csa-c-content-id=\"amazonCertifiedBadge\" data-csa-c-slot-id=\"amazonCertifiedBadge_feature_div\" data-csa-c-asin=\"B08HN2DDXN\" data-csa-c-is-in-initial-active-row=\"false\" data-cel-widget=\"amazonCertifiedBadge_feature_div\" data-csa-c-id=\"6l226b-ckhizo-4fed1-1rfc17\"><\/div>\n<div id=\"smartHomeWidget_feature_div\" class=\"celwidget\" data-feature-name=\"smartHomeWidget\" data-csa-c-type=\"widget\" data-csa-c-content-id=\"smartHomeWidget\" data-csa-c-slot-id=\"smartHomeWidget_feature_div\" data-csa-c-asin=\"B08HN2DDXN\" data-csa-c-is-in-initial-active-row=\"false\" data-cel-widget=\"smartHomeWidget_feature_div\" data-csa-c-id=\"ojdmbo-igpgl7-lsdew8-p13vit\"><\/div>\n<div id=\"renewedProgramDescriptionAtf_feature_div\" class=\"celwidget\" data-feature-name=\"renewedProgramDescriptionAtf\" data-csa-c-type=\"widget\" data-csa-c-content-id=\"renewedProgramDescriptionAtf\" data-csa-c-slot-id=\"renewedProgramDescriptionAtf_feature_div\" data-csa-c-asin=\"B08HN2DDXN\" data-csa-c-is-in-initial-active-row=\"false\" data-cel-widget=\"renewedProgramDescriptionAtf_feature_div\" data-csa-c-id=\"jxs8yi-maxqxo-5uwcnb-in0zd8\"><\/div>\n<div id=\"twisterPlusWWDesktop\" class=\"celwidget\" data-feature-name=\"twisterPlusWWDesktop\" data-csa-c-type=\"widget\" data-csa-c-content-id=\"twisterPlusWWDesktop\" data-csa-c-slot-id=\"twisterPlusWWDesktop\" data-csa-c-asin=\"B08HN2DDXN\" data-csa-c-is-in-initial-active-row=\"false\" data-cel-widget=\"twisterPlusWWDesktop\" data-csa-c-id=\"do9t0y-tmztfy-whhl0k-pcotx2\"><\/div>\n<div id=\"sizeChartV2Data_feature_div\" class=\"celwidget\" data-feature-name=\"sizeChartV2Data\" data-csa-c-type=\"widget\" data-csa-c-content-id=\"sizeChartV2Data\" data-csa-c-slot-id=\"sizeChartV2Data_feature_div\" data-csa-c-asin=\"B08HN2DDXN\" data-csa-c-is-in-initial-active-row=\"false\" data-cel-widget=\"sizeChartV2Data_feature_div\" data-csa-c-id=\"gtpm8r-vq22mu-yn8677-err91m\"><\/div>\n<div id=\"gestaltCustomizationSummary_feature_div\" class=\"celwidget\" data-feature-name=\"gestaltCustomizationSummary\" data-csa-c-type=\"widget\" data-csa-c-content-id=\"gestaltCustomizationSummary\" data-csa-c-slot-id=\"gestaltCustomizationSummary_feature_div\" data-csa-c-asin=\"B08HN2DDXN\" data-csa-c-is-in-initial-active-row=\"false\" data-cel-widget=\"gestaltCustomizationSummary_feature_div\" data-csa-c-id=\"c6qsu3-atqu6u-rp81y8-wbhio\"><\/div>\n<div id=\"gestaltPredefinedCustomizations_feature_div\" class=\"celwidget\" data-feature-name=\"gestaltPredefinedCustomizations\" data-csa-c-type=\"widget\" data-csa-c-content-id=\"gestaltPredefinedCustomizations\" data-csa-c-slot-id=\"gestaltPredefinedCustomizations_feature_div\" data-csa-c-asin=\"B08HN2DDXN\" data-csa-c-is-in-initial-active-row=\"false\" data-cel-widget=\"gestaltPredefinedCustomizations_feature_div\" data-csa-c-id=\"x7o05u-hzh5zt-n93mq1-ofo7l5\"><\/div>\n<div id=\"productOverview_feature_div\" class=\"celwidget\" data-feature-name=\"productOverview\" data-csa-c-type=\"widget\" data-csa-c-content-id=\"productOverview\" data-csa-c-slot-id=\"productOverview_feature_div\" data-csa-c-asin=\"B08HN2DDXN\" data-csa-c-is-in-initial-active-row=\"false\" data-cel-widget=\"productOverview_feature_div\" data-csa-c-id=\"b4jlmx-rh7655-t1ro3e-40uarb\">\n<div id=\"poExpander\" class=\"a-expander-collapsed-height a-row a-expander-container a-spacing-none a-expander-partial-collapse-container\" data-a-expander-name=\"product_overview\" data-a-expander-collapsed-height=\"210\">\n<div class=\"a-expander-content a-expander-partial-collapse-content a-expander-content-expanded\" data-expanded=\"true\">\n<div class=\"a-section a-spacing-small a-spacing-top-small\">\n<table class=\"a-normal a-spacing-micro\" role=\"list\">\n<tbody>\n<tr class=\"a-spacing-small po-bike_type\" role=\"listitem\">\n<td class=\"a-span3\" role=\"presentation\"><span class=\"a-size-base a-text-bold\">Type de v\u00e9lo<\/span><\/td>\n<td class=\"a-span9\" role=\"presentation\"><span class=\"a-size-base po-break-word\">V\u00e9lo de montagne, V\u00e9lo de route, V\u00e9lo pliable<\/span><\/td>\n<\/tr>\n<tr class=\"a-spacing-small po-age_range_description\" role=\"listitem\">\n<td class=\"a-span3\" role=\"presentation\"><span class=\"a-size-base a-text-bold\">Tranche d&rsquo;\u00e2ge (description)<\/span><\/td>\n<td class=\"a-span9\" role=\"presentation\"><span class=\"a-size-base po-break-word\">Adulte<\/span><\/td>\n<\/tr>\n<tr class=\"a-spacing-small po-brand\" role=\"listitem\">\n<td class=\"a-span3\" role=\"presentation\"><span class=\"a-size-base a-text-bold\">Marque<\/span><\/td>\n<td class=\"a-span9\" role=\"presentation\"><span class=\"a-size-base po-break-word\">MU<\/span><\/td>\n<\/tr>\n<tr class=\"a-spacing-small po-number_of_speeds\" role=\"listitem\">\n<td class=\"a-span3\" role=\"presentation\"><span class=\"a-size-base a-text-bold\">Nombre de vitesses<\/span><\/td>\n<td class=\"a-span9\" role=\"presentation\"><span class=\"a-size-base po-break-word\">24<\/span><\/td>\n<\/tr>\n<tr class=\"a-spacing-small po-color\" role=\"listitem\">\n<td class=\"a-span3\" role=\"presentation\"><span class=\"a-size-base a-text-bold\">Couleur<\/span><\/td>\n<td class=\"a-span9\" role=\"presentation\"><span class=\"a-size-base po-break-word\">Rouge<\/span><\/td>\n<\/tr>\n<tr class=\"a-spacing-small po-wheel.size\" role=\"listitem\">\n<td class=\"a-span3\" role=\"presentation\"><span class=\"a-size-base a-text-bold\">Taille de roue<\/span><\/td>\n<td class=\"a-span9\" role=\"presentation\"><span class=\"a-size-base po-break-word\">26 Pouces<\/span><\/td>\n<\/tr>\n<tr class=\"a-spacing-small po-frame.material\" role=\"listitem\">\n<td class=\"a-span3\" role=\"presentation\"><span class=\"a-size-base a-text-bold\">Mat\u00e9riau du cadre<\/span><\/td>\n<td class=\"a-span9\" role=\"presentation\"><span class=\"a-size-base po-break-word\">Acier \u00e0 haute teneur en carbone<\/span><\/td>\n<\/tr>\n<tr class=\"a-spacing-small po-suspension_type\" role=\"listitem\">\n<td class=\"a-span3\" role=\"presentation\"><span class=\"a-size-base a-text-bold\">Type de suspension<\/span><\/td>\n<td class=\"a-span9\" role=\"presentation\"><span class=\"a-size-base po-break-word\">Avant<\/span><\/td>\n<\/tr>\n<tr class=\"a-spacing-small po-special_feature\" role=\"listitem\">\n<td class=\"a-span3\" role=\"presentation\"><span class=\"a-size-base a-text-bold\">Caract\u00e9ristique sp\u00e9ciale<\/span><\/td>\n<td class=\"a-span9\" role=\"presentation\"><span class=\"a-size-base po-break-word\">L\u00e9g\u00e8re<\/span><\/td>\n<\/tr>\n<tr class=\"a-spacing-small po-included_components\" role=\"listitem\">\n<td class=\"a-span3\" role=\"presentation\"><span class=\"a-size-base a-text-bold\">Composants inclus<\/span><\/td>\n<td class=\"a-span9\" role=\"presentation\"><span class=\"a-size-base po-break-word\">Manuel<\/span><\/td>\n<\/tr>\n<\/tbody>\n<\/table>\n<\/div>\n<\/div>\n<\/div>\n<\/div>\n","protected":false},"featured_media":18086,"comment_status":"open","ping_status":"closed","template":"","meta":[],"product_brand":[],"product_cat":[255],"product_tag":[],"class_list":{"0":"post-18085","1":"product","2":"type-product","3":"status-publish","4":"has-post-thumbnail","6":"product_cat-velos-de-route","8":"first","9":"instock","10":"sale","11":"taxable","12":"shipping-taxable","13":"purchasable","14":"product-type-simple"},"yoast_head":"<!-- This site is optimized with the Yoast SEO plugin v24.8.1 - https:\/\/yoast.com\/wordpress\/plugins\/seo\/ -->\n<title>MU 26 Pouces V\u00e9lo de Route, 24 Vitesses V\u00e9los, Double Disque de Frein, Cadre En Acier Au Carbone \u00c0 Haute, couleur Rouge - Hexagodis<\/title>\n<meta name=\"robots\" content=\"index, follow, max-snippet:-1, max-image-preview:large, max-video-preview:-1\" \/>\n<link rel=\"canonical\" href=\"https:\/\/hexagodis.com\/index.php\/produit\/mu-26-pouces-velo-de-route-24-vitesses-velos-double-disque-de-frein-cadre-en-acier-au-carbone-a-haute-couleur-rouge\/\" \/>\n<meta property=\"og:locale\" content=\"fr_FR\" \/>\n<meta property=\"og:type\" content=\"article\" \/>\n<meta property=\"og:title\" content=\"MU 26 Pouces V\u00e9lo de Route, 24 Vitesses V\u00e9los, Double Disque de Frein, Cadre En Acier Au Carbone \u00c0 Haute, couleur Rouge - Hexagodis\" \/>\n<meta property=\"og:description\" content=\"Couleur:\u00a0Rouge                       Type de v\u00e9lo V\u00e9lo de montagne, V\u00e9lo de route, V\u00e9lo pliable   Tranche d&#039;\u00e2ge (description) Adulte   Marque MU   Nombre de vitesses 24   Couleur Rouge   Taille de roue 26 Pouces   Mat\u00e9riau du cadre Acier \u00e0 haute teneur en carbone   Type de suspension Avant   Caract\u00e9ristique sp\u00e9ciale L\u00e9g\u00e8re   Composants inclus Manuel\" \/>\n<meta property=\"og:url\" content=\"https:\/\/hexagodis.com\/index.php\/produit\/mu-26-pouces-velo-de-route-24-vitesses-velos-double-disque-de-frein-cadre-en-acier-au-carbone-a-haute-couleur-rouge\/\" \/>\n<meta property=\"og:site_name\" content=\"Hexagodis\" \/>\n<meta property=\"og:image\" content=\"https:\/\/hexagodis.com\/wp-content\/uploads\/2025\/08\/61FTvE0b9lL._AC_SL1000_-removebg-preview.png\" \/>\n\t<meta property=\"og:image:width\" content=\"546\" \/>\n\t<meta property=\"og:image:height\" content=\"457\" \/>\n\t<meta property=\"og:image:type\" content=\"image\/png\" \/>\n<meta name=\"twitter:card\" content=\"summary_large_image\" \/>\n<meta name=\"twitter:label1\" content=\"Dur\u00e9e de lecture estim\u00e9e\" \/>\n\t<meta name=\"twitter:data1\" content=\"2 minutes\" \/>\n<script type=\"application\/ld+json\" class=\"yoast-schema-graph\">{\"@context\":\"https:\/\/schema.org\",\"@graph\":[{\"@type\":\"WebPage\",\"@id\":\"https:\/\/hexagodis.com\/index.php\/produit\/mu-26-pouces-velo-de-route-24-vitesses-velos-double-disque-de-frein-cadre-en-acier-au-carbone-a-haute-couleur-rouge\/\",\"url\":\"https:\/\/hexagodis.com\/index.php\/produit\/mu-26-pouces-velo-de-route-24-vitesses-velos-double-disque-de-frein-cadre-en-acier-au-carbone-a-haute-couleur-rouge\/\",\"name\":\"MU 26 Pouces V\u00e9lo de Route, 24 Vitesses V\u00e9los, Double Disque de Frein, Cadre En Acier Au Carbone \u00c0 Haute, couleur Rouge - Hexagodis\",\"isPartOf\":{\"@id\":\"https:\/\/hexagodis.com\/#website\"},\"primaryImageOfPage\":{\"@id\":\"https:\/\/hexagodis.com\/index.php\/produit\/mu-26-pouces-velo-de-route-24-vitesses-velos-double-disque-de-frein-cadre-en-acier-au-carbone-a-haute-couleur-rouge\/#primaryimage\"},\"image\":{\"@id\":\"https:\/\/hexagodis.com\/index.php\/produit\/mu-26-pouces-velo-de-route-24-vitesses-velos-double-disque-de-frein-cadre-en-acier-au-carbone-a-haute-couleur-rouge\/#primaryimage\"},\"thumbnailUrl\":\"https:\/\/hexagodis.com\/wp-content\/uploads\/2025\/08\/61FTvE0b9lL._AC_SL1000_-removebg-preview.png\",\"datePublished\":\"2025-08-25T11:55:28+00:00\",\"breadcrumb\":{\"@id\":\"https:\/\/hexagodis.com\/index.php\/produit\/mu-26-pouces-velo-de-route-24-vitesses-velos-double-disque-de-frein-cadre-en-acier-au-carbone-a-haute-couleur-rouge\/#breadcrumb\"},\"inLanguage\":\"fr-FR\",\"potentialAction\":[{\"@type\":\"ReadAction\",\"target\":[\"https:\/\/hexagodis.com\/index.php\/produit\/mu-26-pouces-velo-de-route-24-vitesses-velos-double-disque-de-frein-cadre-en-acier-au-carbone-a-haute-couleur-rouge\/\"]}]},{\"@type\":\"ImageObject\",\"inLanguage\":\"fr-FR\",\"@id\":\"https:\/\/hexagodis.com\/index.php\/produit\/mu-26-pouces-velo-de-route-24-vitesses-velos-double-disque-de-frein-cadre-en-acier-au-carbone-a-haute-couleur-rouge\/#primaryimage\",\"url\":\"https:\/\/hexagodis.com\/wp-content\/uploads\/2025\/08\/61FTvE0b9lL._AC_SL1000_-removebg-preview.png\",\"contentUrl\":\"https:\/\/hexagodis.com\/wp-content\/uploads\/2025\/08\/61FTvE0b9lL._AC_SL1000_-removebg-preview.png\",\"width\":546,\"height\":457},{\"@type\":\"BreadcrumbList\",\"@id\":\"https:\/\/hexagodis.com\/index.php\/produit\/mu-26-pouces-velo-de-route-24-vitesses-velos-double-disque-de-frein-cadre-en-acier-au-carbone-a-haute-couleur-rouge\/#breadcrumb\",\"itemListElement\":[{\"@type\":\"ListItem\",\"position\":1,\"name\":\"Accueil\",\"item\":\"https:\/\/hexagodis.com\/\"},{\"@type\":\"ListItem\",\"position\":2,\"name\":\"Boutique\",\"item\":\"https:\/\/hexagodis.com\/index.php\/boutique\/\"},{\"@type\":\"ListItem\",\"position\":3,\"name\":\"MU 26 Pouces V\u00e9lo de Route, 24 Vitesses V\u00e9los, Double Disque de Frein, Cadre En Acier Au Carbone \u00c0 Haute, couleur Rouge\"}]},{\"@type\":\"WebSite\",\"@id\":\"https:\/\/hexagodis.com\/#website\",\"url\":\"https:\/\/hexagodis.com\/\",\"name\":\"Hexagodis\",\"description\":\"Mat\u00e9riel de sport &amp; \u00e9quipement sportif\",\"potentialAction\":[{\"@type\":\"SearchAction\",\"target\":{\"@type\":\"EntryPoint\",\"urlTemplate\":\"https:\/\/hexagodis.com\/?s={search_term_string}\"},\"query-input\":{\"@type\":\"PropertyValueSpecification\",\"valueRequired\":true,\"valueName\":\"search_term_string\"}}],\"inLanguage\":\"fr-FR\"}]}<\/script>\n<!-- \/ Yoast SEO plugin. -->","yoast_head_json":{"title":"MU 26 Pouces V\u00e9lo de Route, 24 Vitesses V\u00e9los, Double Disque de Frein, Cadre En Acier Au Carbone \u00c0 Haute, couleur Rouge - Hexagodis","robots":{"index":"index","follow":"follow","max-snippet":"max-snippet:-1","max-image-preview":"max-image-preview:large","max-video-preview":"max-video-preview:-1"},"canonical":"https:\/\/hexagodis.com\/index.php\/produit\/mu-26-pouces-velo-de-route-24-vitesses-velos-double-disque-de-frein-cadre-en-acier-au-carbone-a-haute-couleur-rouge\/","og_locale":"fr_FR","og_type":"article","og_title":"MU 26 Pouces V\u00e9lo de Route, 24 Vitesses V\u00e9los, Double Disque de Frein, Cadre En Acier Au Carbone \u00c0 Haute, couleur Rouge - Hexagodis","og_description":"Couleur:\u00a0Rouge                       Type de v\u00e9lo V\u00e9lo de montagne, V\u00e9lo de route, V\u00e9lo pliable   Tranche d'\u00e2ge (description) Adulte   Marque MU   Nombre de vitesses 24   Couleur Rouge   Taille de roue 26 Pouces   Mat\u00e9riau du cadre Acier \u00e0 haute teneur en carbone   Type de suspension Avant   Caract\u00e9ristique sp\u00e9ciale L\u00e9g\u00e8re   Composants inclus Manuel","og_url":"https:\/\/hexagodis.com\/index.php\/produit\/mu-26-pouces-velo-de-route-24-vitesses-velos-double-disque-de-frein-cadre-en-acier-au-carbone-a-haute-couleur-rouge\/","og_site_name":"Hexagodis","og_image":[{"width":546,"height":457,"url":"https:\/\/hexagodis.com\/wp-content\/uploads\/2025\/08\/61FTvE0b9lL._AC_SL1000_-removebg-preview.png","type":"image\/png"}],"twitter_card":"summary_large_image","twitter_misc":{"Dur\u00e9e de lecture estim\u00e9e":"2 minutes"},"schema":{"@context":"https:\/\/schema.org","@graph":[{"@type":"WebPage","@id":"https:\/\/hexagodis.com\/index.php\/produit\/mu-26-pouces-velo-de-route-24-vitesses-velos-double-disque-de-frein-cadre-en-acier-au-carbone-a-haute-couleur-rouge\/","url":"https:\/\/hexagodis.com\/index.php\/produit\/mu-26-pouces-velo-de-route-24-vitesses-velos-double-disque-de-frein-cadre-en-acier-au-carbone-a-haute-couleur-rouge\/","name":"MU 26 Pouces V\u00e9lo de Route, 24 Vitesses V\u00e9los, Double Disque de Frein, Cadre En Acier Au Carbone \u00c0 Haute, couleur Rouge - Hexagodis","isPartOf":{"@id":"https:\/\/hexagodis.com\/#website"},"primaryImageOfPage":{"@id":"https:\/\/hexagodis.com\/index.php\/produit\/mu-26-pouces-velo-de-route-24-vitesses-velos-double-disque-de-frein-cadre-en-acier-au-carbone-a-haute-couleur-rouge\/#primaryimage"},"image":{"@id":"https:\/\/hexagodis.com\/index.php\/produit\/mu-26-pouces-velo-de-route-24-vitesses-velos-double-disque-de-frein-cadre-en-acier-au-carbone-a-haute-couleur-rouge\/#primaryimage"},"thumbnailUrl":"https:\/\/hexagodis.com\/wp-content\/uploads\/2025\/08\/61FTvE0b9lL._AC_SL1000_-removebg-preview.png","datePublished":"2025-08-25T11:55:28+00:00","breadcrumb":{"@id":"https:\/\/hexagodis.com\/index.php\/produit\/mu-26-pouces-velo-de-route-24-vitesses-velos-double-disque-de-frein-cadre-en-acier-au-carbone-a-haute-couleur-rouge\/#breadcrumb"},"inLanguage":"fr-FR","potentialAction":[{"@type":"ReadAction","target":["https:\/\/hexagodis.com\/index.php\/produit\/mu-26-pouces-velo-de-route-24-vitesses-velos-double-disque-de-frein-cadre-en-acier-au-carbone-a-haute-couleur-rouge\/"]}]},{"@type":"ImageObject","inLanguage":"fr-FR","@id":"https:\/\/hexagodis.com\/index.php\/produit\/mu-26-pouces-velo-de-route-24-vitesses-velos-double-disque-de-frein-cadre-en-acier-au-carbone-a-haute-couleur-rouge\/#primaryimage","url":"https:\/\/hexagodis.com\/wp-content\/uploads\/2025\/08\/61FTvE0b9lL._AC_SL1000_-removebg-preview.png","contentUrl":"https:\/\/hexagodis.com\/wp-content\/uploads\/2025\/08\/61FTvE0b9lL._AC_SL1000_-removebg-preview.png","width":546,"height":457},{"@type":"BreadcrumbList","@id":"https:\/\/hexagodis.com\/index.php\/produit\/mu-26-pouces-velo-de-route-24-vitesses-velos-double-disque-de-frein-cadre-en-acier-au-carbone-a-haute-couleur-rouge\/#breadcrumb","itemListElement":[{"@type":"ListItem","position":1,"name":"Accueil","item":"https:\/\/hexagodis.com\/"},{"@type":"ListItem","position":2,"name":"Boutique","item":"https:\/\/hexagodis.com\/index.php\/boutique\/"},{"@type":"ListItem","position":3,"name":"MU 26 Pouces V\u00e9lo de Route, 24 Vitesses V\u00e9los, Double Disque de Frein, Cadre En Acier Au Carbone \u00c0 Haute, couleur Rouge"}]},{"@type":"WebSite","@id":"https:\/\/hexagodis.com\/#website","url":"https:\/\/hexagodis.com\/","name":"Hexagodis","description":"Mat\u00e9riel de sport &amp; \u00e9quipement sportif","potentialAction":[{"@type":"SearchAction","target":{"@type":"EntryPoint","urlTemplate":"https:\/\/hexagodis.com\/?s={search_term_string}"},"query-input":{"@type":"PropertyValueSpecification","valueRequired":true,"valueName":"search_term_string"}}],"inLanguage":"fr-FR"}]}},"_links":{"self":[{"href":"https:\/\/hexagodis.com\/index.php\/wp-json\/wp\/v2\/product\/18085","targetHints":{"allow":["GET"]}}],"collection":[{"href":"https:\/\/hexagodis.com\/index.php\/wp-json\/wp\/v2\/product"}],"about":[{"href":"https:\/\/hexagodis.com\/index.php\/wp-json\/wp\/v2\/types\/product"}],"replies":[{"embeddable":true,"href":"https:\/\/hexagodis.com\/index.php\/wp-json\/wp\/v2\/comments?post=18085"}],"version-history":[{"count":1,"href":"https:\/\/hexagodis.com\/index.php\/wp-json\/wp\/v2\/product\/18085\/revisions"}],"predecessor-version":[{"id":18092,"href":"https:\/\/hexagodis.com\/index.php\/wp-json\/wp\/v2\/product\/18085\/revisions\/18092"}],"wp:featuredmedia":[{"embeddable":true,"href":"https:\/\/hexagodis.com\/index.php\/wp-json\/wp\/v2\/media\/18086"}],"wp:attachment":[{"href":"https:\/\/hexagodis.com\/index.php\/wp-json\/wp\/v2\/media?parent=18085"}],"wp:term":[{"taxonomy":"product_brand","embeddable":true,"href":"https:\/\/hexagodis.com\/index.php\/wp-json\/wp\/v2\/product_brand?post=18085"},{"taxonomy":"product_cat","embeddable":true,"href":"https:\/\/hexagodis.com\/index.php\/wp-json\/wp\/v2\/product_cat?post=18085"},{"taxonomy":"product_tag","embeddable":true,"href":"https:\/\/hexagodis.com\/index.php\/wp-json\/wp\/v2\/product_tag?post=18085"}],"curies":[{"name":"wp","href":"https:\/\/api.w.org\/{rel}","templated":true}]}}