{"id":18060,"date":"2025-08-25T13:28:42","date_gmt":"2025-08-25T11:28:42","guid":{"rendered":"https:\/\/hexagodis.com\/?post_type=product&#038;p=18060"},"modified":"2025-08-25T13:31:53","modified_gmt":"2025-08-25T11:31:53","slug":"mu-26-pouces-velo-de-route-24-vitesses-velos-double-frein-a-disque-cadre-en-acier-au-carbone-a-haute-route-de-velos-de-course-pour-hommes-et-femmes-adultes-seulement-blanc","status":"publish","type":"product","link":"https:\/\/hexagodis.com\/index.php\/produit\/mu-26-pouces-velo-de-route-24-vitesses-velos-double-frein-a-disque-cadre-en-acier-au-carbone-a-haute-route-de-velos-de-course-pour-hommes-et-femmes-adultes-seulement-blanc\/","title":{"rendered":"MU 26 Pouces V\u00e9lo de Route, 24 Vitesses V\u00e9los, Double Frein \u00c0 Disque, Cadre En Acier Au Carbone \u00c0 Haute, Route de V\u00e9los de Course, Pour Hommes Et Femmes Adultes Seulement, Blanc"},"content":{"rendered":"<ul class=\"a-unordered-list a-vertical a-spacing-mini\">\n<li class=\"a-spacing-mini\"><span class=\"a-list-item\">5. Durable: La Plupart Du Temps, Les Choses Sont Faites \u00c0 Bon March\u00e9 Et Sont Bris\u00e9s Avant Qu&rsquo;Ils Apparaissent. Nous Pensons Que Les V\u00e9los Doivent \u00catre Fiables Et Durables. Voil\u00e0 Pourquoi Nous Utilisons L&rsquo;Acier Au Carbone de Haute Qualit\u00e9 Dans Des V\u00e9los, Avec Une Meilleure Fonction de Conception Et Plus Le Temps de Service Que Tout Autre Produit Sur Le March\u00e9. Ne Vous Inqui\u00e9tez Pas Circonscription, Je Sais Que Votre Nouveau V\u00e9lo Est Durable<\/span><\/li>\n<li class=\"a-spacing-mini\"><span class=\"a-list-item\">4. Selle \u00c9lastique: Selle \u00c9ponge Douce M\u00e9moire, L&rsquo;Atmosph\u00e8re de Texture En Cuir Belle, Antid\u00e9rapante, R\u00e9sistant \u00c0 L&rsquo;Usure, Respirant, Confortable, Le Cyclisme \u00c0 Long Terme Ne Sera Pas La Fatigue.<\/span><\/li>\n<li class=\"a-spacing-mini\"><span class=\"a-list-item\">3. Changement de Vitesse Sp\u00e9ciale: Avec La Conception de Bras Cass\u00e9, Le Processus de Changement de Vitesse Est Plus Rapide, Plus Pr\u00e9cis Et A L&rsquo;Autod\u00e9termination Plus. Huit Roues \u00c0 Tour de Positionnement Sont Constitu\u00e9s D&rsquo;Un Mat\u00e9riau En Acier Fin Et Sont Finies Par Usinage Cnc. L&rsquo;Angle D&rsquo;Inclinaison Autod\u00e9termin\u00e9e Peut Faire La Cha\u00eene Facilement Entrer Dans L&rsquo;Herbe Et Faire Le Changement de Vitesse Plus Rapide Et Plus Lisse.<\/span><\/li>\n<li class=\"a-spacing-mini\"><span class=\"a-list-item\">2. Double Frein \u00c0 Disque M\u00e9canique: Un Freinage Rapide. Le Syst\u00e8me de Freinage Adopte Frein \u00c0 Disque M\u00e9canique Sp\u00e9ciale Pour V\u00e9los de Montagne. Le Frein \u00c0 Disque M\u00e9canique Ne Peut Ignorer Le Mauvais Temps Et Peut Encore Facilement Frein, Vous Fournissant Une Protection Plus Puissante.<\/span><\/li>\n<li class=\"a-spacing-mini\"><span class=\"a-list-item\">1. 24 Vitesses \u00c0 V\u00e9los de Route Du Syst\u00e8me Peuvent Vous Assurer Des Freins de S\u00e9curit\u00e9 \u00c0 Toute Vitesse Pendant Votre V\u00e9lo.<\/span><\/li>\n<\/ul>\n<p>&nbsp;<\/p>\n<p>&nbsp;<\/p>\n<div class=\"a-row\">\n<div class=\"a-column a-span6\">\n<h1 class=\"a-size-medium a-spacing-small\">Descriptif technique<\/h1>\n<\/div>\n<\/div>\n<div class=\"a-expander-content a-expander-extend-content\" data-expanded=\"true\">\n<div class=\"a-row a-expander-container a-expander-inline-container\">\n<div class=\"a-expander-content a-expander-section-content a-section-expander-inner\" data-expanded=\"true\">\n<table id=\"productDetails_techSpec_section_1\" class=\"a-keyvalue prodDetTable\">\n<tbody>\n<tr>\n<th class=\"a-color-secondary a-size-base prodDetSectionEntry\">Fabricant<\/th>\n<td class=\"a-size-base prodDetAttrValue\">\u200eMU<\/td>\n<\/tr>\n<tr>\n<th class=\"a-color-secondary a-size-base prodDetSectionEntry\">Poids de l&rsquo;article<\/th>\n<td class=\"a-size-base prodDetAttrValue\">\u200e5 kilogrammes<\/td>\n<\/tr>\n<tr>\n<th class=\"a-color-secondary a-size-base prodDetSectionEntry\">R\u00e9f\u00e9rence<\/th>\n<td class=\"a-size-base prodDetAttrValue\">\u200e5716432323<\/td>\n<\/tr>\n<tr>\n<th class=\"a-color-secondary a-size-base prodDetSectionEntry\">Couleur<\/th>\n<td class=\"a-size-base prodDetAttrValue\">\u200eBlanc<\/td>\n<\/tr>\n<tr>\n<th class=\"a-color-secondary a-size-base prodDetSectionEntry\">Style<\/th>\n<td class=\"a-size-base prodDetAttrValue\">\u200eRoutier<\/td>\n<\/tr>\n<tr>\n<th class=\"a-color-secondary a-size-base prodDetSectionEntry\">Type d&rsquo;alimentation<\/th>\n<td class=\"a-size-base prodDetAttrValue\">\u200eP\u00e9dalage (\u00e9nergie humaine transf\u00e9r\u00e9e via un groupe motopropulseur)<\/td>\n<\/tr>\n<tr>\n<th class=\"a-color-secondary a-size-base prodDetSectionEntry\">Nombre de poign\u00e9es<\/th>\n<td class=\"a-size-base prodDetAttrValue\">\u200e2<\/td>\n<\/tr>\n<tr>\n<th class=\"a-color-secondary a-size-base prodDetSectionEntry\">Fonctions sp\u00e9ciales<\/th>\n<td class=\"a-size-base prodDetAttrValue\">\u200eL\u00e9g\u00e8re<\/td>\n<\/tr>\n<tr>\n<th class=\"a-color-secondary a-size-base prodDetSectionEntry\">Utilisation<\/th>\n<td class=\"a-size-base prodDetAttrValue\">\u200eUtilisation en milieu urbain et routier, adapt\u00e9 aux adultes<\/td>\n<\/tr>\n<tr>\n<th class=\"a-color-secondary a-size-base prodDetSectionEntry\">Composants inclus<\/th>\n<td class=\"a-size-base prodDetAttrValue\">\u200eOutil d&rsquo;installation<\/td>\n<\/tr>\n<tr>\n<th class=\"a-color-secondary a-size-base prodDetSectionEntry\"><\/th>\n<td class=\"a-size-base prodDetAttrValue\"><\/td>\n<\/tr>\n<\/tbody>\n<\/table>\n<\/div>\n<\/div>\n<\/div>\n","protected":false},"excerpt":{"rendered":"<p>Marque\u00a0: MU<\/p>\n<p><span class=\"a-size-base a-color-secondary inline-twister-dim-title\">Couleur:\u00a0<\/span><span id=\"inline-twister-expanded-dimension-text-color_name\" class=\"a-size-base inline-twister-dim-title-value-truncate a-text-bold\">Blanc<\/span><\/p>\n<table class=\"a-normal a-spacing-micro\" style=\"height: 297px;\" role=\"list\" width=\"427\">\n<tbody>\n<tr class=\"a-spacing-small po-bike_type\" role=\"listitem\">\n<td class=\"a-span3\" role=\"presentation\"><span class=\"a-size-base a-text-bold\">Type de v\u00e9lo<\/span><\/td>\n<td class=\"a-span9\" role=\"presentation\"><span class=\"a-size-base po-break-word\">V\u00e9lo de route<\/span><\/td>\n<\/tr>\n<tr class=\"a-spacing-small po-age_range_description\" role=\"listitem\">\n<td class=\"a-span3\" role=\"presentation\"><span class=\"a-size-base a-text-bold\">Tranche d&rsquo;\u00e2ge (description)<\/span><\/td>\n<td class=\"a-span9\" role=\"presentation\"><span class=\"a-size-base po-break-word\">Adulte<\/span><\/td>\n<\/tr>\n<tr class=\"a-spacing-small po-brand\" role=\"listitem\">\n<td class=\"a-span3\" role=\"presentation\"><span class=\"a-size-base a-text-bold\">Marque<\/span><\/td>\n<td class=\"a-span9\" role=\"presentation\"><span class=\"a-size-base po-break-word\">MU<\/span><\/td>\n<\/tr>\n<tr class=\"a-spacing-small po-number_of_speeds\" role=\"listitem\">\n<td class=\"a-span3\" role=\"presentation\"><span class=\"a-size-base a-text-bold\">Nombre de vitesses<\/span><\/td>\n<td class=\"a-span9\" role=\"presentation\"><span class=\"a-size-base po-break-word\">24<\/span><\/td>\n<\/tr>\n<tr class=\"a-spacing-small po-color\" role=\"listitem\">\n<td class=\"a-span3\" role=\"presentation\"><span class=\"a-size-base a-text-bold\">Couleur<\/span><\/td>\n<td class=\"a-span9\" role=\"presentation\"><span class=\"a-size-base po-break-word\">Blanc<\/span><\/td>\n<\/tr>\n<tr class=\"a-spacing-small po-wheel.size\" role=\"listitem\">\n<td class=\"a-span3\" role=\"presentation\"><span class=\"a-size-base a-text-bold\">Taille de roue<\/span><\/td>\n<td class=\"a-span9\" role=\"presentation\"><span class=\"a-size-base po-break-word\">26 Pouces<\/span><\/td>\n<\/tr>\n<tr class=\"a-spacing-small po-frame.material\" role=\"listitem\">\n<td class=\"a-span3\" role=\"presentation\"><span class=\"a-size-base a-text-bold\">Mat\u00e9riau du cadre<\/span><\/td>\n<td class=\"a-span9\" role=\"presentation\"><span class=\"a-size-base po-break-word\">Acier au carbone<\/span><\/td>\n<\/tr>\n<tr class=\"a-spacing-small po-suspension_type\" role=\"listitem\">\n<td class=\"a-span3\" role=\"presentation\"><span class=\"a-size-base a-text-bold\">Type de suspension<\/span><\/td>\n<td class=\"a-span9\" role=\"presentation\"><span class=\"a-size-base po-break-word\">Suspension fourche<\/span><\/td>\n<\/tr>\n<tr class=\"a-spacing-small po-special_feature\" role=\"listitem\">\n<td class=\"a-span3\" role=\"presentation\"><span class=\"a-size-base a-text-bold\">Caract\u00e9ristique sp\u00e9ciale<\/span><\/td>\n<td class=\"a-span9\" role=\"presentation\"><span class=\"a-size-base po-break-word\">L\u00e9g\u00e8re<\/span><\/td>\n<\/tr>\n<tr class=\"a-spacing-small po-included_components\" role=\"listitem\">\n<td class=\"a-span3\" role=\"presentation\"><span class=\"a-size-base a-text-bold\">Composants inclus<\/span><\/td>\n<td class=\"a-span9\" role=\"presentation\"><span class=\"a-size-base po-break-word\">Outil d&rsquo;installation<\/span><\/td>\n<\/tr>\n<\/tbody>\n<\/table>\n<p>&nbsp;<\/p>\n","protected":false},"featured_media":18070,"comment_status":"open","ping_status":"closed","template":"","meta":[],"product_brand":[],"product_cat":[255],"product_tag":[],"class_list":{"0":"post-18060","1":"product","2":"type-product","3":"status-publish","4":"has-post-thumbnail","6":"product_cat-velos-de-route","8":"first","9":"instock","10":"sale","11":"taxable","12":"shipping-taxable","13":"purchasable","14":"product-type-simple"},"yoast_head":"<!-- This site is optimized with the Yoast SEO plugin v24.8.1 - https:\/\/yoast.com\/wordpress\/plugins\/seo\/ -->\n<title>MU 26 Pouces V\u00e9lo de Route, 24 Vitesses V\u00e9los, Double Frein \u00c0 Disque, Cadre En Acier Au Carbone \u00c0 Haute, Route de V\u00e9los de Course, Pour Hommes Et Femmes Adultes Seulement, Blanc - Hexagodis<\/title>\n<meta name=\"robots\" content=\"index, follow, max-snippet:-1, max-image-preview:large, max-video-preview:-1\" \/>\n<link rel=\"canonical\" href=\"https:\/\/hexagodis.com\/index.php\/produit\/mu-26-pouces-velo-de-route-24-vitesses-velos-double-frein-a-disque-cadre-en-acier-au-carbone-a-haute-route-de-velos-de-course-pour-hommes-et-femmes-adultes-seulement-blanc\/\" \/>\n<meta property=\"og:locale\" content=\"fr_FR\" \/>\n<meta property=\"og:type\" content=\"article\" \/>\n<meta property=\"og:title\" content=\"MU 26 Pouces V\u00e9lo de Route, 24 Vitesses V\u00e9los, Double Frein \u00c0 Disque, Cadre En Acier Au Carbone \u00c0 Haute, Route de V\u00e9los de Course, Pour Hommes Et Femmes Adultes Seulement, Blanc - Hexagodis\" \/>\n<meta property=\"og:description\" content=\"Marque\u00a0: MU  Couleur:\u00a0Blanc    Type de v\u00e9lo V\u00e9lo de route   Tranche d&#039;\u00e2ge (description) Adulte   Marque MU   Nombre de vitesses 24   Couleur Blanc   Taille de roue 26 Pouces   Mat\u00e9riau du cadre Acier au carbone   Type de suspension Suspension fourche   Caract\u00e9ristique sp\u00e9ciale L\u00e9g\u00e8re   Composants inclus Outil d&#039;installation    &nbsp;\" \/>\n<meta property=\"og:url\" content=\"https:\/\/hexagodis.com\/index.php\/produit\/mu-26-pouces-velo-de-route-24-vitesses-velos-double-frein-a-disque-cadre-en-acier-au-carbone-a-haute-route-de-velos-de-course-pour-hommes-et-femmes-adultes-seulement-blanc\/\" \/>\n<meta property=\"og:site_name\" content=\"Hexagodis\" \/>\n<meta property=\"article:modified_time\" content=\"2025-08-25T11:31:53+00:00\" \/>\n<meta property=\"og:image\" content=\"https:\/\/hexagodis.com\/wp-content\/uploads\/2025\/08\/61IpAzIC6L._AC_SL1040_.jpg\" \/>\n\t<meta property=\"og:image:width\" content=\"1040\" \/>\n\t<meta property=\"og:image:height\" content=\"866\" \/>\n\t<meta property=\"og:image:type\" content=\"image\/jpeg\" \/>\n<meta name=\"twitter:card\" content=\"summary_large_image\" \/>\n<meta name=\"twitter:label1\" content=\"Dur\u00e9e de lecture estim\u00e9e\" \/>\n\t<meta name=\"twitter:data1\" content=\"2 minutes\" \/>\n<script type=\"application\/ld+json\" class=\"yoast-schema-graph\">{\"@context\":\"https:\/\/schema.org\",\"@graph\":[{\"@type\":\"WebPage\",\"@id\":\"https:\/\/hexagodis.com\/index.php\/produit\/mu-26-pouces-velo-de-route-24-vitesses-velos-double-frein-a-disque-cadre-en-acier-au-carbone-a-haute-route-de-velos-de-course-pour-hommes-et-femmes-adultes-seulement-blanc\/\",\"url\":\"https:\/\/hexagodis.com\/index.php\/produit\/mu-26-pouces-velo-de-route-24-vitesses-velos-double-frein-a-disque-cadre-en-acier-au-carbone-a-haute-route-de-velos-de-course-pour-hommes-et-femmes-adultes-seulement-blanc\/\",\"name\":\"MU 26 Pouces V\u00e9lo de Route, 24 Vitesses V\u00e9los, Double Frein \u00c0 Disque, Cadre En Acier Au Carbone \u00c0 Haute, Route de V\u00e9los de Course, Pour Hommes Et Femmes Adultes Seulement, Blanc - Hexagodis\",\"isPartOf\":{\"@id\":\"https:\/\/hexagodis.com\/#website\"},\"primaryImageOfPage\":{\"@id\":\"https:\/\/hexagodis.com\/index.php\/produit\/mu-26-pouces-velo-de-route-24-vitesses-velos-double-frein-a-disque-cadre-en-acier-au-carbone-a-haute-route-de-velos-de-course-pour-hommes-et-femmes-adultes-seulement-blanc\/#primaryimage\"},\"image\":{\"@id\":\"https:\/\/hexagodis.com\/index.php\/produit\/mu-26-pouces-velo-de-route-24-vitesses-velos-double-frein-a-disque-cadre-en-acier-au-carbone-a-haute-route-de-velos-de-course-pour-hommes-et-femmes-adultes-seulement-blanc\/#primaryimage\"},\"thumbnailUrl\":\"https:\/\/hexagodis.com\/wp-content\/uploads\/2025\/08\/61IpAzIC6L._AC_SL1040_.jpg\",\"datePublished\":\"2025-08-25T11:28:42+00:00\",\"dateModified\":\"2025-08-25T11:31:53+00:00\",\"breadcrumb\":{\"@id\":\"https:\/\/hexagodis.com\/index.php\/produit\/mu-26-pouces-velo-de-route-24-vitesses-velos-double-frein-a-disque-cadre-en-acier-au-carbone-a-haute-route-de-velos-de-course-pour-hommes-et-femmes-adultes-seulement-blanc\/#breadcrumb\"},\"inLanguage\":\"fr-FR\",\"potentialAction\":[{\"@type\":\"ReadAction\",\"target\":[\"https:\/\/hexagodis.com\/index.php\/produit\/mu-26-pouces-velo-de-route-24-vitesses-velos-double-frein-a-disque-cadre-en-acier-au-carbone-a-haute-route-de-velos-de-course-pour-hommes-et-femmes-adultes-seulement-blanc\/\"]}]},{\"@type\":\"ImageObject\",\"inLanguage\":\"fr-FR\",\"@id\":\"https:\/\/hexagodis.com\/index.php\/produit\/mu-26-pouces-velo-de-route-24-vitesses-velos-double-frein-a-disque-cadre-en-acier-au-carbone-a-haute-route-de-velos-de-course-pour-hommes-et-femmes-adultes-seulement-blanc\/#primaryimage\",\"url\":\"https:\/\/hexagodis.com\/wp-content\/uploads\/2025\/08\/61IpAzIC6L._AC_SL1040_.jpg\",\"contentUrl\":\"https:\/\/hexagodis.com\/wp-content\/uploads\/2025\/08\/61IpAzIC6L._AC_SL1040_.jpg\",\"width\":1040,\"height\":866},{\"@type\":\"BreadcrumbList\",\"@id\":\"https:\/\/hexagodis.com\/index.php\/produit\/mu-26-pouces-velo-de-route-24-vitesses-velos-double-frein-a-disque-cadre-en-acier-au-carbone-a-haute-route-de-velos-de-course-pour-hommes-et-femmes-adultes-seulement-blanc\/#breadcrumb\",\"itemListElement\":[{\"@type\":\"ListItem\",\"position\":1,\"name\":\"Accueil\",\"item\":\"https:\/\/hexagodis.com\/\"},{\"@type\":\"ListItem\",\"position\":2,\"name\":\"Boutique\",\"item\":\"https:\/\/hexagodis.com\/index.php\/boutique\/\"},{\"@type\":\"ListItem\",\"position\":3,\"name\":\"MU 26 Pouces V\u00e9lo de Route, 24 Vitesses V\u00e9los, Double Frein \u00c0 Disque, Cadre En Acier Au Carbone \u00c0 Haute, Route de V\u00e9los de Course, Pour Hommes Et Femmes Adultes Seulement, Blanc\"}]},{\"@type\":\"WebSite\",\"@id\":\"https:\/\/hexagodis.com\/#website\",\"url\":\"https:\/\/hexagodis.com\/\",\"name\":\"Hexagodis\",\"description\":\"Mat\u00e9riel de sport &amp; \u00e9quipement sportif\",\"potentialAction\":[{\"@type\":\"SearchAction\",\"target\":{\"@type\":\"EntryPoint\",\"urlTemplate\":\"https:\/\/hexagodis.com\/?s={search_term_string}\"},\"query-input\":{\"@type\":\"PropertyValueSpecification\",\"valueRequired\":true,\"valueName\":\"search_term_string\"}}],\"inLanguage\":\"fr-FR\"}]}<\/script>\n<!-- \/ Yoast SEO plugin. -->","yoast_head_json":{"title":"MU 26 Pouces V\u00e9lo de Route, 24 Vitesses V\u00e9los, Double Frein \u00c0 Disque, Cadre En Acier Au Carbone \u00c0 Haute, Route de V\u00e9los de Course, Pour Hommes Et Femmes Adultes Seulement, Blanc - Hexagodis","robots":{"index":"index","follow":"follow","max-snippet":"max-snippet:-1","max-image-preview":"max-image-preview:large","max-video-preview":"max-video-preview:-1"},"canonical":"https:\/\/hexagodis.com\/index.php\/produit\/mu-26-pouces-velo-de-route-24-vitesses-velos-double-frein-a-disque-cadre-en-acier-au-carbone-a-haute-route-de-velos-de-course-pour-hommes-et-femmes-adultes-seulement-blanc\/","og_locale":"fr_FR","og_type":"article","og_title":"MU 26 Pouces V\u00e9lo de Route, 24 Vitesses V\u00e9los, Double Frein \u00c0 Disque, Cadre En Acier Au Carbone \u00c0 Haute, Route de V\u00e9los de Course, Pour Hommes Et Femmes Adultes Seulement, Blanc - Hexagodis","og_description":"Marque\u00a0: MU  Couleur:\u00a0Blanc    Type de v\u00e9lo V\u00e9lo de route   Tranche d'\u00e2ge (description) Adulte   Marque MU   Nombre de vitesses 24   Couleur Blanc   Taille de roue 26 Pouces   Mat\u00e9riau du cadre Acier au carbone   Type de suspension Suspension fourche   Caract\u00e9ristique sp\u00e9ciale L\u00e9g\u00e8re   Composants inclus Outil d'installation    &nbsp;","og_url":"https:\/\/hexagodis.com\/index.php\/produit\/mu-26-pouces-velo-de-route-24-vitesses-velos-double-frein-a-disque-cadre-en-acier-au-carbone-a-haute-route-de-velos-de-course-pour-hommes-et-femmes-adultes-seulement-blanc\/","og_site_name":"Hexagodis","article_modified_time":"2025-08-25T11:31:53+00:00","og_image":[{"width":1040,"height":866,"url":"https:\/\/hexagodis.com\/wp-content\/uploads\/2025\/08\/61IpAzIC6L._AC_SL1040_.jpg","type":"image\/jpeg"}],"twitter_card":"summary_large_image","twitter_misc":{"Dur\u00e9e de lecture estim\u00e9e":"2 minutes"},"schema":{"@context":"https:\/\/schema.org","@graph":[{"@type":"WebPage","@id":"https:\/\/hexagodis.com\/index.php\/produit\/mu-26-pouces-velo-de-route-24-vitesses-velos-double-frein-a-disque-cadre-en-acier-au-carbone-a-haute-route-de-velos-de-course-pour-hommes-et-femmes-adultes-seulement-blanc\/","url":"https:\/\/hexagodis.com\/index.php\/produit\/mu-26-pouces-velo-de-route-24-vitesses-velos-double-frein-a-disque-cadre-en-acier-au-carbone-a-haute-route-de-velos-de-course-pour-hommes-et-femmes-adultes-seulement-blanc\/","name":"MU 26 Pouces V\u00e9lo de Route, 24 Vitesses V\u00e9los, Double Frein \u00c0 Disque, Cadre En Acier Au Carbone \u00c0 Haute, Route de V\u00e9los de Course, Pour Hommes Et Femmes Adultes Seulement, Blanc - Hexagodis","isPartOf":{"@id":"https:\/\/hexagodis.com\/#website"},"primaryImageOfPage":{"@id":"https:\/\/hexagodis.com\/index.php\/produit\/mu-26-pouces-velo-de-route-24-vitesses-velos-double-frein-a-disque-cadre-en-acier-au-carbone-a-haute-route-de-velos-de-course-pour-hommes-et-femmes-adultes-seulement-blanc\/#primaryimage"},"image":{"@id":"https:\/\/hexagodis.com\/index.php\/produit\/mu-26-pouces-velo-de-route-24-vitesses-velos-double-frein-a-disque-cadre-en-acier-au-carbone-a-haute-route-de-velos-de-course-pour-hommes-et-femmes-adultes-seulement-blanc\/#primaryimage"},"thumbnailUrl":"https:\/\/hexagodis.com\/wp-content\/uploads\/2025\/08\/61IpAzIC6L._AC_SL1040_.jpg","datePublished":"2025-08-25T11:28:42+00:00","dateModified":"2025-08-25T11:31:53+00:00","breadcrumb":{"@id":"https:\/\/hexagodis.com\/index.php\/produit\/mu-26-pouces-velo-de-route-24-vitesses-velos-double-frein-a-disque-cadre-en-acier-au-carbone-a-haute-route-de-velos-de-course-pour-hommes-et-femmes-adultes-seulement-blanc\/#breadcrumb"},"inLanguage":"fr-FR","potentialAction":[{"@type":"ReadAction","target":["https:\/\/hexagodis.com\/index.php\/produit\/mu-26-pouces-velo-de-route-24-vitesses-velos-double-frein-a-disque-cadre-en-acier-au-carbone-a-haute-route-de-velos-de-course-pour-hommes-et-femmes-adultes-seulement-blanc\/"]}]},{"@type":"ImageObject","inLanguage":"fr-FR","@id":"https:\/\/hexagodis.com\/index.php\/produit\/mu-26-pouces-velo-de-route-24-vitesses-velos-double-frein-a-disque-cadre-en-acier-au-carbone-a-haute-route-de-velos-de-course-pour-hommes-et-femmes-adultes-seulement-blanc\/#primaryimage","url":"https:\/\/hexagodis.com\/wp-content\/uploads\/2025\/08\/61IpAzIC6L._AC_SL1040_.jpg","contentUrl":"https:\/\/hexagodis.com\/wp-content\/uploads\/2025\/08\/61IpAzIC6L._AC_SL1040_.jpg","width":1040,"height":866},{"@type":"BreadcrumbList","@id":"https:\/\/hexagodis.com\/index.php\/produit\/mu-26-pouces-velo-de-route-24-vitesses-velos-double-frein-a-disque-cadre-en-acier-au-carbone-a-haute-route-de-velos-de-course-pour-hommes-et-femmes-adultes-seulement-blanc\/#breadcrumb","itemListElement":[{"@type":"ListItem","position":1,"name":"Accueil","item":"https:\/\/hexagodis.com\/"},{"@type":"ListItem","position":2,"name":"Boutique","item":"https:\/\/hexagodis.com\/index.php\/boutique\/"},{"@type":"ListItem","position":3,"name":"MU 26 Pouces V\u00e9lo de Route, 24 Vitesses V\u00e9los, Double Frein \u00c0 Disque, Cadre En Acier Au Carbone \u00c0 Haute, Route de V\u00e9los de Course, Pour Hommes Et Femmes Adultes Seulement, Blanc"}]},{"@type":"WebSite","@id":"https:\/\/hexagodis.com\/#website","url":"https:\/\/hexagodis.com\/","name":"Hexagodis","description":"Mat\u00e9riel de sport &amp; \u00e9quipement sportif","potentialAction":[{"@type":"SearchAction","target":{"@type":"EntryPoint","urlTemplate":"https:\/\/hexagodis.com\/?s={search_term_string}"},"query-input":{"@type":"PropertyValueSpecification","valueRequired":true,"valueName":"search_term_string"}}],"inLanguage":"fr-FR"}]}},"_links":{"self":[{"href":"https:\/\/hexagodis.com\/index.php\/wp-json\/wp\/v2\/product\/18060","targetHints":{"allow":["GET"]}}],"collection":[{"href":"https:\/\/hexagodis.com\/index.php\/wp-json\/wp\/v2\/product"}],"about":[{"href":"https:\/\/hexagodis.com\/index.php\/wp-json\/wp\/v2\/types\/product"}],"replies":[{"embeddable":true,"href":"https:\/\/hexagodis.com\/index.php\/wp-json\/wp\/v2\/comments?post=18060"}],"version-history":[{"count":1,"href":"https:\/\/hexagodis.com\/index.php\/wp-json\/wp\/v2\/product\/18060\/revisions"}],"predecessor-version":[{"id":18061,"href":"https:\/\/hexagodis.com\/index.php\/wp-json\/wp\/v2\/product\/18060\/revisions\/18061"}],"wp:featuredmedia":[{"embeddable":true,"href":"https:\/\/hexagodis.com\/index.php\/wp-json\/wp\/v2\/media\/18070"}],"wp:attachment":[{"href":"https:\/\/hexagodis.com\/index.php\/wp-json\/wp\/v2\/media?parent=18060"}],"wp:term":[{"taxonomy":"product_brand","embeddable":true,"href":"https:\/\/hexagodis.com\/index.php\/wp-json\/wp\/v2\/product_brand?post=18060"},{"taxonomy":"product_cat","embeddable":true,"href":"https:\/\/hexagodis.com\/index.php\/wp-json\/wp\/v2\/product_cat?post=18060"},{"taxonomy":"product_tag","embeddable":true,"href":"https:\/\/hexagodis.com\/index.php\/wp-json\/wp\/v2\/product_tag?post=18060"}],"curies":[{"name":"wp","href":"https:\/\/api.w.org\/{rel}","templated":true}]}}