{"id":17927,"date":"2025-07-09T14:58:43","date_gmt":"2025-07-09T12:58:43","guid":{"rendered":"https:\/\/hexagodis.com\/?post_type=product&#038;p=17927"},"modified":"2025-07-09T14:58:43","modified_gmt":"2025-07-09T12:58:43","slug":"amazfit-t-rex-3-outdoor-smartwatch-48mm-ecran-amoled-cartes-et-navigation-hors-ligne-gps-double-bande-a-6-systemes-satellites-autonomie-de-27-jours-paiement-nfc-170-modes-sportifs-pour-aventure","status":"publish","type":"product","link":"https:\/\/hexagodis.com\/index.php\/produit\/amazfit-t-rex-3-outdoor-smartwatch-48mm-ecran-amoled-cartes-et-navigation-hors-ligne-gps-double-bande-a-6-systemes-satellites-autonomie-de-27-jours-paiement-nfc-170-modes-sportifs-pour-aventure\/","title":{"rendered":"Amazfit T-Rex 3 Outdoor Smartwatch 48mm \u00c9cran AMOLED, Cartes et Navigation Hors Ligne, GPS Double Bande \u00e0 6 Syst\u00e8mes Satellites, Autonomie de 27 Jours, Paiement NFC, 170 Modes Sportifs pour Aventure"},"content":{"rendered":"<ul class=\"a-unordered-list a-vertical a-spacing-mini\">\n<li class=\"a-spacing-mini\"><span class=\"a-list-item\">GRAND \u00c9CRAN LUMINEUX: l&rsquo;\u00e9cran AMOLED peut atteindre une luminosit\u00e9 maximale de 2000 nits ; lisez facilement vos cartes et vos donn\u00e9es d&rsquo;entra\u00eenement dans n&rsquo;importe quelle lumi\u00e8re. Le mode nuit r\u00e9duit la fatigue oculaire dans l&rsquo;obscurit\u00e9 et le mode gant maintient l&rsquo;\u00e9cran r\u00e9actif lorsque vous portez des gants de 2mm d&rsquo;\u00e9paisseur<\/span><\/li>\n<li class=\"a-spacing-mini\"><span class=\"a-list-item\">CON\u00c7UE POUR L&rsquo;AVENTURE: surmontez tous les d\u00e9fis avec une lunette et des boutons en acier inoxydable 316L. Le bo\u00eetier de qualit\u00e9 militaire peut r\u00e9sister \u00e0 une chaleur de 70 \u2103 et \u00e0 un froid de -30 \u2103. R\u00e9sistante \u00e0 l&rsquo;eau jusqu&rsquo;\u00e0 100 m, la montre est id\u00e9ale pour le surf et peut \u00eatre utilis\u00e9e pour l&rsquo;apn\u00e9e jusqu&rsquo;\u00e0 une profondeur de 45m<\/span><\/li>\n<li class=\"a-spacing-mini\"><span class=\"a-list-item\">27 BOURS D&rsquo;AUTONOMIE: L&rsquo;Amazfit T-Rex 3 peut durer 27 jours en utilisation normale, 42 heures en mode GPS pr\u00e9cis et jusqu&rsquo;\u00e0 114 heures en mode GPS longue dur\u00e9e. Avec certains param\u00e8tres d\u00e9sactiv\u00e9s, l&rsquo;utilisation du GPS peut m\u00eame durer jusqu&rsquo;\u00e0 180 heures pour les longues randonn\u00e9es<\/span><\/li>\n<li class=\"a-spacing-mini\"><span class=\"a-list-item\">CARTES GRATUITES ET GPS AVANC\u00c9: T\u00e9l\u00e9chargez gratuitement des cartes globales, des cartes de contours et des cartes de neige. Suivez vos aventures avec pr\u00e9cision gr\u00e2ce au positionnement \u00e0 double bande, soutenu par 6 syst\u00e8mes de satellites pour une connexion rapide. Importez des fichiers d&rsquo;itin\u00e9raires et obtenez des indications en cours de route<\/span><\/li>\n<li class=\"a-spacing-mini\"><span class=\"a-list-item\">PAIEMENT NFC SANS CONTACT: Zepp Pay vous permet de lier jusqu&rsquo;\u00e0 huit cartes bancaires \u00e0 la fois \u00e0 votre Amazfit T-Rex 3, pour un paiement sans contact prot\u00e9g\u00e9 par mot de passe directement depuis votre poignet<\/span><\/li>\n<li class=\"a-spacing-mini\"><span class=\"a-list-item\">PLUS DE 170 MODES D&rsquo;ENTRA\u00ceNEMENT ET PLANS D&rsquo;ENTRA\u00ceNEMENT AI: D\u00e9couvrez plus de 170 modes d&rsquo;entra\u00eenement, dont la randonn\u00e9e, la musculation, l&rsquo;ultramarathon, le surf, le ski et bien plus encore. B\u00e9n\u00e9ficiez de plans d&rsquo;entra\u00eenement personnalis\u00e9s g\u00e9n\u00e9r\u00e9s par l&rsquo;IA, de mises \u00e0 jour des performances en temps r\u00e9el, et bien plus encore<\/span><\/li>\n<li class=\"a-spacing-mini\"><span class=\"a-list-item\">PROTECTION RENFORC\u00c9E DE LA CONFIDENTIALIT\u00c9: Amazfit T-Rex 3 offre une protection des donn\u00e9es de premier plan gr\u00e2ce \u00e0 Amazon Web Services, garantissant la conformit\u00e9 au GDPR. Prenez le contr\u00f4le total de votre vie priv\u00e9e en choisissant d&rsquo;activer ou de d\u00e9sactiver le stockage des donn\u00e9es GPS<\/span><\/li>\n<\/ul>\n","protected":false},"excerpt":{"rendered":"<p><span class=\"a-size-base a-color-secondary\">Couleur:\u00a0<\/span><span id=\"inline-twister-expanded-dimension-text-color_name\" class=\"a-size-base a-color-base inline-twister-dim-title-value a-text-bold\">Onyx<\/span><\/p>\n<table class=\"a-normal a-spacing-micro\">\n<tbody>\n<tr class=\"a-spacing-small po-memory_storage_capacity\">\n<td class=\"a-span3\"><span class=\"a-size-base a-text-bold\">Capacit\u00e9 de stockage de la m\u00e9moire<\/span><\/td>\n<td class=\"a-span9\"><span class=\"a-size-base po-break-word\">32 Go<\/span><\/td>\n<\/tr>\n<tr class=\"a-spacing-small po-special_feature\">\n<td class=\"a-span3\"><span class=\"a-size-base a-text-bold\">Caract\u00e9ristique sp\u00e9ciale<\/span><\/td>\n<td class=\"a-span9\"><span class=\"a-size-base po-break-word\">Moniteur du som, GPS, Tracker de distance<\/span><\/td>\n<\/tr>\n<tr class=\"a-spacing-small po-battery.capacity\">\n<td class=\"a-span3\"><span class=\"a-size-base a-text-bold\">Capacit\u00e9 de la batterie<\/span><\/td>\n<td class=\"a-span9\"><span class=\"a-size-base po-break-word\">648 heures<\/span><\/td>\n<\/tr>\n<tr class=\"a-spacing-small po-connectivity_technology\">\n<td class=\"a-span3\"><span class=\"a-size-base a-text-bold\">Technologie de connectivit\u00e9<\/span><\/td>\n<td class=\"a-span9\"><span class=\"a-size-base po-break-word\">Bluetooth<\/span><\/td>\n<\/tr>\n<tr class=\"a-spacing-small po-wireless_comm_standard\">\n<td class=\"a-span3\"><span class=\"a-size-base a-text-bold\">Norme de communication sans fil<\/span><\/td>\n<td class=\"a-span9\"><span class=\"a-size-base po-break-word\">Bluetooth<\/span><\/td>\n<\/tr>\n<tr class=\"a-spacing-small po-battery.cell_composition\">\n<td class=\"a-span3\"><span class=\"a-size-base a-text-bold\">Composition de la pile<\/span><\/td>\n<td class=\"a-span9\"><span class=\"a-size-base po-break-word\">Lithium-polym\u00e8re<\/span><\/td>\n<\/tr>\n<tr class=\"a-spacing-small po-gps_navigation\">\n<td class=\"a-span3\"><span class=\"a-size-base a-text-bold\">GPS<\/span><\/td>\n<td class=\"a-span9\"><span class=\"a-size-base po-break-word\">GPS int\u00e9gr\u00e9<\/span><\/td>\n<\/tr>\n<tr class=\"a-spacing-small po-item_shape\">\n<td class=\"a-span3\"><span class=\"a-size-base a-text-bold\">Forme<\/span><\/td>\n<td class=\"a-span9\"><span class=\"a-size-base po-break-word\">Ronde<\/span><\/td>\n<\/tr>\n<tr class=\"a-spacing-small po-display.size\">\n<td class=\"a-span3\"><span class=\"a-size-base a-text-bold\">Taille de l&rsquo;\u00e9cran<\/span><\/td>\n<td class=\"a-span9\"><span class=\"a-size-base po-break-word\">48 Millim\u00e8tres<\/span><\/td>\n<\/tr>\n<tr class=\"a-spacing-small po-brand\">\n<td class=\"a-span3\"><span class=\"a-size-base a-text-bold\">Marque<\/span><\/td>\n<td class=\"a-span9\"><span class=\"a-size-base po-break-word\">Amazfit<\/span><\/td>\n<\/tr>\n<\/tbody>\n<\/table>\n","protected":false},"featured_media":17933,"comment_status":"open","ping_status":"closed","template":"","meta":[],"product_brand":[],"product_cat":[76],"product_tag":[],"class_list":{"0":"post-17927","1":"product","2":"type-product","3":"status-publish","4":"has-post-thumbnail","6":"product_cat-montre-connectee","8":"first","9":"instock","10":"sale","11":"taxable","12":"shipping-taxable","13":"purchasable","14":"product-type-simple"},"yoast_head":"<!-- This site is optimized with the Yoast SEO plugin v24.8.1 - https:\/\/yoast.com\/wordpress\/plugins\/seo\/ -->\n<title>Amazfit T-Rex 3 Outdoor Smartwatch 48mm \u00c9cran AMOLED, Cartes et Navigation Hors Ligne, GPS Double Bande \u00e0 6 Syst\u00e8mes Satellites, Autonomie de 27 Jours, Paiement NFC, 170 Modes Sportifs pour Aventure - Hexagodis<\/title>\n<meta name=\"robots\" content=\"index, follow, max-snippet:-1, max-image-preview:large, max-video-preview:-1\" \/>\n<link rel=\"canonical\" href=\"https:\/\/hexagodis.com\/index.php\/produit\/amazfit-t-rex-3-outdoor-smartwatch-48mm-ecran-amoled-cartes-et-navigation-hors-ligne-gps-double-bande-a-6-systemes-satellites-autonomie-de-27-jours-paiement-nfc-170-modes-sportifs-pour-aventure\/\" \/>\n<meta property=\"og:locale\" content=\"fr_FR\" \/>\n<meta property=\"og:type\" content=\"article\" \/>\n<meta property=\"og:title\" content=\"Amazfit T-Rex 3 Outdoor Smartwatch 48mm \u00c9cran AMOLED, Cartes et Navigation Hors Ligne, GPS Double Bande \u00e0 6 Syst\u00e8mes Satellites, Autonomie de 27 Jours, Paiement NFC, 170 Modes Sportifs pour Aventure - Hexagodis\" \/>\n<meta property=\"og:description\" content=\"Couleur:\u00a0Onyx    Capacit\u00e9 de stockage de la m\u00e9moire 32 Go   Caract\u00e9ristique sp\u00e9ciale Moniteur du som, GPS, Tracker de distance   Capacit\u00e9 de la batterie 648 heures   Technologie de connectivit\u00e9 Bluetooth   Norme de communication sans fil Bluetooth   Composition de la pile Lithium-polym\u00e8re   GPS GPS int\u00e9gr\u00e9   Forme Ronde   Taille de l&#039;\u00e9cran 48 Millim\u00e8tres   Marque Amazfit\" \/>\n<meta property=\"og:url\" content=\"https:\/\/hexagodis.com\/index.php\/produit\/amazfit-t-rex-3-outdoor-smartwatch-48mm-ecran-amoled-cartes-et-navigation-hors-ligne-gps-double-bande-a-6-systemes-satellites-autonomie-de-27-jours-paiement-nfc-170-modes-sportifs-pour-aventure\/\" \/>\n<meta property=\"og:site_name\" content=\"Hexagodis\" \/>\n<meta property=\"og:image\" content=\"https:\/\/hexagodis.com\/wp-content\/uploads\/2025\/07\/61qsBf2zhKL._AC_SL1200_.jpg\" \/>\n\t<meta property=\"og:image:width\" content=\"1652\" \/>\n\t<meta property=\"og:image:height\" content=\"1560\" \/>\n\t<meta property=\"og:image:type\" content=\"image\/jpeg\" \/>\n<meta name=\"twitter:card\" content=\"summary_large_image\" \/>\n<meta name=\"twitter:label1\" content=\"Dur\u00e9e de lecture estim\u00e9e\" \/>\n\t<meta name=\"twitter:data1\" content=\"2 minutes\" \/>\n<script type=\"application\/ld+json\" class=\"yoast-schema-graph\">{\"@context\":\"https:\/\/schema.org\",\"@graph\":[{\"@type\":\"WebPage\",\"@id\":\"https:\/\/hexagodis.com\/index.php\/produit\/amazfit-t-rex-3-outdoor-smartwatch-48mm-ecran-amoled-cartes-et-navigation-hors-ligne-gps-double-bande-a-6-systemes-satellites-autonomie-de-27-jours-paiement-nfc-170-modes-sportifs-pour-aventure\/\",\"url\":\"https:\/\/hexagodis.com\/index.php\/produit\/amazfit-t-rex-3-outdoor-smartwatch-48mm-ecran-amoled-cartes-et-navigation-hors-ligne-gps-double-bande-a-6-systemes-satellites-autonomie-de-27-jours-paiement-nfc-170-modes-sportifs-pour-aventure\/\",\"name\":\"Amazfit T-Rex 3 Outdoor Smartwatch 48mm \u00c9cran AMOLED, Cartes et Navigation Hors Ligne, GPS Double Bande \u00e0 6 Syst\u00e8mes Satellites, Autonomie de 27 Jours, Paiement NFC, 170 Modes Sportifs pour Aventure - Hexagodis\",\"isPartOf\":{\"@id\":\"https:\/\/hexagodis.com\/#website\"},\"primaryImageOfPage\":{\"@id\":\"https:\/\/hexagodis.com\/index.php\/produit\/amazfit-t-rex-3-outdoor-smartwatch-48mm-ecran-amoled-cartes-et-navigation-hors-ligne-gps-double-bande-a-6-systemes-satellites-autonomie-de-27-jours-paiement-nfc-170-modes-sportifs-pour-aventure\/#primaryimage\"},\"image\":{\"@id\":\"https:\/\/hexagodis.com\/index.php\/produit\/amazfit-t-rex-3-outdoor-smartwatch-48mm-ecran-amoled-cartes-et-navigation-hors-ligne-gps-double-bande-a-6-systemes-satellites-autonomie-de-27-jours-paiement-nfc-170-modes-sportifs-pour-aventure\/#primaryimage\"},\"thumbnailUrl\":\"https:\/\/hexagodis.com\/wp-content\/uploads\/2025\/07\/61qsBf2zhKL._AC_SL1200_.jpg\",\"datePublished\":\"2025-07-09T12:58:43+00:00\",\"breadcrumb\":{\"@id\":\"https:\/\/hexagodis.com\/index.php\/produit\/amazfit-t-rex-3-outdoor-smartwatch-48mm-ecran-amoled-cartes-et-navigation-hors-ligne-gps-double-bande-a-6-systemes-satellites-autonomie-de-27-jours-paiement-nfc-170-modes-sportifs-pour-aventure\/#breadcrumb\"},\"inLanguage\":\"fr-FR\",\"potentialAction\":[{\"@type\":\"ReadAction\",\"target\":[\"https:\/\/hexagodis.com\/index.php\/produit\/amazfit-t-rex-3-outdoor-smartwatch-48mm-ecran-amoled-cartes-et-navigation-hors-ligne-gps-double-bande-a-6-systemes-satellites-autonomie-de-27-jours-paiement-nfc-170-modes-sportifs-pour-aventure\/\"]}]},{\"@type\":\"ImageObject\",\"inLanguage\":\"fr-FR\",\"@id\":\"https:\/\/hexagodis.com\/index.php\/produit\/amazfit-t-rex-3-outdoor-smartwatch-48mm-ecran-amoled-cartes-et-navigation-hors-ligne-gps-double-bande-a-6-systemes-satellites-autonomie-de-27-jours-paiement-nfc-170-modes-sportifs-pour-aventure\/#primaryimage\",\"url\":\"https:\/\/hexagodis.com\/wp-content\/uploads\/2025\/07\/61qsBf2zhKL._AC_SL1200_.jpg\",\"contentUrl\":\"https:\/\/hexagodis.com\/wp-content\/uploads\/2025\/07\/61qsBf2zhKL._AC_SL1200_.jpg\",\"width\":1652,\"height\":1560},{\"@type\":\"BreadcrumbList\",\"@id\":\"https:\/\/hexagodis.com\/index.php\/produit\/amazfit-t-rex-3-outdoor-smartwatch-48mm-ecran-amoled-cartes-et-navigation-hors-ligne-gps-double-bande-a-6-systemes-satellites-autonomie-de-27-jours-paiement-nfc-170-modes-sportifs-pour-aventure\/#breadcrumb\",\"itemListElement\":[{\"@type\":\"ListItem\",\"position\":1,\"name\":\"Accueil\",\"item\":\"https:\/\/hexagodis.com\/\"},{\"@type\":\"ListItem\",\"position\":2,\"name\":\"Boutique\",\"item\":\"https:\/\/hexagodis.com\/index.php\/boutique\/\"},{\"@type\":\"ListItem\",\"position\":3,\"name\":\"Amazfit T-Rex 3 Outdoor Smartwatch 48mm \u00c9cran AMOLED, Cartes et Navigation Hors Ligne, GPS Double Bande \u00e0 6 Syst\u00e8mes Satellites, Autonomie de 27 Jours, Paiement NFC, 170 Modes Sportifs pour Aventure\"}]},{\"@type\":\"WebSite\",\"@id\":\"https:\/\/hexagodis.com\/#website\",\"url\":\"https:\/\/hexagodis.com\/\",\"name\":\"Hexagodis\",\"description\":\"Mat\u00e9riel de sport &amp; \u00e9quipement sportif\",\"potentialAction\":[{\"@type\":\"SearchAction\",\"target\":{\"@type\":\"EntryPoint\",\"urlTemplate\":\"https:\/\/hexagodis.com\/?s={search_term_string}\"},\"query-input\":{\"@type\":\"PropertyValueSpecification\",\"valueRequired\":true,\"valueName\":\"search_term_string\"}}],\"inLanguage\":\"fr-FR\"}]}<\/script>\n<!-- \/ Yoast SEO plugin. -->","yoast_head_json":{"title":"Amazfit T-Rex 3 Outdoor Smartwatch 48mm \u00c9cran AMOLED, Cartes et Navigation Hors Ligne, GPS Double Bande \u00e0 6 Syst\u00e8mes Satellites, Autonomie de 27 Jours, Paiement NFC, 170 Modes Sportifs pour Aventure - Hexagodis","robots":{"index":"index","follow":"follow","max-snippet":"max-snippet:-1","max-image-preview":"max-image-preview:large","max-video-preview":"max-video-preview:-1"},"canonical":"https:\/\/hexagodis.com\/index.php\/produit\/amazfit-t-rex-3-outdoor-smartwatch-48mm-ecran-amoled-cartes-et-navigation-hors-ligne-gps-double-bande-a-6-systemes-satellites-autonomie-de-27-jours-paiement-nfc-170-modes-sportifs-pour-aventure\/","og_locale":"fr_FR","og_type":"article","og_title":"Amazfit T-Rex 3 Outdoor Smartwatch 48mm \u00c9cran AMOLED, Cartes et Navigation Hors Ligne, GPS Double Bande \u00e0 6 Syst\u00e8mes Satellites, Autonomie de 27 Jours, Paiement NFC, 170 Modes Sportifs pour Aventure - Hexagodis","og_description":"Couleur:\u00a0Onyx    Capacit\u00e9 de stockage de la m\u00e9moire 32 Go   Caract\u00e9ristique sp\u00e9ciale Moniteur du som, GPS, Tracker de distance   Capacit\u00e9 de la batterie 648 heures   Technologie de connectivit\u00e9 Bluetooth   Norme de communication sans fil Bluetooth   Composition de la pile Lithium-polym\u00e8re   GPS GPS int\u00e9gr\u00e9   Forme Ronde   Taille de l'\u00e9cran 48 Millim\u00e8tres   Marque Amazfit","og_url":"https:\/\/hexagodis.com\/index.php\/produit\/amazfit-t-rex-3-outdoor-smartwatch-48mm-ecran-amoled-cartes-et-navigation-hors-ligne-gps-double-bande-a-6-systemes-satellites-autonomie-de-27-jours-paiement-nfc-170-modes-sportifs-pour-aventure\/","og_site_name":"Hexagodis","og_image":[{"width":1652,"height":1560,"url":"https:\/\/hexagodis.com\/wp-content\/uploads\/2025\/07\/61qsBf2zhKL._AC_SL1200_.jpg","type":"image\/jpeg"}],"twitter_card":"summary_large_image","twitter_misc":{"Dur\u00e9e de lecture estim\u00e9e":"2 minutes"},"schema":{"@context":"https:\/\/schema.org","@graph":[{"@type":"WebPage","@id":"https:\/\/hexagodis.com\/index.php\/produit\/amazfit-t-rex-3-outdoor-smartwatch-48mm-ecran-amoled-cartes-et-navigation-hors-ligne-gps-double-bande-a-6-systemes-satellites-autonomie-de-27-jours-paiement-nfc-170-modes-sportifs-pour-aventure\/","url":"https:\/\/hexagodis.com\/index.php\/produit\/amazfit-t-rex-3-outdoor-smartwatch-48mm-ecran-amoled-cartes-et-navigation-hors-ligne-gps-double-bande-a-6-systemes-satellites-autonomie-de-27-jours-paiement-nfc-170-modes-sportifs-pour-aventure\/","name":"Amazfit T-Rex 3 Outdoor Smartwatch 48mm \u00c9cran AMOLED, Cartes et Navigation Hors Ligne, GPS Double Bande \u00e0 6 Syst\u00e8mes Satellites, Autonomie de 27 Jours, Paiement NFC, 170 Modes Sportifs pour Aventure - Hexagodis","isPartOf":{"@id":"https:\/\/hexagodis.com\/#website"},"primaryImageOfPage":{"@id":"https:\/\/hexagodis.com\/index.php\/produit\/amazfit-t-rex-3-outdoor-smartwatch-48mm-ecran-amoled-cartes-et-navigation-hors-ligne-gps-double-bande-a-6-systemes-satellites-autonomie-de-27-jours-paiement-nfc-170-modes-sportifs-pour-aventure\/#primaryimage"},"image":{"@id":"https:\/\/hexagodis.com\/index.php\/produit\/amazfit-t-rex-3-outdoor-smartwatch-48mm-ecran-amoled-cartes-et-navigation-hors-ligne-gps-double-bande-a-6-systemes-satellites-autonomie-de-27-jours-paiement-nfc-170-modes-sportifs-pour-aventure\/#primaryimage"},"thumbnailUrl":"https:\/\/hexagodis.com\/wp-content\/uploads\/2025\/07\/61qsBf2zhKL._AC_SL1200_.jpg","datePublished":"2025-07-09T12:58:43+00:00","breadcrumb":{"@id":"https:\/\/hexagodis.com\/index.php\/produit\/amazfit-t-rex-3-outdoor-smartwatch-48mm-ecran-amoled-cartes-et-navigation-hors-ligne-gps-double-bande-a-6-systemes-satellites-autonomie-de-27-jours-paiement-nfc-170-modes-sportifs-pour-aventure\/#breadcrumb"},"inLanguage":"fr-FR","potentialAction":[{"@type":"ReadAction","target":["https:\/\/hexagodis.com\/index.php\/produit\/amazfit-t-rex-3-outdoor-smartwatch-48mm-ecran-amoled-cartes-et-navigation-hors-ligne-gps-double-bande-a-6-systemes-satellites-autonomie-de-27-jours-paiement-nfc-170-modes-sportifs-pour-aventure\/"]}]},{"@type":"ImageObject","inLanguage":"fr-FR","@id":"https:\/\/hexagodis.com\/index.php\/produit\/amazfit-t-rex-3-outdoor-smartwatch-48mm-ecran-amoled-cartes-et-navigation-hors-ligne-gps-double-bande-a-6-systemes-satellites-autonomie-de-27-jours-paiement-nfc-170-modes-sportifs-pour-aventure\/#primaryimage","url":"https:\/\/hexagodis.com\/wp-content\/uploads\/2025\/07\/61qsBf2zhKL._AC_SL1200_.jpg","contentUrl":"https:\/\/hexagodis.com\/wp-content\/uploads\/2025\/07\/61qsBf2zhKL._AC_SL1200_.jpg","width":1652,"height":1560},{"@type":"BreadcrumbList","@id":"https:\/\/hexagodis.com\/index.php\/produit\/amazfit-t-rex-3-outdoor-smartwatch-48mm-ecran-amoled-cartes-et-navigation-hors-ligne-gps-double-bande-a-6-systemes-satellites-autonomie-de-27-jours-paiement-nfc-170-modes-sportifs-pour-aventure\/#breadcrumb","itemListElement":[{"@type":"ListItem","position":1,"name":"Accueil","item":"https:\/\/hexagodis.com\/"},{"@type":"ListItem","position":2,"name":"Boutique","item":"https:\/\/hexagodis.com\/index.php\/boutique\/"},{"@type":"ListItem","position":3,"name":"Amazfit T-Rex 3 Outdoor Smartwatch 48mm \u00c9cran AMOLED, Cartes et Navigation Hors Ligne, GPS Double Bande \u00e0 6 Syst\u00e8mes Satellites, Autonomie de 27 Jours, Paiement NFC, 170 Modes Sportifs pour Aventure"}]},{"@type":"WebSite","@id":"https:\/\/hexagodis.com\/#website","url":"https:\/\/hexagodis.com\/","name":"Hexagodis","description":"Mat\u00e9riel de sport &amp; \u00e9quipement sportif","potentialAction":[{"@type":"SearchAction","target":{"@type":"EntryPoint","urlTemplate":"https:\/\/hexagodis.com\/?s={search_term_string}"},"query-input":{"@type":"PropertyValueSpecification","valueRequired":true,"valueName":"search_term_string"}}],"inLanguage":"fr-FR"}]}},"_links":{"self":[{"href":"https:\/\/hexagodis.com\/index.php\/wp-json\/wp\/v2\/product\/17927","targetHints":{"allow":["GET"]}}],"collection":[{"href":"https:\/\/hexagodis.com\/index.php\/wp-json\/wp\/v2\/product"}],"about":[{"href":"https:\/\/hexagodis.com\/index.php\/wp-json\/wp\/v2\/types\/product"}],"replies":[{"embeddable":true,"href":"https:\/\/hexagodis.com\/index.php\/wp-json\/wp\/v2\/comments?post=17927"}],"version-history":[{"count":1,"href":"https:\/\/hexagodis.com\/index.php\/wp-json\/wp\/v2\/product\/17927\/revisions"}],"predecessor-version":[{"id":17934,"href":"https:\/\/hexagodis.com\/index.php\/wp-json\/wp\/v2\/product\/17927\/revisions\/17934"}],"wp:featuredmedia":[{"embeddable":true,"href":"https:\/\/hexagodis.com\/index.php\/wp-json\/wp\/v2\/media\/17933"}],"wp:attachment":[{"href":"https:\/\/hexagodis.com\/index.php\/wp-json\/wp\/v2\/media?parent=17927"}],"wp:term":[{"taxonomy":"product_brand","embeddable":true,"href":"https:\/\/hexagodis.com\/index.php\/wp-json\/wp\/v2\/product_brand?post=17927"},{"taxonomy":"product_cat","embeddable":true,"href":"https:\/\/hexagodis.com\/index.php\/wp-json\/wp\/v2\/product_cat?post=17927"},{"taxonomy":"product_tag","embeddable":true,"href":"https:\/\/hexagodis.com\/index.php\/wp-json\/wp\/v2\/product_tag?post=17927"}],"curies":[{"name":"wp","href":"https:\/\/api.w.org\/{rel}","templated":true}]}}