{"id":17918,"date":"2025-07-09T14:42:07","date_gmt":"2025-07-09T12:42:07","guid":{"rendered":"https:\/\/hexagodis.com\/?post_type=product&#038;p=17918"},"modified":"2026-01-23T03:57:58","modified_gmt":"2026-01-23T02:57:58","slug":"garmin-venu-3-montre-connectee-gps-sport-et-sante-gray-avec-bracelet-noir-45","status":"publish","type":"product","link":"https:\/\/hexagodis.com\/index.php\/produit\/garmin-venu-3-montre-connectee-gps-sport-et-sante-gray-avec-bracelet-noir-45\/","title":{"rendered":"Garmin Venu 3 &#8211; Montre connect\u00e9e GPS Sport et sant\u00e9 &#8211; Gray avec Bracelet Noir, 45"},"content":{"rendered":"<ul class=\"a-unordered-list a-vertical a-spacing-mini\">\n<li class=\"a-spacing-mini\"><span class=\"a-list-item\">Autonomie : allant jusqu\u2019\u00e0 14 jours en mode montre connect\u00e9e<\/span><\/li>\n<li class=\"a-spacing-mini\"><span class=\"a-list-item\">Suivi sant\u00e9 : coach de sommeil, d\u00e9tection des siestes, rapport matinal, pas, cardio poignet, suivi du stress et de la respiration, Body Battery et bien plus<\/span><\/li>\n<li class=\"a-spacing-mini\"><span class=\"a-list-item\">Multisports : GPS int\u00e9gr\u00e9 avec plus de 30 sports int\u00e9gr\u00e9s dont la marche, yoga, HIIT, course \u00e0 pied, musculation, v\u00e9lo, nage en eau libre, natation, le golf et bien plus encore<\/span><\/li>\n<li class=\"a-spacing-mini\"><span class=\"a-list-item\">Mode fauteuil roulant : enregistre les pouss\u00e9es au lieu des pas et inclut des activit\u00e9s sp\u00e9cifiques avec des entra\u00eenements pr\u00e9charg\u00e9s, des entra\u00eenements anim\u00e9s pour les personnes \u00e0 mobilit\u00e9 r\u00e9duite<\/span><\/li>\n<li class=\"a-spacing-mini\"><span class=\"a-list-item\">Fonctions connect\u00e9es : appels via Bluetooth, suivi des appels et SMS, Garmin Pay, stockage musique (Compatible Spotify, Deezer, Amazon Music), d\u00e9tection d&rsquo;incident et assistance<\/span><\/li>\n<li class=\"a-spacing-mini\"><span class=\"a-list-item\">\u00c9cran AMOLED de 1,4\u2033pouces<\/span><\/li>\n<li class=\"a-spacing-mini\"><span class=\"a-list-item\">Bo\u00eetier 45 mm et bracelet universel interchangeables 22 mm<\/span><\/li>\n<li class=\"a-spacing-mini\"><span class=\"a-list-item\">Compatible IOS et Android<\/span><\/li>\n<\/ul>\n<p>&nbsp;<\/p>\n<div class=\"a-row\">\n<div class=\"a-column a-span6\">\n<h1 class=\"a-size-medium a-spacing-small\">Descriptif technique<\/h1>\n<\/div>\n<\/div>\n<div class=\"a-expander-content a-expander-extend-content\" data-expanded=\"true\">\n<div class=\"a-row a-expander-container a-expander-inline-container\">\n<div class=\"a-expander-content a-expander-section-content a-section-expander-inner\" data-expanded=\"true\">\n<table id=\"productDetails_techSpec_section_1\" class=\"a-keyvalue prodDetTable\">\n<tbody>\n<tr>\n<th class=\"a-color-secondary a-size-base prodDetSectionEntry\">Marque<\/th>\n<td class=\"a-size-base prodDetAttrValue\">\u200eGarmin<\/td>\n<\/tr>\n<tr>\n<th class=\"a-color-secondary a-size-base prodDetSectionEntry\">Couleur<\/th>\n<td class=\"a-size-base prodDetAttrValue\">\u200eNoir<\/td>\n<\/tr>\n<tr>\n<th class=\"a-color-secondary a-size-base prodDetSectionEntry\">Syst\u00e8me d&rsquo;exploitation<\/th>\n<td class=\"a-size-base prodDetAttrValue\">\u200eAndroid<\/td>\n<\/tr>\n<tr>\n<th class=\"a-color-secondary a-size-base prodDetSectionEntry\">Ecran<\/th>\n<td class=\"a-size-base prodDetAttrValue\">\u200e1,4 Pouces<\/td>\n<\/tr>\n<tr>\n<th class=\"a-color-secondary a-size-base prodDetSectionEntry\">Connexions<\/th>\n<td class=\"a-size-base prodDetAttrValue\">\u200eBluetooth Bluetooth<\/td>\n<\/tr>\n<tr>\n<th class=\"a-color-secondary a-size-base prodDetSectionEntry\">Caract\u00e9ristiques sp\u00e9ciales<\/th>\n<td class=\"a-size-base prodDetAttrValue\">\u200eAppel vocal, \u00c9cran tactile, Tracker d&rsquo;activit\u00e9, Moniteur du sommeil, Moniteur de fr\u00e9quence cardiaque<\/td>\n<\/tr>\n<tr>\n<th class=\"a-color-secondary a-size-base prodDetSectionEntry\">Appareils compatibles<\/th>\n<td class=\"a-size-base prodDetAttrValue\">\u200eSmartphone<\/td>\n<\/tr>\n<tr>\n<th class=\"a-color-secondary a-size-base prodDetSectionEntry\">Type de batterie<\/th>\n<td class=\"a-size-base prodDetAttrValue\">\u200eLithium-ion<\/td>\n<\/tr>\n<tr>\n<th class=\"a-color-secondary a-size-base prodDetSectionEntry\">Batterie rechargeable<\/th>\n<td class=\"a-size-base prodDetAttrValue\">\u200eOui<\/td>\n<\/tr>\n<tr>\n<th class=\"a-color-secondary a-size-base prodDetSectionEntry\">Garantie constructeur<\/th>\n<td class=\"a-size-base prodDetAttrValue\">\u200e2 ans constructeur<\/td>\n<\/tr>\n<\/tbody>\n<\/table>\n<\/div>\n<\/div>\n<\/div>\n","protected":false},"excerpt":{"rendered":"<p>Taille:45<br \/>\nStyle: Smartwatch<br \/>\nCouleur: Noir<\/p>\n<table class=\"a-normal a-spacing-micro\">\n<tbody>\n<tr class=\"a-spacing-small po-operating_system\">\n<td class=\"a-span3\"><span class=\"a-size-base a-text-bold\">Syst\u00e8me d&rsquo;exploitation<\/span><\/td>\n<td class=\"a-span9\"><span class=\"a-size-base po-break-word\">Android<\/span><\/td>\n<\/tr>\n<tr class=\"a-spacing-small po-memory_storage_capacity\">\n<td class=\"a-span3\"><span class=\"a-size-base a-text-bold\">Capacit\u00e9 de stockage de la m\u00e9moire<\/span><\/td>\n<td class=\"a-span9\"><span class=\"a-size-base po-break-word\">8 Go<\/span><\/td>\n<\/tr>\n<tr class=\"a-spacing-small po-special_feature\">\n<td class=\"a-span3\"><span class=\"a-size-base a-text-bold\">Caract\u00e9ristique sp\u00e9ciale<\/span><\/td>\n<td class=\"a-span9\"><span class=\"a-size-base\"><span class=\"a-truncate po-truncate-attribute\" data-a-word-break=\"normal\" data-a-truncate-name=\"po-attribute-truncate-2\" data-a-max-rows=\"3\" data-a-overflow-marker=\"&amp;hellip;\" data-a-recalculate=\"false\" data-a-updated=\"true\"><span class=\"a-truncate-full a-offscreen\">Appel vocal, \u00c9cran tactile, Tracker d&rsquo;activit\u00e9, Moniteur du sommeil, Moniteur de fr\u00e9quence cardiaque<\/span><span class=\"a-truncate-cut\" aria-hidden=\"true\">Appel vocal, \u00c9cran tactile, Tracker d&rsquo;activit\u00e9, Moniteur du sommeil, Moniteur de fr\u00e9quence cardiaque<\/span><\/span><\/span><\/td>\n<\/tr>\n<tr class=\"a-spacing-small po-connectivity_technology\">\n<td class=\"a-span3\"><span class=\"a-size-base a-text-bold\">Technologie de connectivit\u00e9<\/span><\/td>\n<td class=\"a-span9\"><span class=\"a-size-base po-break-word\">Bluetooth<\/span><\/td>\n<\/tr>\n<tr class=\"a-spacing-small po-wireless_comm_standard\">\n<td class=\"a-span3\"><span class=\"a-size-base a-text-bold\">Norme de communication sans fil<\/span><\/td>\n<td class=\"a-span9\"><span class=\"a-size-base po-break-word\">Bluetooth<\/span><\/td>\n<\/tr>\n<tr class=\"a-spacing-small po-battery.cell_composition\">\n<td class=\"a-span3\"><span class=\"a-size-base a-text-bold\">Composition de la pile<\/span><\/td>\n<td class=\"a-span9\"><span class=\"a-size-base po-break-word\">Lithium-ion<\/span><\/td>\n<\/tr>\n<tr class=\"a-spacing-small po-gps_navigation\">\n<td class=\"a-span3\"><span class=\"a-size-base a-text-bold\">GPS<\/span><\/td>\n<td class=\"a-span9\"><span class=\"a-size-base po-break-word\">GPS int\u00e9gr\u00e9<\/span><\/td>\n<\/tr>\n<tr class=\"a-spacing-small po-item_shape\">\n<td class=\"a-span3\"><span class=\"a-size-base a-text-bold\">Forme<\/span><\/td>\n<td class=\"a-span9\"><span class=\"a-size-base po-break-word\">Ronde<\/span><\/td>\n<\/tr>\n<tr class=\"a-spacing-small po-display.size\">\n<td class=\"a-span3\"><span class=\"a-size-base a-text-bold\">Taille de l&rsquo;\u00e9cran<\/span><\/td>\n<td class=\"a-span9\"><span class=\"a-size-base po-break-word\">1,4 Pouces<\/span><\/td>\n<\/tr>\n<tr class=\"a-spacing-small po-brand\">\n<td class=\"a-span3\"><span class=\"a-size-base a-text-bold\">Marque<\/span><\/td>\n<td class=\"a-span9\"><span class=\"a-size-base po-break-word\">Garmin<\/span><\/td>\n<\/tr>\n<\/tbody>\n<\/table>\n","protected":false},"featured_media":17920,"comment_status":"open","ping_status":"closed","template":"","meta":[],"product_brand":[],"product_cat":[76],"product_tag":[],"class_list":{"0":"post-17918","1":"product","2":"type-product","3":"status-publish","4":"has-post-thumbnail","6":"product_cat-montre-connectee","8":"first","9":"instock","10":"sale","11":"taxable","12":"shipping-taxable","13":"purchasable","14":"product-type-simple"},"yoast_head":"<!-- This site is optimized with the Yoast SEO plugin v24.8.1 - https:\/\/yoast.com\/wordpress\/plugins\/seo\/ -->\n<title>Garmin Venu 3 - Montre connect\u00e9e GPS Sport et sant\u00e9 - Gray avec Bracelet Noir, 45 - Hexagodis<\/title>\n<meta name=\"robots\" content=\"index, follow, max-snippet:-1, max-image-preview:large, max-video-preview:-1\" \/>\n<link rel=\"canonical\" href=\"https:\/\/hexagodis.com\/index.php\/produit\/garmin-venu-3-montre-connectee-gps-sport-et-sante-gray-avec-bracelet-noir-45\/\" \/>\n<meta property=\"og:locale\" content=\"fr_FR\" \/>\n<meta property=\"og:type\" content=\"article\" \/>\n<meta property=\"og:title\" content=\"Garmin Venu 3 - Montre connect\u00e9e GPS Sport et sant\u00e9 - Gray avec Bracelet Noir, 45 - Hexagodis\" \/>\n<meta property=\"og:description\" content=\"Taille:45 Style: Smartwatch Couleur: Noir    Syst\u00e8me d&#039;exploitation Android   Capacit\u00e9 de stockage de la m\u00e9moire 8 Go   Caract\u00e9ristique sp\u00e9ciale Appel vocal, \u00c9cran tactile, Tracker d&#039;activit\u00e9, Moniteur du sommeil, Moniteur de fr\u00e9quence cardiaqueAppel vocal, \u00c9cran tactile, Tracker d&#039;activit\u00e9, Moniteur du sommeil, Moniteur de fr\u00e9quence cardiaque   Technologie de connectivit\u00e9 Bluetooth   Norme de communication sans fil Bluetooth   Composition de la pile Lithium-ion   GPS GPS int\u00e9gr\u00e9   Forme Ronde   Taille de l&#039;\u00e9cran 1,4 Pouces   Marque Garmin\" \/>\n<meta property=\"og:url\" content=\"https:\/\/hexagodis.com\/index.php\/produit\/garmin-venu-3-montre-connectee-gps-sport-et-sante-gray-avec-bracelet-noir-45\/\" \/>\n<meta property=\"og:site_name\" content=\"Hexagodis\" \/>\n<meta property=\"article:modified_time\" content=\"2026-01-23T02:57:58+00:00\" \/>\n<meta property=\"og:image\" content=\"https:\/\/hexagodis.com\/wp-content\/uploads\/2025\/07\/61HV8pMBeHL._AC_SX679_.jpg\" \/>\n\t<meta property=\"og:image:width\" content=\"997\" \/>\n\t<meta property=\"og:image:height\" content=\"974\" \/>\n\t<meta property=\"og:image:type\" content=\"image\/jpeg\" \/>\n<meta name=\"twitter:card\" content=\"summary_large_image\" \/>\n<meta name=\"twitter:label1\" content=\"Dur\u00e9e de lecture estim\u00e9e\" \/>\n\t<meta name=\"twitter:data1\" content=\"2 minutes\" \/>\n<script type=\"application\/ld+json\" class=\"yoast-schema-graph\">{\"@context\":\"https:\/\/schema.org\",\"@graph\":[{\"@type\":\"WebPage\",\"@id\":\"https:\/\/hexagodis.com\/index.php\/produit\/garmin-venu-3-montre-connectee-gps-sport-et-sante-gray-avec-bracelet-noir-45\/\",\"url\":\"https:\/\/hexagodis.com\/index.php\/produit\/garmin-venu-3-montre-connectee-gps-sport-et-sante-gray-avec-bracelet-noir-45\/\",\"name\":\"Garmin Venu 3 - Montre connect\u00e9e GPS Sport et sant\u00e9 - Gray avec Bracelet Noir, 45 - Hexagodis\",\"isPartOf\":{\"@id\":\"https:\/\/hexagodis.com\/#website\"},\"primaryImageOfPage\":{\"@id\":\"https:\/\/hexagodis.com\/index.php\/produit\/garmin-venu-3-montre-connectee-gps-sport-et-sante-gray-avec-bracelet-noir-45\/#primaryimage\"},\"image\":{\"@id\":\"https:\/\/hexagodis.com\/index.php\/produit\/garmin-venu-3-montre-connectee-gps-sport-et-sante-gray-avec-bracelet-noir-45\/#primaryimage\"},\"thumbnailUrl\":\"https:\/\/hexagodis.com\/wp-content\/uploads\/2025\/07\/61HV8pMBeHL._AC_SX679_.jpg\",\"datePublished\":\"2025-07-09T12:42:07+00:00\",\"dateModified\":\"2026-01-23T02:57:58+00:00\",\"breadcrumb\":{\"@id\":\"https:\/\/hexagodis.com\/index.php\/produit\/garmin-venu-3-montre-connectee-gps-sport-et-sante-gray-avec-bracelet-noir-45\/#breadcrumb\"},\"inLanguage\":\"fr-FR\",\"potentialAction\":[{\"@type\":\"ReadAction\",\"target\":[\"https:\/\/hexagodis.com\/index.php\/produit\/garmin-venu-3-montre-connectee-gps-sport-et-sante-gray-avec-bracelet-noir-45\/\"]}]},{\"@type\":\"ImageObject\",\"inLanguage\":\"fr-FR\",\"@id\":\"https:\/\/hexagodis.com\/index.php\/produit\/garmin-venu-3-montre-connectee-gps-sport-et-sante-gray-avec-bracelet-noir-45\/#primaryimage\",\"url\":\"https:\/\/hexagodis.com\/wp-content\/uploads\/2025\/07\/61HV8pMBeHL._AC_SX679_.jpg\",\"contentUrl\":\"https:\/\/hexagodis.com\/wp-content\/uploads\/2025\/07\/61HV8pMBeHL._AC_SX679_.jpg\",\"width\":997,\"height\":974},{\"@type\":\"BreadcrumbList\",\"@id\":\"https:\/\/hexagodis.com\/index.php\/produit\/garmin-venu-3-montre-connectee-gps-sport-et-sante-gray-avec-bracelet-noir-45\/#breadcrumb\",\"itemListElement\":[{\"@type\":\"ListItem\",\"position\":1,\"name\":\"Accueil\",\"item\":\"https:\/\/hexagodis.com\/\"},{\"@type\":\"ListItem\",\"position\":2,\"name\":\"Boutique\",\"item\":\"https:\/\/hexagodis.com\/index.php\/boutique\/\"},{\"@type\":\"ListItem\",\"position\":3,\"name\":\"Garmin Venu 3 &#8211; Montre connect\u00e9e GPS Sport et sant\u00e9 &#8211; Gray avec Bracelet Noir, 45\"}]},{\"@type\":\"WebSite\",\"@id\":\"https:\/\/hexagodis.com\/#website\",\"url\":\"https:\/\/hexagodis.com\/\",\"name\":\"Hexagodis\",\"description\":\"Mat\u00e9riel de sport &amp; \u00e9quipement sportif\",\"potentialAction\":[{\"@type\":\"SearchAction\",\"target\":{\"@type\":\"EntryPoint\",\"urlTemplate\":\"https:\/\/hexagodis.com\/?s={search_term_string}\"},\"query-input\":{\"@type\":\"PropertyValueSpecification\",\"valueRequired\":true,\"valueName\":\"search_term_string\"}}],\"inLanguage\":\"fr-FR\"}]}<\/script>\n<!-- \/ Yoast SEO plugin. -->","yoast_head_json":{"title":"Garmin Venu 3 - Montre connect\u00e9e GPS Sport et sant\u00e9 - Gray avec Bracelet Noir, 45 - Hexagodis","robots":{"index":"index","follow":"follow","max-snippet":"max-snippet:-1","max-image-preview":"max-image-preview:large","max-video-preview":"max-video-preview:-1"},"canonical":"https:\/\/hexagodis.com\/index.php\/produit\/garmin-venu-3-montre-connectee-gps-sport-et-sante-gray-avec-bracelet-noir-45\/","og_locale":"fr_FR","og_type":"article","og_title":"Garmin Venu 3 - Montre connect\u00e9e GPS Sport et sant\u00e9 - Gray avec Bracelet Noir, 45 - Hexagodis","og_description":"Taille:45 Style: Smartwatch Couleur: Noir    Syst\u00e8me d'exploitation Android   Capacit\u00e9 de stockage de la m\u00e9moire 8 Go   Caract\u00e9ristique sp\u00e9ciale Appel vocal, \u00c9cran tactile, Tracker d'activit\u00e9, Moniteur du sommeil, Moniteur de fr\u00e9quence cardiaqueAppel vocal, \u00c9cran tactile, Tracker d'activit\u00e9, Moniteur du sommeil, Moniteur de fr\u00e9quence cardiaque   Technologie de connectivit\u00e9 Bluetooth   Norme de communication sans fil Bluetooth   Composition de la pile Lithium-ion   GPS GPS int\u00e9gr\u00e9   Forme Ronde   Taille de l'\u00e9cran 1,4 Pouces   Marque Garmin","og_url":"https:\/\/hexagodis.com\/index.php\/produit\/garmin-venu-3-montre-connectee-gps-sport-et-sante-gray-avec-bracelet-noir-45\/","og_site_name":"Hexagodis","article_modified_time":"2026-01-23T02:57:58+00:00","og_image":[{"width":997,"height":974,"url":"https:\/\/hexagodis.com\/wp-content\/uploads\/2025\/07\/61HV8pMBeHL._AC_SX679_.jpg","type":"image\/jpeg"}],"twitter_card":"summary_large_image","twitter_misc":{"Dur\u00e9e de lecture estim\u00e9e":"2 minutes"},"schema":{"@context":"https:\/\/schema.org","@graph":[{"@type":"WebPage","@id":"https:\/\/hexagodis.com\/index.php\/produit\/garmin-venu-3-montre-connectee-gps-sport-et-sante-gray-avec-bracelet-noir-45\/","url":"https:\/\/hexagodis.com\/index.php\/produit\/garmin-venu-3-montre-connectee-gps-sport-et-sante-gray-avec-bracelet-noir-45\/","name":"Garmin Venu 3 - Montre connect\u00e9e GPS Sport et sant\u00e9 - Gray avec Bracelet Noir, 45 - Hexagodis","isPartOf":{"@id":"https:\/\/hexagodis.com\/#website"},"primaryImageOfPage":{"@id":"https:\/\/hexagodis.com\/index.php\/produit\/garmin-venu-3-montre-connectee-gps-sport-et-sante-gray-avec-bracelet-noir-45\/#primaryimage"},"image":{"@id":"https:\/\/hexagodis.com\/index.php\/produit\/garmin-venu-3-montre-connectee-gps-sport-et-sante-gray-avec-bracelet-noir-45\/#primaryimage"},"thumbnailUrl":"https:\/\/hexagodis.com\/wp-content\/uploads\/2025\/07\/61HV8pMBeHL._AC_SX679_.jpg","datePublished":"2025-07-09T12:42:07+00:00","dateModified":"2026-01-23T02:57:58+00:00","breadcrumb":{"@id":"https:\/\/hexagodis.com\/index.php\/produit\/garmin-venu-3-montre-connectee-gps-sport-et-sante-gray-avec-bracelet-noir-45\/#breadcrumb"},"inLanguage":"fr-FR","potentialAction":[{"@type":"ReadAction","target":["https:\/\/hexagodis.com\/index.php\/produit\/garmin-venu-3-montre-connectee-gps-sport-et-sante-gray-avec-bracelet-noir-45\/"]}]},{"@type":"ImageObject","inLanguage":"fr-FR","@id":"https:\/\/hexagodis.com\/index.php\/produit\/garmin-venu-3-montre-connectee-gps-sport-et-sante-gray-avec-bracelet-noir-45\/#primaryimage","url":"https:\/\/hexagodis.com\/wp-content\/uploads\/2025\/07\/61HV8pMBeHL._AC_SX679_.jpg","contentUrl":"https:\/\/hexagodis.com\/wp-content\/uploads\/2025\/07\/61HV8pMBeHL._AC_SX679_.jpg","width":997,"height":974},{"@type":"BreadcrumbList","@id":"https:\/\/hexagodis.com\/index.php\/produit\/garmin-venu-3-montre-connectee-gps-sport-et-sante-gray-avec-bracelet-noir-45\/#breadcrumb","itemListElement":[{"@type":"ListItem","position":1,"name":"Accueil","item":"https:\/\/hexagodis.com\/"},{"@type":"ListItem","position":2,"name":"Boutique","item":"https:\/\/hexagodis.com\/index.php\/boutique\/"},{"@type":"ListItem","position":3,"name":"Garmin Venu 3 &#8211; Montre connect\u00e9e GPS Sport et sant\u00e9 &#8211; Gray avec Bracelet Noir, 45"}]},{"@type":"WebSite","@id":"https:\/\/hexagodis.com\/#website","url":"https:\/\/hexagodis.com\/","name":"Hexagodis","description":"Mat\u00e9riel de sport &amp; \u00e9quipement sportif","potentialAction":[{"@type":"SearchAction","target":{"@type":"EntryPoint","urlTemplate":"https:\/\/hexagodis.com\/?s={search_term_string}"},"query-input":{"@type":"PropertyValueSpecification","valueRequired":true,"valueName":"search_term_string"}}],"inLanguage":"fr-FR"}]}},"_links":{"self":[{"href":"https:\/\/hexagodis.com\/index.php\/wp-json\/wp\/v2\/product\/17918","targetHints":{"allow":["GET"]}}],"collection":[{"href":"https:\/\/hexagodis.com\/index.php\/wp-json\/wp\/v2\/product"}],"about":[{"href":"https:\/\/hexagodis.com\/index.php\/wp-json\/wp\/v2\/types\/product"}],"replies":[{"embeddable":true,"href":"https:\/\/hexagodis.com\/index.php\/wp-json\/wp\/v2\/comments?post=17918"}],"version-history":[{"count":1,"href":"https:\/\/hexagodis.com\/index.php\/wp-json\/wp\/v2\/product\/17918\/revisions"}],"predecessor-version":[{"id":17926,"href":"https:\/\/hexagodis.com\/index.php\/wp-json\/wp\/v2\/product\/17918\/revisions\/17926"}],"wp:featuredmedia":[{"embeddable":true,"href":"https:\/\/hexagodis.com\/index.php\/wp-json\/wp\/v2\/media\/17920"}],"wp:attachment":[{"href":"https:\/\/hexagodis.com\/index.php\/wp-json\/wp\/v2\/media?parent=17918"}],"wp:term":[{"taxonomy":"product_brand","embeddable":true,"href":"https:\/\/hexagodis.com\/index.php\/wp-json\/wp\/v2\/product_brand?post=17918"},{"taxonomy":"product_cat","embeddable":true,"href":"https:\/\/hexagodis.com\/index.php\/wp-json\/wp\/v2\/product_cat?post=17918"},{"taxonomy":"product_tag","embeddable":true,"href":"https:\/\/hexagodis.com\/index.php\/wp-json\/wp\/v2\/product_tag?post=17918"}],"curies":[{"name":"wp","href":"https:\/\/api.w.org\/{rel}","templated":true}]}}