{"id":17910,"date":"2025-07-07T14:13:12","date_gmt":"2025-07-07T12:13:12","guid":{"rendered":"https:\/\/hexagodis.com\/?post_type=product&#038;p=17910"},"modified":"2026-04-13T17:01:00","modified_gmt":"2026-04-13T15:01:00","slug":"garmin-vivoactive-5-montre-connectee-gps-sport-et-sante","status":"publish","type":"product","link":"https:\/\/hexagodis.com\/index.php\/produit\/garmin-vivoactive-5-montre-connectee-gps-sport-et-sante\/","title":{"rendered":"Garmin v\u00edvoactive 5 &#8211; Montre connect\u00e9e GPS Sport et sant\u00e9"},"content":{"rendered":"<ul class=\"a-unordered-list a-vertical a-spacing-small\">\n<li><span class=\"a-list-item a-size-base a-color-base\">Autonomie : allant jusqu\u2019\u00e0 11 jours en mode montre connect\u00e9e<\/span><\/li>\n<li><span class=\"a-list-item a-size-base a-color-base\">Suivi sant\u00e9 : fr\u00e9quence cardiaque, coach de sommeil, d\u00e9tection des siestes, rapport matinal, pas, cardio poignet, suivi du stress et de la respiration, Body Battery et bien plus<\/span><\/li>\n<li><span class=\"a-list-item a-size-base a-color-base\">Multisports : GPS int\u00e9gr\u00e9 avec plus de 30 sports int\u00e9gr\u00e9s dont la marche, v\u00e9lo, natation, HIIT, yoga, course \u00e0 pied, golf, et bien plus encore<\/span><\/li>\n<li><span class=\"a-list-item a-size-base a-color-base\">Fonctions d&rsquo;entra\u00eenement : des programmes d\u2019entra\u00eenements sp\u00e9cifiques gratuits avec Garmin Coach et des entra\u00eenements pr\u00e9charg\u00e9s afin de mieux optimiser vos s\u00e9ances et r\u00e9cup\u00e9rations<\/span><\/li>\n<li><span class=\"a-list-item a-size-base a-color-base\">Mode fauteuil roulant : enregistre les pouss\u00e9es au lieu des pas et inclut des activit\u00e9s sp\u00e9cifiques avec des entra\u00eenements pr\u00e9charg\u00e9s, des entra\u00eenements anim\u00e9s pour les personnes \u00e0 mobilit\u00e9 r\u00e9duite<\/span><\/li>\n<li><span class=\"a-list-item a-size-base a-color-base\">Fonctions connect\u00e9es : suivi des appels et SMS, Garmin Pay, stockage musique (Compatible Spotify, Deezer, Amazon Music), d\u00e9tection d&rsquo;incident et assistance<\/span><\/li>\n<\/ul>\n<p>&nbsp;<\/p>\n<h2>Descriptif technique<\/h2>\n<div class=\"a-row\">\n<div class=\"a-column a-span6 a-spacing-base a-ws-span6\">\n<h5 class=\"a-spacing-small a-spacing-top-small\">Informations Montres<\/h5>\n<table id=\"technicalSpecifications_section_1\" class=\"a-keyvalue a-spacing-mini\">\n<tbody>\n<tr>\n<th class=\"a-span5 a-size-base\">Marque<\/th>\n<td class=\"a-span7 a-size-base\">Garmin<\/td>\n<\/tr>\n<tr>\n<th class=\"a-span5 a-size-base\">Num\u00e9ro du mod\u00e8le<\/th>\n<td class=\"a-span7 a-size-base\">010-02862-11<\/td>\n<\/tr>\n<tr>\n<th class=\"a-span5 a-size-base\">Num\u00e9ro de pi\u00e8ce<\/th>\n<td class=\"a-span7 a-size-base\">010-02862-11<\/td>\n<\/tr>\n<tr>\n<th class=\"a-span5 a-size-base\">model_year<\/th>\n<td class=\"a-span7 a-size-base\">2023<\/td>\n<\/tr>\n<tr>\n<th class=\"a-span5 a-size-base\">Forme<\/th>\n<td class=\"a-span7 a-size-base\">Ronde<\/td>\n<\/tr>\n<tr>\n<th class=\"a-span5 a-size-base\">Type d&rsquo;affichage<\/th>\n<td class=\"a-span7 a-size-base\">AMOLED<\/td>\n<\/tr>\n<tr>\n<th class=\"a-span5 a-size-base\">Type de fermoir<\/th>\n<td class=\"a-span7 a-size-base\">Boucle ardillon<\/td>\n<\/tr>\n<tr>\n<th class=\"a-span5 a-size-base\">Mati\u00e8re du bo\u00eetier<\/th>\n<td class=\"a-span7 a-size-base\">Polym\u00e8re fibrorforc\u00e9<\/td>\n<\/tr>\n<tr>\n<th class=\"a-span5 a-size-base\">Mati\u00e8re du bracelet<\/th>\n<td class=\"a-span7 a-size-base\">Silicone<\/td>\n<\/tr>\n<tr>\n<th class=\"a-span5 a-size-base\">Largeur du bracelet<\/th>\n<td class=\"a-span7 a-size-base\">20 millim\u00e8tres<\/td>\n<\/tr>\n<tr>\n<th class=\"a-span5 a-size-base\">Couleur du bracelet<\/th>\n<td class=\"a-span7 a-size-base\">Ivory<\/td>\n<\/tr>\n<tr>\n<th class=\"a-span5 a-size-base\">Caract\u00e9ristiques sp\u00e9ciales<\/th>\n<td class=\"a-span7 a-size-base\">Toujours \u00e0 l&rsquo;\u00e9cran, GPS, Tracker multisport, Paiement sans contact, Lecteur de musique<\/td>\n<\/tr>\n<tr>\n<th class=\"a-span5 a-size-base\">Poids<\/th>\n<td class=\"a-span7 a-size-base\">37 grammes<\/td>\n<\/tr>\n<tr>\n<th class=\"a-span5 a-size-base\">Type de Garantie<\/th>\n<td class=\"a-span7 a-size-base\">Limit\u00e9e<\/td>\n<\/tr>\n<tr>\n<th class=\"a-span5 a-size-base\">Description de la garantie<\/th>\n<td class=\"a-span7 a-size-base\">2 ans constructeur<\/td>\n<\/tr>\n<\/tbody>\n<\/table>\n<\/div>\n<\/div>\n","protected":false},"excerpt":{"rendered":"<p><span class=\"a-size-base a-color-secondary\">Couleur:\u00a0<\/span><span id=\"inline-twister-expanded-dimension-text-color_name\" class=\"a-size-base a-color-base inline-twister-dim-title-value a-text-bold\">Cream Gold<\/span><\/p>\n<div class=\"a-fixed-left-grid product-facts-detail\">\n<div class=\"a-fixed-left-grid-inner\">\n<div class=\"a-fixed-left-grid-col a-col-left\"><span class=\"a-color-base\">Mat\u00e9riau : <\/span><span class=\"a-color-base\">Plastique<\/span><\/div>\n<\/div>\n<\/div>\n<div class=\"a-fixed-left-grid product-facts-detail\">\n<div class=\"a-fixed-left-grid-inner\">\n<div class=\"a-fixed-left-grid-col a-col-left\"><span class=\"a-color-base\">Pays d&rsquo;origine : <\/span><span class=\"a-color-base\">Ta\u00efwan<\/span><\/div>\n<\/div>\n<\/div>\n<p>&nbsp;<\/p>\n","protected":false},"featured_media":17916,"comment_status":"open","ping_status":"closed","template":"","meta":[],"product_brand":[],"product_cat":[76],"product_tag":[],"class_list":{"0":"post-17910","1":"product","2":"type-product","3":"status-publish","4":"has-post-thumbnail","6":"product_cat-montre-connectee","8":"first","9":"instock","10":"sale","11":"taxable","12":"shipping-taxable","13":"purchasable","14":"product-type-simple"},"yoast_head":"<!-- This site is optimized with the Yoast SEO plugin v24.8.1 - https:\/\/yoast.com\/wordpress\/plugins\/seo\/ -->\n<title>Garmin v\u00edvoactive 5 - Montre connect\u00e9e GPS Sport et sant\u00e9 - Hexagodis<\/title>\n<meta name=\"robots\" content=\"index, follow, max-snippet:-1, max-image-preview:large, max-video-preview:-1\" \/>\n<link rel=\"canonical\" href=\"https:\/\/hexagodis.com\/index.php\/produit\/garmin-vivoactive-5-montre-connectee-gps-sport-et-sante\/\" \/>\n<meta property=\"og:locale\" content=\"fr_FR\" \/>\n<meta property=\"og:type\" content=\"article\" \/>\n<meta property=\"og:title\" content=\"Garmin v\u00edvoactive 5 - Montre connect\u00e9e GPS Sport et sant\u00e9 - Hexagodis\" \/>\n<meta property=\"og:description\" content=\"Couleur:\u00a0Cream Gold   Mat\u00e9riau : Plastique     Pays d&#039;origine : Ta\u00efwan   &nbsp;\" \/>\n<meta property=\"og:url\" content=\"https:\/\/hexagodis.com\/index.php\/produit\/garmin-vivoactive-5-montre-connectee-gps-sport-et-sante\/\" \/>\n<meta property=\"og:site_name\" content=\"Hexagodis\" \/>\n<meta property=\"article:modified_time\" content=\"2026-04-13T15:01:00+00:00\" \/>\n<meta property=\"og:image\" content=\"https:\/\/hexagodis.com\/wp-content\/uploads\/2025\/07\/610Jl4dUB7L._AC_SX679_.jpg\" \/>\n\t<meta property=\"og:image:width\" content=\"1302\" \/>\n\t<meta property=\"og:image:height\" content=\"992\" \/>\n\t<meta property=\"og:image:type\" content=\"image\/jpeg\" \/>\n<meta name=\"twitter:card\" content=\"summary_large_image\" \/>\n<meta name=\"twitter:label1\" content=\"Dur\u00e9e de lecture estim\u00e9e\" \/>\n\t<meta name=\"twitter:data1\" content=\"2 minutes\" \/>\n<script type=\"application\/ld+json\" class=\"yoast-schema-graph\">{\"@context\":\"https:\/\/schema.org\",\"@graph\":[{\"@type\":\"WebPage\",\"@id\":\"https:\/\/hexagodis.com\/index.php\/produit\/garmin-vivoactive-5-montre-connectee-gps-sport-et-sante\/\",\"url\":\"https:\/\/hexagodis.com\/index.php\/produit\/garmin-vivoactive-5-montre-connectee-gps-sport-et-sante\/\",\"name\":\"Garmin v\u00edvoactive 5 - Montre connect\u00e9e GPS Sport et sant\u00e9 - Hexagodis\",\"isPartOf\":{\"@id\":\"https:\/\/hexagodis.com\/#website\"},\"primaryImageOfPage\":{\"@id\":\"https:\/\/hexagodis.com\/index.php\/produit\/garmin-vivoactive-5-montre-connectee-gps-sport-et-sante\/#primaryimage\"},\"image\":{\"@id\":\"https:\/\/hexagodis.com\/index.php\/produit\/garmin-vivoactive-5-montre-connectee-gps-sport-et-sante\/#primaryimage\"},\"thumbnailUrl\":\"https:\/\/hexagodis.com\/wp-content\/uploads\/2025\/07\/610Jl4dUB7L._AC_SX679_.jpg\",\"datePublished\":\"2025-07-07T12:13:12+00:00\",\"dateModified\":\"2026-04-13T15:01:00+00:00\",\"breadcrumb\":{\"@id\":\"https:\/\/hexagodis.com\/index.php\/produit\/garmin-vivoactive-5-montre-connectee-gps-sport-et-sante\/#breadcrumb\"},\"inLanguage\":\"fr-FR\",\"potentialAction\":[{\"@type\":\"ReadAction\",\"target\":[\"https:\/\/hexagodis.com\/index.php\/produit\/garmin-vivoactive-5-montre-connectee-gps-sport-et-sante\/\"]}]},{\"@type\":\"ImageObject\",\"inLanguage\":\"fr-FR\",\"@id\":\"https:\/\/hexagodis.com\/index.php\/produit\/garmin-vivoactive-5-montre-connectee-gps-sport-et-sante\/#primaryimage\",\"url\":\"https:\/\/hexagodis.com\/wp-content\/uploads\/2025\/07\/610Jl4dUB7L._AC_SX679_.jpg\",\"contentUrl\":\"https:\/\/hexagodis.com\/wp-content\/uploads\/2025\/07\/610Jl4dUB7L._AC_SX679_.jpg\",\"width\":1302,\"height\":992},{\"@type\":\"BreadcrumbList\",\"@id\":\"https:\/\/hexagodis.com\/index.php\/produit\/garmin-vivoactive-5-montre-connectee-gps-sport-et-sante\/#breadcrumb\",\"itemListElement\":[{\"@type\":\"ListItem\",\"position\":1,\"name\":\"Accueil\",\"item\":\"https:\/\/hexagodis.com\/\"},{\"@type\":\"ListItem\",\"position\":2,\"name\":\"Boutique\",\"item\":\"https:\/\/hexagodis.com\/index.php\/boutique\/\"},{\"@type\":\"ListItem\",\"position\":3,\"name\":\"Garmin v\u00edvoactive 5 &#8211; Montre connect\u00e9e GPS Sport et sant\u00e9\"}]},{\"@type\":\"WebSite\",\"@id\":\"https:\/\/hexagodis.com\/#website\",\"url\":\"https:\/\/hexagodis.com\/\",\"name\":\"Hexagodis\",\"description\":\"Mat\u00e9riel de sport &amp; \u00e9quipement sportif\",\"potentialAction\":[{\"@type\":\"SearchAction\",\"target\":{\"@type\":\"EntryPoint\",\"urlTemplate\":\"https:\/\/hexagodis.com\/?s={search_term_string}\"},\"query-input\":{\"@type\":\"PropertyValueSpecification\",\"valueRequired\":true,\"valueName\":\"search_term_string\"}}],\"inLanguage\":\"fr-FR\"}]}<\/script>\n<!-- \/ Yoast SEO plugin. -->","yoast_head_json":{"title":"Garmin v\u00edvoactive 5 - Montre connect\u00e9e GPS Sport et sant\u00e9 - Hexagodis","robots":{"index":"index","follow":"follow","max-snippet":"max-snippet:-1","max-image-preview":"max-image-preview:large","max-video-preview":"max-video-preview:-1"},"canonical":"https:\/\/hexagodis.com\/index.php\/produit\/garmin-vivoactive-5-montre-connectee-gps-sport-et-sante\/","og_locale":"fr_FR","og_type":"article","og_title":"Garmin v\u00edvoactive 5 - Montre connect\u00e9e GPS Sport et sant\u00e9 - Hexagodis","og_description":"Couleur:\u00a0Cream Gold   Mat\u00e9riau : Plastique     Pays d'origine : Ta\u00efwan   &nbsp;","og_url":"https:\/\/hexagodis.com\/index.php\/produit\/garmin-vivoactive-5-montre-connectee-gps-sport-et-sante\/","og_site_name":"Hexagodis","article_modified_time":"2026-04-13T15:01:00+00:00","og_image":[{"width":1302,"height":992,"url":"https:\/\/hexagodis.com\/wp-content\/uploads\/2025\/07\/610Jl4dUB7L._AC_SX679_.jpg","type":"image\/jpeg"}],"twitter_card":"summary_large_image","twitter_misc":{"Dur\u00e9e de lecture estim\u00e9e":"2 minutes"},"schema":{"@context":"https:\/\/schema.org","@graph":[{"@type":"WebPage","@id":"https:\/\/hexagodis.com\/index.php\/produit\/garmin-vivoactive-5-montre-connectee-gps-sport-et-sante\/","url":"https:\/\/hexagodis.com\/index.php\/produit\/garmin-vivoactive-5-montre-connectee-gps-sport-et-sante\/","name":"Garmin v\u00edvoactive 5 - Montre connect\u00e9e GPS Sport et sant\u00e9 - Hexagodis","isPartOf":{"@id":"https:\/\/hexagodis.com\/#website"},"primaryImageOfPage":{"@id":"https:\/\/hexagodis.com\/index.php\/produit\/garmin-vivoactive-5-montre-connectee-gps-sport-et-sante\/#primaryimage"},"image":{"@id":"https:\/\/hexagodis.com\/index.php\/produit\/garmin-vivoactive-5-montre-connectee-gps-sport-et-sante\/#primaryimage"},"thumbnailUrl":"https:\/\/hexagodis.com\/wp-content\/uploads\/2025\/07\/610Jl4dUB7L._AC_SX679_.jpg","datePublished":"2025-07-07T12:13:12+00:00","dateModified":"2026-04-13T15:01:00+00:00","breadcrumb":{"@id":"https:\/\/hexagodis.com\/index.php\/produit\/garmin-vivoactive-5-montre-connectee-gps-sport-et-sante\/#breadcrumb"},"inLanguage":"fr-FR","potentialAction":[{"@type":"ReadAction","target":["https:\/\/hexagodis.com\/index.php\/produit\/garmin-vivoactive-5-montre-connectee-gps-sport-et-sante\/"]}]},{"@type":"ImageObject","inLanguage":"fr-FR","@id":"https:\/\/hexagodis.com\/index.php\/produit\/garmin-vivoactive-5-montre-connectee-gps-sport-et-sante\/#primaryimage","url":"https:\/\/hexagodis.com\/wp-content\/uploads\/2025\/07\/610Jl4dUB7L._AC_SX679_.jpg","contentUrl":"https:\/\/hexagodis.com\/wp-content\/uploads\/2025\/07\/610Jl4dUB7L._AC_SX679_.jpg","width":1302,"height":992},{"@type":"BreadcrumbList","@id":"https:\/\/hexagodis.com\/index.php\/produit\/garmin-vivoactive-5-montre-connectee-gps-sport-et-sante\/#breadcrumb","itemListElement":[{"@type":"ListItem","position":1,"name":"Accueil","item":"https:\/\/hexagodis.com\/"},{"@type":"ListItem","position":2,"name":"Boutique","item":"https:\/\/hexagodis.com\/index.php\/boutique\/"},{"@type":"ListItem","position":3,"name":"Garmin v\u00edvoactive 5 &#8211; Montre connect\u00e9e GPS Sport et sant\u00e9"}]},{"@type":"WebSite","@id":"https:\/\/hexagodis.com\/#website","url":"https:\/\/hexagodis.com\/","name":"Hexagodis","description":"Mat\u00e9riel de sport &amp; \u00e9quipement sportif","potentialAction":[{"@type":"SearchAction","target":{"@type":"EntryPoint","urlTemplate":"https:\/\/hexagodis.com\/?s={search_term_string}"},"query-input":{"@type":"PropertyValueSpecification","valueRequired":true,"valueName":"search_term_string"}}],"inLanguage":"fr-FR"}]}},"_links":{"self":[{"href":"https:\/\/hexagodis.com\/index.php\/wp-json\/wp\/v2\/product\/17910","targetHints":{"allow":["GET"]}}],"collection":[{"href":"https:\/\/hexagodis.com\/index.php\/wp-json\/wp\/v2\/product"}],"about":[{"href":"https:\/\/hexagodis.com\/index.php\/wp-json\/wp\/v2\/types\/product"}],"replies":[{"embeddable":true,"href":"https:\/\/hexagodis.com\/index.php\/wp-json\/wp\/v2\/comments?post=17910"}],"version-history":[{"count":1,"href":"https:\/\/hexagodis.com\/index.php\/wp-json\/wp\/v2\/product\/17910\/revisions"}],"predecessor-version":[{"id":17917,"href":"https:\/\/hexagodis.com\/index.php\/wp-json\/wp\/v2\/product\/17910\/revisions\/17917"}],"wp:featuredmedia":[{"embeddable":true,"href":"https:\/\/hexagodis.com\/index.php\/wp-json\/wp\/v2\/media\/17916"}],"wp:attachment":[{"href":"https:\/\/hexagodis.com\/index.php\/wp-json\/wp\/v2\/media?parent=17910"}],"wp:term":[{"taxonomy":"product_brand","embeddable":true,"href":"https:\/\/hexagodis.com\/index.php\/wp-json\/wp\/v2\/product_brand?post=17910"},{"taxonomy":"product_cat","embeddable":true,"href":"https:\/\/hexagodis.com\/index.php\/wp-json\/wp\/v2\/product_cat?post=17910"},{"taxonomy":"product_tag","embeddable":true,"href":"https:\/\/hexagodis.com\/index.php\/wp-json\/wp\/v2\/product_tag?post=17910"}],"curies":[{"name":"wp","href":"https:\/\/api.w.org\/{rel}","templated":true}]}}