{"id":17789,"date":"2025-05-25T20:09:53","date_gmt":"2025-05-25T18:09:53","guid":{"rendered":"https:\/\/hexagodis.com\/?post_type=product&#038;p=17789"},"modified":"2025-05-25T20:10:03","modified_gmt":"2025-05-25T18:10:03","slug":"bmc-twostroke-al-one-29-vtt-2023-poison-green-black","status":"publish","type":"product","link":"https:\/\/hexagodis.com\/index.php\/produit\/bmc-twostroke-al-one-29-vtt-2023-poison-green-black\/","title":{"rendered":"BMC TWOSTROKE AL ONE &#8211; 29&Prime; VTT &#8211; 2023 &#8211; poison green \/ black"},"content":{"rendered":"<h4 class=\"product-detail-description__title\">BMC TWOSTROKE AL ONE &#8211; 29&Prime; VTT &#8211; 2023 &#8211; poison green \/ black<\/h4>\n<div class=\"product-detail-description__content\">\n<div class=\"cms-content\">\n<p>Compte tenu de la situation tendue concernant l\u2019approvisionnement de composants individuels, les v\u00e9los sont livr\u00e9s avec un \u00e9quipement en partie diff\u00e9rent. Le niveau de qualit\u00e9 des composants alternatifs utilis\u00e9s, le cas \u00e9ch\u00e9ant, correspond \u00e0 celui des composants d\u2019origine.<\/p>\n<h5>Le Twostroke assure vos arri\u00e8res.<\/h5>\n<p>Le BMC Twostroke AL imite les performances du Twostroke 01 dans un cadre en aluminium haut de gamme aux soudures liss\u00e9es. Inspir\u00e9 du Fourstroke et d\u2019un avion furtif, il offre l\u2019\u00e9quilibre id\u00e9al entre performances, fonction et esth\u00e9tique, avec une g\u00e9om\u00e9trie radicale, un large d\u00e9gagement du pneu et une protection int\u00e9gr\u00e9e pour faire face aux terrains techniques.<\/p>\n<p>La transmission allie SRAM NX et SX Eagle, les freins sont les SRAM Level T, tandis qu\u2019une fourche RockShox Recon RL et des roues SHL280S s\u2019occupent du contr\u00f4le au sol.<\/p>\n<\/div>\n<\/div>\n","protected":false},"excerpt":{"rendered":"<h3>Caract\u00e9ristiques du BMC TWOSTROKE AL ONE :<\/h3>\n<ul>\n<li>G\u00e9om\u00e9trie radicale<\/li>\n<li>Passage interne des c\u00e2bles<\/li>\n<li>Protection int\u00e9gr\u00e9e<\/li>\n<li>Compatible avec la nouvelle g\u00e9n\u00e9ration de pneus XC plus larges<\/li>\n<li>Compatible avec les tiges de selle t\u00e9lescopiques<\/li>\n<\/ul>\n","protected":false},"featured_media":17821,"comment_status":"open","ping_status":"closed","template":"","meta":[],"product_brand":[],"product_cat":[255],"product_tag":[],"class_list":{"0":"post-17789","1":"product","2":"type-product","3":"status-publish","4":"has-post-thumbnail","6":"product_cat-velos-de-route","8":"first","9":"instock","10":"sale","11":"taxable","12":"shipping-taxable","13":"purchasable","14":"product-type-simple"},"yoast_head":"<!-- This site is optimized with the Yoast SEO plugin v24.8.1 - https:\/\/yoast.com\/wordpress\/plugins\/seo\/ -->\n<title>BMC TWOSTROKE AL ONE - 29&quot; VTT - 2023 - poison green \/ black - Hexagodis<\/title>\n<meta name=\"robots\" content=\"index, follow, max-snippet:-1, max-image-preview:large, max-video-preview:-1\" \/>\n<link rel=\"canonical\" href=\"https:\/\/hexagodis.com\/index.php\/produit\/bmc-twostroke-al-one-29-vtt-2023-poison-green-black\/\" \/>\n<meta property=\"og:locale\" content=\"fr_FR\" \/>\n<meta property=\"og:type\" content=\"article\" \/>\n<meta property=\"og:title\" content=\"BMC TWOSTROKE AL ONE - 29&quot; VTT - 2023 - poison green \/ black - Hexagodis\" \/>\n<meta property=\"og:description\" content=\"Caract\u00e9ristiques du BMC TWOSTROKE AL ONE :   G\u00e9om\u00e9trie radicale  Passage interne des c\u00e2bles  Protection int\u00e9gr\u00e9e  Compatible avec la nouvelle g\u00e9n\u00e9ration de pneus XC plus larges  Compatible avec les tiges de selle t\u00e9lescopiques\" \/>\n<meta property=\"og:url\" content=\"https:\/\/hexagodis.com\/index.php\/produit\/bmc-twostroke-al-one-29-vtt-2023-poison-green-black\/\" \/>\n<meta property=\"og:site_name\" content=\"Hexagodis\" \/>\n<meta property=\"article:modified_time\" content=\"2025-05-25T18:10:03+00:00\" \/>\n<meta name=\"twitter:card\" content=\"summary_large_image\" \/>\n<meta name=\"twitter:label1\" content=\"Dur\u00e9e de lecture estim\u00e9e\" \/>\n\t<meta name=\"twitter:data1\" content=\"1 minute\" \/>\n<script type=\"application\/ld+json\" class=\"yoast-schema-graph\">{\"@context\":\"https:\/\/schema.org\",\"@graph\":[{\"@type\":\"WebPage\",\"@id\":\"https:\/\/hexagodis.com\/index.php\/produit\/bmc-twostroke-al-one-29-vtt-2023-poison-green-black\/\",\"url\":\"https:\/\/hexagodis.com\/index.php\/produit\/bmc-twostroke-al-one-29-vtt-2023-poison-green-black\/\",\"name\":\"BMC TWOSTROKE AL ONE - 29\\\" VTT - 2023 - poison green \/ black - Hexagodis\",\"isPartOf\":{\"@id\":\"https:\/\/hexagodis.com\/#website\"},\"primaryImageOfPage\":{\"@id\":\"https:\/\/hexagodis.com\/index.php\/produit\/bmc-twostroke-al-one-29-vtt-2023-poison-green-black\/#primaryimage\"},\"image\":{\"@id\":\"https:\/\/hexagodis.com\/index.php\/produit\/bmc-twostroke-al-one-29-vtt-2023-poison-green-black\/#primaryimage\"},\"thumbnailUrl\":\"https:\/\/hexagodis.com\/wp-content\/uploads\/2025\/05\/twostroke-al-one-grn-blk-sil-2-1412271.jpg\",\"datePublished\":\"2025-05-25T18:09:53+00:00\",\"dateModified\":\"2025-05-25T18:10:03+00:00\",\"breadcrumb\":{\"@id\":\"https:\/\/hexagodis.com\/index.php\/produit\/bmc-twostroke-al-one-29-vtt-2023-poison-green-black\/#breadcrumb\"},\"inLanguage\":\"fr-FR\",\"potentialAction\":[{\"@type\":\"ReadAction\",\"target\":[\"https:\/\/hexagodis.com\/index.php\/produit\/bmc-twostroke-al-one-29-vtt-2023-poison-green-black\/\"]}]},{\"@type\":\"ImageObject\",\"inLanguage\":\"fr-FR\",\"@id\":\"https:\/\/hexagodis.com\/index.php\/produit\/bmc-twostroke-al-one-29-vtt-2023-poison-green-black\/#primaryimage\",\"url\":\"https:\/\/hexagodis.com\/wp-content\/uploads\/2025\/05\/twostroke-al-one-grn-blk-sil-2-1412271.jpg\",\"contentUrl\":\"https:\/\/hexagodis.com\/wp-content\/uploads\/2025\/05\/twostroke-al-one-grn-blk-sil-2-1412271.jpg\",\"width\":1600,\"height\":1600},{\"@type\":\"BreadcrumbList\",\"@id\":\"https:\/\/hexagodis.com\/index.php\/produit\/bmc-twostroke-al-one-29-vtt-2023-poison-green-black\/#breadcrumb\",\"itemListElement\":[{\"@type\":\"ListItem\",\"position\":1,\"name\":\"Accueil\",\"item\":\"https:\/\/hexagodis.com\/\"},{\"@type\":\"ListItem\",\"position\":2,\"name\":\"Boutique\",\"item\":\"https:\/\/hexagodis.com\/index.php\/boutique\/\"},{\"@type\":\"ListItem\",\"position\":3,\"name\":\"BMC TWOSTROKE AL ONE &#8211; 29&Prime; VTT &#8211; 2023 &#8211; poison green \/ black\"}]},{\"@type\":\"WebSite\",\"@id\":\"https:\/\/hexagodis.com\/#website\",\"url\":\"https:\/\/hexagodis.com\/\",\"name\":\"Hexagodis\",\"description\":\"Mat\u00e9riel de sport &amp; \u00e9quipement sportif\",\"potentialAction\":[{\"@type\":\"SearchAction\",\"target\":{\"@type\":\"EntryPoint\",\"urlTemplate\":\"https:\/\/hexagodis.com\/?s={search_term_string}\"},\"query-input\":{\"@type\":\"PropertyValueSpecification\",\"valueRequired\":true,\"valueName\":\"search_term_string\"}}],\"inLanguage\":\"fr-FR\"}]}<\/script>\n<!-- \/ Yoast SEO plugin. -->","yoast_head_json":{"title":"BMC TWOSTROKE AL ONE - 29\" VTT - 2023 - poison green \/ black - Hexagodis","robots":{"index":"index","follow":"follow","max-snippet":"max-snippet:-1","max-image-preview":"max-image-preview:large","max-video-preview":"max-video-preview:-1"},"canonical":"https:\/\/hexagodis.com\/index.php\/produit\/bmc-twostroke-al-one-29-vtt-2023-poison-green-black\/","og_locale":"fr_FR","og_type":"article","og_title":"BMC TWOSTROKE AL ONE - 29\" VTT - 2023 - poison green \/ black - Hexagodis","og_description":"Caract\u00e9ristiques du BMC TWOSTROKE AL ONE :   G\u00e9om\u00e9trie radicale  Passage interne des c\u00e2bles  Protection int\u00e9gr\u00e9e  Compatible avec la nouvelle g\u00e9n\u00e9ration de pneus XC plus larges  Compatible avec les tiges de selle t\u00e9lescopiques","og_url":"https:\/\/hexagodis.com\/index.php\/produit\/bmc-twostroke-al-one-29-vtt-2023-poison-green-black\/","og_site_name":"Hexagodis","article_modified_time":"2025-05-25T18:10:03+00:00","twitter_card":"summary_large_image","twitter_misc":{"Dur\u00e9e de lecture estim\u00e9e":"1 minute"},"schema":{"@context":"https:\/\/schema.org","@graph":[{"@type":"WebPage","@id":"https:\/\/hexagodis.com\/index.php\/produit\/bmc-twostroke-al-one-29-vtt-2023-poison-green-black\/","url":"https:\/\/hexagodis.com\/index.php\/produit\/bmc-twostroke-al-one-29-vtt-2023-poison-green-black\/","name":"BMC TWOSTROKE AL ONE - 29\" VTT - 2023 - poison green \/ black - Hexagodis","isPartOf":{"@id":"https:\/\/hexagodis.com\/#website"},"primaryImageOfPage":{"@id":"https:\/\/hexagodis.com\/index.php\/produit\/bmc-twostroke-al-one-29-vtt-2023-poison-green-black\/#primaryimage"},"image":{"@id":"https:\/\/hexagodis.com\/index.php\/produit\/bmc-twostroke-al-one-29-vtt-2023-poison-green-black\/#primaryimage"},"thumbnailUrl":"https:\/\/hexagodis.com\/wp-content\/uploads\/2025\/05\/twostroke-al-one-grn-blk-sil-2-1412271.jpg","datePublished":"2025-05-25T18:09:53+00:00","dateModified":"2025-05-25T18:10:03+00:00","breadcrumb":{"@id":"https:\/\/hexagodis.com\/index.php\/produit\/bmc-twostroke-al-one-29-vtt-2023-poison-green-black\/#breadcrumb"},"inLanguage":"fr-FR","potentialAction":[{"@type":"ReadAction","target":["https:\/\/hexagodis.com\/index.php\/produit\/bmc-twostroke-al-one-29-vtt-2023-poison-green-black\/"]}]},{"@type":"ImageObject","inLanguage":"fr-FR","@id":"https:\/\/hexagodis.com\/index.php\/produit\/bmc-twostroke-al-one-29-vtt-2023-poison-green-black\/#primaryimage","url":"https:\/\/hexagodis.com\/wp-content\/uploads\/2025\/05\/twostroke-al-one-grn-blk-sil-2-1412271.jpg","contentUrl":"https:\/\/hexagodis.com\/wp-content\/uploads\/2025\/05\/twostroke-al-one-grn-blk-sil-2-1412271.jpg","width":1600,"height":1600},{"@type":"BreadcrumbList","@id":"https:\/\/hexagodis.com\/index.php\/produit\/bmc-twostroke-al-one-29-vtt-2023-poison-green-black\/#breadcrumb","itemListElement":[{"@type":"ListItem","position":1,"name":"Accueil","item":"https:\/\/hexagodis.com\/"},{"@type":"ListItem","position":2,"name":"Boutique","item":"https:\/\/hexagodis.com\/index.php\/boutique\/"},{"@type":"ListItem","position":3,"name":"BMC TWOSTROKE AL ONE &#8211; 29&Prime; VTT &#8211; 2023 &#8211; poison green \/ black"}]},{"@type":"WebSite","@id":"https:\/\/hexagodis.com\/#website","url":"https:\/\/hexagodis.com\/","name":"Hexagodis","description":"Mat\u00e9riel de sport &amp; \u00e9quipement sportif","potentialAction":[{"@type":"SearchAction","target":{"@type":"EntryPoint","urlTemplate":"https:\/\/hexagodis.com\/?s={search_term_string}"},"query-input":{"@type":"PropertyValueSpecification","valueRequired":true,"valueName":"search_term_string"}}],"inLanguage":"fr-FR"}]}},"_links":{"self":[{"href":"https:\/\/hexagodis.com\/index.php\/wp-json\/wp\/v2\/product\/17789","targetHints":{"allow":["GET"]}}],"collection":[{"href":"https:\/\/hexagodis.com\/index.php\/wp-json\/wp\/v2\/product"}],"about":[{"href":"https:\/\/hexagodis.com\/index.php\/wp-json\/wp\/v2\/types\/product"}],"replies":[{"embeddable":true,"href":"https:\/\/hexagodis.com\/index.php\/wp-json\/wp\/v2\/comments?post=17789"}],"version-history":[{"count":1,"href":"https:\/\/hexagodis.com\/index.php\/wp-json\/wp\/v2\/product\/17789\/revisions"}],"predecessor-version":[{"id":17822,"href":"https:\/\/hexagodis.com\/index.php\/wp-json\/wp\/v2\/product\/17789\/revisions\/17822"}],"wp:featuredmedia":[{"embeddable":true,"href":"https:\/\/hexagodis.com\/index.php\/wp-json\/wp\/v2\/media\/17821"}],"wp:attachment":[{"href":"https:\/\/hexagodis.com\/index.php\/wp-json\/wp\/v2\/media?parent=17789"}],"wp:term":[{"taxonomy":"product_brand","embeddable":true,"href":"https:\/\/hexagodis.com\/index.php\/wp-json\/wp\/v2\/product_brand?post=17789"},{"taxonomy":"product_cat","embeddable":true,"href":"https:\/\/hexagodis.com\/index.php\/wp-json\/wp\/v2\/product_cat?post=17789"},{"taxonomy":"product_tag","embeddable":true,"href":"https:\/\/hexagodis.com\/index.php\/wp-json\/wp\/v2\/product_tag?post=17789"}],"curies":[{"name":"wp","href":"https:\/\/api.w.org\/{rel}","templated":true}]}}